{"id":13964,"date":"2025-07-15T12:45:56","date_gmt":"2025-07-15T10:45:56","guid":{"rendered":"https:\/\/uj.adatbank.ro\/lexikon\/termek\/lob-sandor\/"},"modified":"2025-07-15T12:45:56","modified_gmt":"2025-07-15T10:45:56","slug":"lob-sandor","status":"publish","type":"product","link":"https:\/\/uj.adatbank.ro\/lexikon\/termek\/lob-sandor\/","title":{"rendered":"L\u00d6B S\u00e1ndor"},"content":{"rendered":"<p>B\u00e1nfi,1908. \u00e1pr.21. \u2020 Mv.? : asztalos, munk\u00e1sigazgat\u00f3. \u2013 A r\u00e9geni Foresta Transilv\u0103nean\u0103 gy\u00e1rban dolgozott. Az \u00e1llamos\u00edt\u00e1s ut\u00e1n a mv.-i L\u00e1z\u00e1r \u00d6d\u00f6n Ipari \u00e9s Vegyes V\u00e1llalat els\u0151 kinevezett igazgat\u00f3ja (1950.j\u00fal.1.\u2013). Ez a v\u00e1llalat egyes\u00edtette a mv.-i \u00e9s n\u00e9h\u00e1ny k\u00f6rnyez\u0151 k\u00f6zs\u00e9gben lev\u0151 gazdas\u00e1gi, ipari \u00e9s szolg\u00e1ltat\u00e1sokat ny\u00fajt\u00f3 termel\u0151 egys\u00e9geket: malmok, olaj\u00fct\u0151k, p\u00e9ks\u00e9gek, szappan \u00e9s sz\u00f3dav\u00edzgy\u00e1rt\u00f3 egys\u00e9geket, z\u00f6lds\u00e9g \u00e9s gy\u00fcm\u00f6lcsfeldolgoz\u00f3, \u00e9p\u00edt\u0151anyagokakkal foglalkoz\u00f3 v\u00e1llalatokat, az \u00fcveggy\u00e1rat, kis\u00e1llatteny\u00e9szt\u0151ket, a marosszentgy\u00f6rgyi gy\u00f3gyf\u00fcrd\u0151t, stb (\u00f6sszesen 19 \u00e1llamos\u00edtott v\u00e1llalatot, amelyb\u0151l egy volt a v\u00e1roson k\u00edv\u00fcl). Az \u00faj v\u00e1llalat Mv. v\u00e1ros tulajdon\u00e1ba ment \u00e1t. <br \/><strong>Irod.:<\/strong> Bartos Zolt\u00e1n<\/br><\/p>\n","protected":false},"excerpt":{"rendered":"<p>B\u00e1nfi,1908. \u00e1pr.21. \u2020 Mv.? : asztalos, munk\u00e1sigazgat\u00f3. \u2013 A r\u00e9geni Foresta Transilv\u0103nean\u0103 gy\u00e1rban dolgozott. Az \u00e1llamos\u00edt\u00e1s ut\u00e1n a mv.-i L\u00e1z\u00e1r \u00d6d\u00f6n Ipari \u00e9s Vegyes V\u00e1llalat els\u0151 kinevezett igazgat\u00f3ja (1950.j\u00fal.1.\u2013). Ez a v\u00e1llalat egyes\u00edtette a mv.-i \u00e9s n\u00e9h\u00e1ny k\u00f6rnyez\u0151 k\u00f6zs\u00e9gben lev\u0151 gazdas\u00e1gi, ipari \u00e9s szolg\u00e1ltat\u00e1sokat ny\u00fajt\u00f3 termel\u0151 egys\u00e9geket: malmok, olaj\u00fct\u0151k, p\u00e9ks\u00e9gek, szappan \u00e9s sz\u00f3dav\u00edzgy\u00e1rt\u00f3 egys\u00e9geket, z\u00f6lds\u00e9g [&hellip;]<\/p>\n","protected":false},"featured_media":0,"comment_status":"open","ping_status":"closed","template":"","meta":[],"product_brand":[],"product_cat":[137],"product_tag":[],"class_list":{"0":"post-13964","1":"product","2":"type-product","3":"status-publish","5":"product_cat-maros-megyei-eletrajzi-lexikon","7":"first","8":"instock","9":"shipping-taxable","10":"product-type-simple"},"_links":{"self":[{"href":"https:\/\/uj.adatbank.ro\/lexikon\/wp-json\/wp\/v2\/product\/13964","targetHints":{"allow":["GET"]}}],"collection":[{"href":"https:\/\/uj.adatbank.ro\/lexikon\/wp-json\/wp\/v2\/product"}],"about":[{"href":"https:\/\/uj.adatbank.ro\/lexikon\/wp-json\/wp\/v2\/types\/product"}],"replies":[{"embeddable":true,"href":"https:\/\/uj.adatbank.ro\/lexikon\/wp-json\/wp\/v2\/comments?post=13964"}],"wp:attachment":[{"href":"https:\/\/uj.adatbank.ro\/lexikon\/wp-json\/wp\/v2\/media?parent=13964"}],"wp:term":[{"taxonomy":"product_brand","embeddable":true,"href":"https:\/\/uj.adatbank.ro\/lexikon\/wp-json\/wp\/v2\/product_brand?post=13964"},{"taxonomy":"product_cat","embeddable":true,"href":"https:\/\/uj.adatbank.ro\/lexikon\/wp-json\/wp\/v2\/product_cat?post=13964"},{"taxonomy":"product_tag","embeddable":true,"href":"https:\/\/uj.adatbank.ro\/lexikon\/wp-json\/wp\/v2\/product_tag?post=13964"}],"curies":[{"name":"wp","href":"https:\/\/api.w.org\/{rel}","templated":true}]}}