{"id":13965,"date":"2025-07-15T12:45:58","date_gmt":"2025-07-15T10:45:58","guid":{"rendered":"https:\/\/uj.adatbank.ro\/lexikon\/termek\/lobenschuss-jozsef-lobensusz-lobenschluss-iosif\/"},"modified":"2026-02-17T11:05:43","modified_gmt":"2026-02-17T10:05:43","slug":"lobenschuss-jozsef-lobensusz-lobenschluss-iosif","status":"publish","type":"product","link":"https:\/\/uj.adatbank.ro\/lexikon\/termek\/lobenschuss-jozsef-lobensusz-lobenschluss-iosif\/","title":{"rendered":"LOBENSCHUSS J\u00f3zsef, Lobensusz, Lobenschluss Iosif"},"content":{"rendered":"<p>? \u2020 ?: \u00e9p\u00edt\u00e9szm\u00e9rn\u00f6k, v\u00e1llalkoz\u00f3. \u2013 Mv.-en tervez\u0151irod\u00e1t \u00e9s kivitelez\u0151 v\u00e1llalatot tartott fenn, k\u00f6z\u00e9p\u00fcleteket \u00e9s templomokat kivitelezett. Tervezte \u00e9s kivitelezte a Straetz Hermann tulajdon\u00e1t k\u00e9pez\u0151 szecesszi\u00f3s st\u00edlus\u00fa, k\u00e9temeletes, lak\u00f3h\u00e1zat (Gy\u0151zelem t\u00e9r 31. sz., volt De\u00e1k Ferenc u. 2. sz.; 1900), amit Bern\u00e1dy Gy. polg\u00e1rmesters\u00e9ge ideje alatt b\u0151v\u00edtettek, m\u00e9g egy emeletet h\u00faztak r\u00e1 \u00e9s korszer\u0171s\u00edtett\u00e9k (1909). W\u00f6ckl Julianna L alak\u00fa h\u00e1z\u00e1t \u00e9p\u00edtette (Eminescu u. 5 sz.; 1903); Sz\u00e9kelyv\u00e9ck\u00e9n az \u00faj pl\u00e9b\u00e1ni\u00e1t \u00e9p\u00fclt a tervei alapj\u00e1n (1906) Tervezte \u00e9s kivitelezte Sz\u00e1sz J\u00f3zsef, mv.-i lakos sz\u00e1m\u00e1ra \u00e9p\u00fclt szecesszi\u00f3s st\u00edlus\u00fa h\u00e1zat (a mai Tr\u00e9bely u.1.sz.,1906). Maetz Ervinnel egy\u00fctt Moln\u00e1r G\u00e1bot manz\u00e1rdos lak\u00f3h\u00e1z\u00e1t, amely napjainkig meg\u0151rizte eredeti k\u00fclalakj\u00e1t (a mai Mihai Viteazul u. 36. sz.; 1910. j\u00fan.). Tervezte Pap Jen\u0151 k\u00e9temeletes h\u00e1z\u00e1t tervezte, amit Patrovits K\u00e1lm\u00e1n v\u00e1llalkoz\u00f3 kivitelezett (Gy\u0151zelem t\u00e9r 19. sz.) (1938), ezt k\u00e9s\u0151bb lebontott\u00e1k \u00e9s hely\u00e9re kereskedelmi egys\u00e9get \u00e9s t\u00f6mbh\u00e1zakat \u00e9p\u00edtettek (1978\u201379); a r. k. le\u00e1nyiskola bentlak\u00e1s\u00e1nak \u00e1talak\u00edt\u00e1s\u00e1t (1933). Maetz Ervinnel kivitelezte a Royal k\u00e1v\u00e9h\u00e1z \u00e1t\u00e9p\u00edt\u00e9s\u00e9t \u00e9s moderniz\u00e1l\u00e1s\u00e1t (1911).<br \/>\n<strong>Irod.:<\/strong> Almanah Tg.M.; Barab\u00e1s Kisanna.2009; Id\u0151t\u00e1r 3; Keresztes; Man: Tg. M. 2., 3.; Maros-k\u00fck\u00fcll\u0151i f\u0151esp.; Maros megyei t\u00f6rt.<\/p>\n","protected":false},"excerpt":{"rendered":"<p>? \u2020 ?: \u00e9p\u00edt\u00e9szm\u00e9rn\u00f6k, v\u00e1llalkoz\u00f3. \u2013 Mv.-en tervez\u0151irod\u00e1t \u00e9s kivitelez\u0151 v\u00e1llalatot tartott fenn, k\u00f6z\u00e9p\u00fcleteket \u00e9s templomokat kivitelezett. Tervezte \u00e9s kivitelezte a Straetz Hermann tulajdon\u00e1t k\u00e9pez\u0151 szecesszi\u00f3s st\u00edlus\u00fa, k\u00e9temeletes, lak\u00f3h\u00e1zat (Gy\u0151zelem t\u00e9r 31. sz., volt De\u00e1k Ferenc u. 2. sz.; 1900), amit Bern\u00e1dy Gy. polg\u00e1rmesters\u00e9ge ideje alatt b\u0151v\u00edtettek, m\u00e9g egy emeletet h\u00faztak r\u00e1 \u00e9s korszer\u0171s\u00edtett\u00e9k (1909). [&hellip;]<\/p>\n","protected":false},"featured_media":0,"comment_status":"open","ping_status":"closed","template":"","meta":[],"product_brand":[],"product_cat":[137],"product_tag":[],"class_list":{"0":"post-13965","1":"product","2":"type-product","3":"status-publish","5":"product_cat-maros-megyei-eletrajzi-lexikon","7":"first","8":"instock","9":"shipping-taxable","10":"product-type-simple"},"_links":{"self":[{"href":"https:\/\/uj.adatbank.ro\/lexikon\/wp-json\/wp\/v2\/product\/13965","targetHints":{"allow":["GET"]}}],"collection":[{"href":"https:\/\/uj.adatbank.ro\/lexikon\/wp-json\/wp\/v2\/product"}],"about":[{"href":"https:\/\/uj.adatbank.ro\/lexikon\/wp-json\/wp\/v2\/types\/product"}],"replies":[{"embeddable":true,"href":"https:\/\/uj.adatbank.ro\/lexikon\/wp-json\/wp\/v2\/comments?post=13965"}],"wp:attachment":[{"href":"https:\/\/uj.adatbank.ro\/lexikon\/wp-json\/wp\/v2\/media?parent=13965"}],"wp:term":[{"taxonomy":"product_brand","embeddable":true,"href":"https:\/\/uj.adatbank.ro\/lexikon\/wp-json\/wp\/v2\/product_brand?post=13965"},{"taxonomy":"product_cat","embeddable":true,"href":"https:\/\/uj.adatbank.ro\/lexikon\/wp-json\/wp\/v2\/product_cat?post=13965"},{"taxonomy":"product_tag","embeddable":true,"href":"https:\/\/uj.adatbank.ro\/lexikon\/wp-json\/wp\/v2\/product_tag?post=13965"}],"curies":[{"name":"wp","href":"https:\/\/api.w.org\/{rel}","templated":true}]}}

LOBENSCHUSS József, Lobensusz, Lobenschluss Iosif

<p>? † ?: építészmérnök, vállalkozó. – Mv.-en tervezőirodát és kivitelező vállalatot tartott fenn, középületeket és templomokat kivitelezett. Tervezte és kivitelezte a Straetz Hermann tulajdonát képező szecessziós stílusú, kétemeletes, lakóházat (Győzelem tér 31. sz., volt Deák Ferenc u. 2. sz.; 1900), amit Bernády Gy. polgármestersége ideje alatt bővítettek, még egy emeletet húztak rá és korszerűsítették (1909). Wöckl Julianna L alakú házát építette (Eminescu u. 5 sz.; 1903); Székelyvéckén az új plébániát épült a tervei alapján (1906) Tervezte és kivitelezte Szász József, mv.-i lakos számára épült szecessziós stílusú házat (a mai Trébely u.1.sz.,1906). Maetz Ervinnel együtt Molnár Gábot manzárdos lakóházát, amely napjainkig megőrizte eredeti külalakját (a mai Mihai Viteazul u. 36. sz.; 1910. jún.). Tervezte Pap Jenő kétemeletes házát tervezte, amit Patrovits Kálmán vállalkozó kivitelezett (Győzelem tér 19. sz.) (1938), ezt később lebontották és helyére kereskedelmi egységet és tömbházakat építettek (1978–79); a r. k. leányiskola bentlakásának átalakítását (1933). Maetz Ervinnel kivitelezte a Royal kávéház átépítését és modernizálását (1911).<br />
<strong>Irod.:</strong> Almanah Tg.M.; Barabás Kisanna.2009; Időtár 3; Keresztes; Man: Tg. M. 2., 3.; Maros-küküllői főesp.; Maros megyei tört.</p>

<p>? † ?: építészmérnök, vállalkozó. – Mv.-en tervezőirodát és kivitelező vállalatot tartott fenn, középületeket és templomokat kivitelezett. Tervezte és kivitelezte a Straetz Hermann tulajdonát képező szecessziós stílusú, kétemeletes, lakóházat (Győzelem tér 31. sz., volt Deák Ferenc u. 2. sz.; 1900), amit Bernády Gy. polgármestersége ideje alatt bővítettek, még egy emeletet húztak rá és korszerűsítették (1909). [&hellip;]</p>
