{"id":13966,"date":"2025-07-15T12:45:59","date_gmt":"2025-07-15T10:45:59","guid":{"rendered":"https:\/\/uj.adatbank.ro\/lexikon\/termek\/lobl-marton-%c2%a7\/"},"modified":"2025-07-15T12:45:59","modified_gmt":"2025-07-15T10:45:59","slug":"lobl-marton-%c2%a7","status":"publish","type":"product","link":"https:\/\/uj.adatbank.ro\/lexikon\/termek\/lobl-marton-%c2%a7\/","title":{"rendered":"L\u00d6BL M\u00e1rton, \u00a7"},"content":{"rendered":"<p>\u00c9ge, 1909. szept. 21. \u2020 Mv., 1980. j\u00fan. 12.: munk\u00e1smozgalmi harcos, kommunista aktivista, ezredes. \u2013 Feles\u00e9ge: Cimbalmos Ir\u00e9n (\u2020 Mv., 1995. dec. 25.). B\u00e1dogosinask\u00e9nt ker\u00fclt Mv.-re. Fiatalon bekapcsol\u00f3dott a vas-f\u00e9m- \u00e9s vegyipari munk\u00e1sok szakszervezet\u00e9be, majd a kommunista mozgalomba, az RKP tagja (1927) \u00e9s bev\u00e1lasztott\u00e1k a mv.-i f\u00e9mipari szakszervezetek ifj\u00fas\u00e1gi r\u00e9szleg\u00e9nek vezet\u0151s\u00e9g\u00e9be. A KISZ helyi szervezet\u00e9nek titk\u00e1ra (1929\u2013). Jelent\u0151s szerepe volt a helyi szaktan\u00e1cs \u00e9s a V\u00f6r\u00f6s Seg\u00e9ly munk\u00e1j\u00e1ban, a mv.-i \u00e9s a marosv\u00f6lgyi sztr\u00e1jkok \u00e9s t\u00fcntet\u00e9sek szervez\u00e9s\u00e9ben. Az RKP aktivis\u00e1jak\u00e9nt dolgozott Kv.-on, Temesv\u00e1ron, Ploie\u015fti-ben. Az illeg\u00e1lit\u00e1s \u00e9veiben letart\u00f3ztatt\u00e1k, megk\u00ednozt\u00e1k, beb\u00f6rt\u00f6n\u00f6zt\u00e9k, majd a m. k\u00f6zigazgat\u00e9s \u00e9veiben elhagyta a v\u00e1rost, beb\u00f6rt\u00f6n\u00f6zt\u00e9k (1941). A rendszerv\u00e1ltoz\u00e1s ut\u00e1n (1944. szept.) az RKP Maros megyei szervezet\u00e9nek els\u0151titk\u00e1ra. Majd felel\u0151s beoszt\u00e1sban dolgozott az orsz\u00e1g k\u00fcl\u00f6nb\u00f6z\u0151 megy\u00e9iben, k\u00e9s\u0151bb a Bel\u00fcgyminiszt\u00e9riumban, ahonnan ezredesi rangban ment nyugd\u00edjba. Misovits Ern\u0151vel k\u00f6z\u00f6sen, aki az RKP KB kik\u00fcld\u00f6ttje volt, Mv.-en \u00fajraind\u00edtotta a Szabad Sz\u00f3 napilapot (1944. nov.\u2013). A Kv.-on megalakult Orsz\u00e1gos Demokrata Arcvonal \u00c9szak-Erd\u00e9lyi K\u00f6zponti Tan\u00e1csad\u00f3 Test\u00fclete jog\u00fcgyi bizotts\u00e1g\u00e1ban a kommunist\u00e1k r\u00e9sz\u00e9r\u0151l k\u00e9pviselte Mv.-et (1945. febr.). \u00c9rdemei\u00e9rt az RSZK sz\u00e1mos \u00e9rdemrendj\u00e9vel \u00e9s \u00e9rm\u00e9vel t\u00fcntett\u00e9k ki. <br \/><strong>Irod.:<\/strong> Gy\u00e1rf\u00e1s L. Mikl\u00f3s: L. M. (V. Z., 1979. szept. 23.); Gy\u00e1rf\u00e1s L.2013; Id\u0151t\u00e1r 4.; L. M. [Nekrol\u00f3g] (V. Z., 1980. j\u00fan. 14.); Mv.-i zsid\u00f3 temet\u0151 dok.; Weisz S\u00e1ndor: A p\u00e1rt szav\u00e1t terjesztette (V. Z., 1971. m\u00e1j. 4.)<\/br><\/p>\n","protected":false},"excerpt":{"rendered":"<p>\u00c9ge, 1909. szept. 21. \u2020 Mv., 1980. j\u00fan. 12.: munk\u00e1smozgalmi harcos, kommunista aktivista, ezredes. \u2013 Feles\u00e9ge: Cimbalmos Ir\u00e9n (\u2020 Mv., 1995. dec. 25.). B\u00e1dogosinask\u00e9nt ker\u00fclt Mv.-re. Fiatalon bekapcsol\u00f3dott a vas-f\u00e9m- \u00e9s vegyipari munk\u00e1sok szakszervezet\u00e9be, majd a kommunista mozgalomba, az RKP tagja (1927) \u00e9s bev\u00e1lasztott\u00e1k a mv.-i f\u00e9mipari szakszervezetek ifj\u00fas\u00e1gi r\u00e9szleg\u00e9nek vezet\u0151s\u00e9g\u00e9be. A KISZ helyi szervezet\u00e9nek [&hellip;]<\/p>\n","protected":false},"featured_media":0,"comment_status":"open","ping_status":"closed","template":"","meta":[],"product_brand":[],"product_cat":[137],"product_tag":[],"class_list":{"0":"post-13966","1":"product","2":"type-product","3":"status-publish","5":"product_cat-maros-megyei-eletrajzi-lexikon","7":"first","8":"instock","9":"shipping-taxable","10":"product-type-simple"},"_links":{"self":[{"href":"https:\/\/uj.adatbank.ro\/lexikon\/wp-json\/wp\/v2\/product\/13966","targetHints":{"allow":["GET"]}}],"collection":[{"href":"https:\/\/uj.adatbank.ro\/lexikon\/wp-json\/wp\/v2\/product"}],"about":[{"href":"https:\/\/uj.adatbank.ro\/lexikon\/wp-json\/wp\/v2\/types\/product"}],"replies":[{"embeddable":true,"href":"https:\/\/uj.adatbank.ro\/lexikon\/wp-json\/wp\/v2\/comments?post=13966"}],"wp:attachment":[{"href":"https:\/\/uj.adatbank.ro\/lexikon\/wp-json\/wp\/v2\/media?parent=13966"}],"wp:term":[{"taxonomy":"product_brand","embeddable":true,"href":"https:\/\/uj.adatbank.ro\/lexikon\/wp-json\/wp\/v2\/product_brand?post=13966"},{"taxonomy":"product_cat","embeddable":true,"href":"https:\/\/uj.adatbank.ro\/lexikon\/wp-json\/wp\/v2\/product_cat?post=13966"},{"taxonomy":"product_tag","embeddable":true,"href":"https:\/\/uj.adatbank.ro\/lexikon\/wp-json\/wp\/v2\/product_tag?post=13966"}],"curies":[{"name":"wp","href":"https:\/\/api.w.org\/{rel}","templated":true}]}}

LÖBL Márton, §

<p>Ége, 1909. szept. 21. † Mv., 1980. jún. 12.: munkásmozgalmi harcos, kommunista aktivista, ezredes. – Felesége: Cimbalmos Irén († Mv., 1995. dec. 25.). Bádogosinasként került Mv.-re. Fiatalon bekapcsolódott a vas-fém- és vegyipari munkások szakszervezetébe, majd a kommunista mozgalomba, az RKP tagja (1927) és beválasztották a mv.-i fémipari szakszervezetek ifjúsági részlegének vezetőségébe. A KISZ helyi szervezetének titkára (1929–). Jelentős szerepe volt a helyi szaktanács és a Vörös Segély munkájában, a mv.-i és a marosvölgyi sztrájkok és tüntetések szervezésében. Az RKP aktivisájaként dolgozott Kv.-on, Temesváron, Ploieşti-ben. Az illegálitás éveiben letartóztatták, megkínozták, bebörtönözték, majd a m. közigazgatés éveiben elhagyta a várost, bebörtönözték (1941). A rendszerváltozás után (1944. szept.) az RKP Maros megyei szervezetének elsőtitkára. Majd felelős beosztásban dolgozott az ország különböző megyéiben, később a Belügyminisztériumban, ahonnan ezredesi rangban ment nyugdíjba. Misovits Ernővel közösen, aki az RKP KB kiküldöttje volt, Mv.-en újraindította a Szabad Szó napilapot (1944. nov.–). A Kv.-on megalakult Országos Demokrata Arcvonal Észak-Erdélyi Központi Tanácsadó Testülete jogügyi bizottságában a kommunisták részéről képviselte Mv.-et (1945. febr.). Érdemeiért az RSZK számos érdemrendjével és érmével tüntették ki. <br /><strong>Irod.:</strong> Gyárfás L. Miklós: L. M. (V. Z., 1979. szept. 23.); Gyárfás L.2013; Időtár 4.; L. M. [Nekrológ] (V. Z., 1980. jún. 14.); Mv.-i zsidó temető dok.; Weisz Sándor: A párt szavát terjesztette (V. Z., 1971. máj. 4.)</br></p>

<p>Ége, 1909. szept. 21. † Mv., 1980. jún. 12.: munkásmozgalmi harcos, kommunista aktivista, ezredes. – Felesége: Cimbalmos Irén († Mv., 1995. dec. 25.). Bádogosinasként került Mv.-re. Fiatalon bekapcsolódott a vas-fém- és vegyipari munkások szakszervezetébe, majd a kommunista mozgalomba, az RKP tagja (1927) és beválasztották a mv.-i fémipari szakszervezetek ifjúsági részlegének vezetőségébe. A KISZ helyi szervezetének [&hellip;]</p>
