{"id":13967,"date":"2025-07-15T12:46:03","date_gmt":"2025-07-15T10:46:03","guid":{"rendered":"https:\/\/uj.adatbank.ro\/lexikon\/termek\/locsei-spielenberg-imre-locsey-s-imre\/"},"modified":"2025-07-15T12:46:03","modified_gmt":"2025-07-15T10:46:03","slug":"locsei-spielenberg-imre-locsey-s-imre","status":"publish","type":"product","link":"https:\/\/uj.adatbank.ro\/lexikon\/termek\/locsei-spielenberg-imre-locsey-s-imre\/","title":{"rendered":"L\u0150CSEI SPIELENBERG Imre, L\u0151csey S. Imre"},"content":{"rendered":"<p>? \u2020 ?: k\u00f6nyvk\u00f6t\u0151. \u2013 L. S. S\u00e1ndor \u00e9s Dab\u00f3czi \u00c1gnes fia. L\u00e1szl\u00f3 unok\u00e1ja. Feles\u00e9ge Sz\u00e9kely Anna. \u2013 Mv.-en volt k\u00f6nyvk\u00f6t\u0151-int\u00e9zete. Folytatta a Sz\u00e9kely Napt\u00e1r szerkeszt\u00e9s\u00e9t \u00e9s kiad\u00e1s\u00e1t (1880\u201391; 1911\u2013), sz\u00fcnetelt (1891\u2013). \u00e9s majd folytat\u00f3dott (1911\u2013). M\u0171hely\u00e9t eladta Kr\u00f3n Ern\u0151nek, s az \u0151 szerkeszt\u00e9s\u00e9ben jelent meg \u00fajra a Sz\u00e9kely Napt\u00e1r (1913\u201348). \u2013 <strong>F. m.:<\/strong> szerk: Kis sz\u00e9kely napt\u00e1r az 1890.es \u00e9vre (Mv., 1889),<br \/><strong>Irod.:<\/strong> Dankanits \u00c1d\u00e1m: Egy v\u00e1s\u00e1rhelyi kalend\u00e1rium \u00e9s tanuls\u00e1gai (K\u00f6nyvt\u00e1ri Szemle, 4. sz., 1971); Popt\u0103ma\u015f\u2013M\u00f3zes; Sz\u00e9kely Napt\u00e1r (h\u00edrdet\u00e9sei; 1873, 1881); Szinnyei, Tr\u00f3cs\u00e1nyi Zolt\u00e1n: M. r\u00e9gis\u00e9gek \u00e9s furcsas\u00e1gok (Bp., s.a.)<\/br><\/p>\n","protected":false},"excerpt":{"rendered":"<p>? \u2020 ?: k\u00f6nyvk\u00f6t\u0151. \u2013 L. S. S\u00e1ndor \u00e9s Dab\u00f3czi \u00c1gnes fia. L\u00e1szl\u00f3 unok\u00e1ja. Feles\u00e9ge Sz\u00e9kely Anna. \u2013 Mv.-en volt k\u00f6nyvk\u00f6t\u0151-int\u00e9zete. Folytatta a Sz\u00e9kely Napt\u00e1r szerkeszt\u00e9s\u00e9t \u00e9s kiad\u00e1s\u00e1t (1880\u201391; 1911\u2013), sz\u00fcnetelt (1891\u2013). \u00e9s majd folytat\u00f3dott (1911\u2013). M\u0171hely\u00e9t eladta Kr\u00f3n Ern\u0151nek, s az \u0151 szerkeszt\u00e9s\u00e9ben jelent meg \u00fajra a Sz\u00e9kely Napt\u00e1r (1913\u201348). \u2013 F. m.: szerk: [&hellip;]<\/p>\n","protected":false},"featured_media":0,"comment_status":"open","ping_status":"closed","template":"","meta":[],"product_brand":[],"product_cat":[137],"product_tag":[],"class_list":{"0":"post-13967","1":"product","2":"type-product","3":"status-publish","5":"product_cat-maros-megyei-eletrajzi-lexikon","7":"first","8":"instock","9":"shipping-taxable","10":"product-type-simple"},"_links":{"self":[{"href":"https:\/\/uj.adatbank.ro\/lexikon\/wp-json\/wp\/v2\/product\/13967","targetHints":{"allow":["GET"]}}],"collection":[{"href":"https:\/\/uj.adatbank.ro\/lexikon\/wp-json\/wp\/v2\/product"}],"about":[{"href":"https:\/\/uj.adatbank.ro\/lexikon\/wp-json\/wp\/v2\/types\/product"}],"replies":[{"embeddable":true,"href":"https:\/\/uj.adatbank.ro\/lexikon\/wp-json\/wp\/v2\/comments?post=13967"}],"wp:attachment":[{"href":"https:\/\/uj.adatbank.ro\/lexikon\/wp-json\/wp\/v2\/media?parent=13967"}],"wp:term":[{"taxonomy":"product_brand","embeddable":true,"href":"https:\/\/uj.adatbank.ro\/lexikon\/wp-json\/wp\/v2\/product_brand?post=13967"},{"taxonomy":"product_cat","embeddable":true,"href":"https:\/\/uj.adatbank.ro\/lexikon\/wp-json\/wp\/v2\/product_cat?post=13967"},{"taxonomy":"product_tag","embeddable":true,"href":"https:\/\/uj.adatbank.ro\/lexikon\/wp-json\/wp\/v2\/product_tag?post=13967"}],"curies":[{"name":"wp","href":"https:\/\/api.w.org\/{rel}","templated":true}]}}

LŐCSEI SPIELENBERG Imre, Lőcsey S. Imre

<p>? † ?: könyvkötő. – L. S. Sándor és Dabóczi Ágnes fia. László unokája. Felesége Székely Anna. – Mv.-en volt könyvkötő-intézete. Folytatta a Székely Naptár szerkesztését és kiadását (1880–91; 1911–), szünetelt (1891–). és majd folytatódott (1911–). Műhelyét eladta Krón Ernőnek, s az ő szerkesztésében jelent meg újra a Székely Naptár (1913–48). – <strong>F. m.:</strong> szerk: Kis székely naptár az 1890.es évre (Mv., 1889),<br /><strong>Irod.:</strong> Dankanits Ádám: Egy vásárhelyi kalendárium és tanulságai (Könyvtári Szemle, 4. sz., 1971); Poptămaş–Mózes; Székely Naptár (hírdetései; 1873, 1881); Szinnyei, Trócsányi Zoltán: M. régiségek és furcsaságok (Bp., s.a.)</br></p>

<p>? † ?: könyvkötő. – L. S. Sándor és Dabóczi Ágnes fia. László unokája. Felesége Székely Anna. – Mv.-en volt könyvkötő-intézete. Folytatta a Székely Naptár szerkesztését és kiadását (1880–91; 1911–), szünetelt (1891–). és majd folytatódott (1911–). Műhelyét eladta Krón Ernőnek, s az ő szerkesztésében jelent meg újra a Székely Naptár (1913–48). – F. m.: szerk: [&hellip;]</p>
