{"id":13968,"date":"2025-07-15T12:46:05","date_gmt":"2025-07-15T10:46:05","guid":{"rendered":"https:\/\/uj.adatbank.ro\/lexikon\/termek\/locsei-spielenberg-lajos\/"},"modified":"2025-07-15T12:46:05","modified_gmt":"2025-07-15T10:46:05","slug":"locsei-spielenberg-lajos","status":"publish","type":"product","link":"https:\/\/uj.adatbank.ro\/lexikon\/termek\/locsei-spielenberg-lajos\/","title":{"rendered":"L\u0150CSEI SPIELENBERG Lajos"},"content":{"rendered":"<p>? \u2020 ? : k\u00f6nyvk\u00f6t\u0151, nyomd\u00e1szmester, k\u00f6nyvkiad\u00f3. \u2013 Nagyenyedr\u0151l k\u00f6lt\u00f6z\u00f6tt Mv.-re (1830 k.). A Kir.T\u00e1bl\u00e1n tanul\u00f3 jur\u00e1tusoknak n\u00e9met nyelv\u0171 rendeleteket ford\u00edtott magyarra, nyomtatott \u00e1b\u00e9c\u00e9sk\u00f6nyvet. Mv.-en megjelentette, \u00e9vente kiadta az Erd\u00e9lyi M. Nemzeti Sz\u00e9kely Napt\u00e1r c. h\u00edres L\u0151csei-f\u00e9le kalend\u00e1riumot (1843\u20131945), amelynek n\u00e9vv\u00e1ltoz\u00e1sai a k\u00f6vetkez\u0151 \u00e9vekben: \u00daj Sz\u00e9kely Napt\u00e1r, Kis Sz\u00e9kely Napt\u00e1r stb.. \u00cdrta ill. szerkesztette a Nagyenyedi Napt\u00e1rt (1861\u201375), (nyom Kv.) \u00e9s a K\u00f6lcs\u00f6nk\u00f6nyvt\u00e1rban megl\u00e9v\u0151 m. \u00e9s n\u00e9met k\u00f6nyvek n\u00e9vjegyz\u00e9ke \u00e9s a k\u00f6nyvt\u00e1rt ig\u00e9nybe vev\u0151k sz\u00e1m\u00e1ra n\u00e9mi szab\u00e1lyok c. f\u00fczetet (Kv., 1868). <br \/><strong>Irod.:<\/strong> Popt\u0103ma\u015f\u2013M\u00f3zes; Sipos; Szinnyei; Tr\u00f3cs\u00e1nyi Zolt\u00e1n: Magyar r\u00e9gis\u00e9gek \u00e9s furcsas\u00e1gok (Bp., s.a.)<\/br><\/p>\n","protected":false},"excerpt":{"rendered":"<p>? \u2020 ? : k\u00f6nyvk\u00f6t\u0151, nyomd\u00e1szmester, k\u00f6nyvkiad\u00f3. \u2013 Nagyenyedr\u0151l k\u00f6lt\u00f6z\u00f6tt Mv.-re (1830 k.). A Kir.T\u00e1bl\u00e1n tanul\u00f3 jur\u00e1tusoknak n\u00e9met nyelv\u0171 rendeleteket ford\u00edtott magyarra, nyomtatott \u00e1b\u00e9c\u00e9sk\u00f6nyvet. Mv.-en megjelentette, \u00e9vente kiadta az Erd\u00e9lyi M. Nemzeti Sz\u00e9kely Napt\u00e1r c. h\u00edres L\u0151csei-f\u00e9le kalend\u00e1riumot (1843\u20131945), amelynek n\u00e9vv\u00e1ltoz\u00e1sai a k\u00f6vetkez\u0151 \u00e9vekben: \u00daj Sz\u00e9kely Napt\u00e1r, Kis Sz\u00e9kely Napt\u00e1r stb.. \u00cdrta ill. szerkesztette a [&hellip;]<\/p>\n","protected":false},"featured_media":0,"comment_status":"open","ping_status":"closed","template":"","meta":[],"product_brand":[],"product_cat":[137],"product_tag":[],"class_list":{"0":"post-13968","1":"product","2":"type-product","3":"status-publish","5":"product_cat-maros-megyei-eletrajzi-lexikon","7":"first","8":"instock","9":"shipping-taxable","10":"product-type-simple"},"_links":{"self":[{"href":"https:\/\/uj.adatbank.ro\/lexikon\/wp-json\/wp\/v2\/product\/13968","targetHints":{"allow":["GET"]}}],"collection":[{"href":"https:\/\/uj.adatbank.ro\/lexikon\/wp-json\/wp\/v2\/product"}],"about":[{"href":"https:\/\/uj.adatbank.ro\/lexikon\/wp-json\/wp\/v2\/types\/product"}],"replies":[{"embeddable":true,"href":"https:\/\/uj.adatbank.ro\/lexikon\/wp-json\/wp\/v2\/comments?post=13968"}],"wp:attachment":[{"href":"https:\/\/uj.adatbank.ro\/lexikon\/wp-json\/wp\/v2\/media?parent=13968"}],"wp:term":[{"taxonomy":"product_brand","embeddable":true,"href":"https:\/\/uj.adatbank.ro\/lexikon\/wp-json\/wp\/v2\/product_brand?post=13968"},{"taxonomy":"product_cat","embeddable":true,"href":"https:\/\/uj.adatbank.ro\/lexikon\/wp-json\/wp\/v2\/product_cat?post=13968"},{"taxonomy":"product_tag","embeddable":true,"href":"https:\/\/uj.adatbank.ro\/lexikon\/wp-json\/wp\/v2\/product_tag?post=13968"}],"curies":[{"name":"wp","href":"https:\/\/api.w.org\/{rel}","templated":true}]}}