{"id":13969,"date":"2025-07-15T12:46:07","date_gmt":"2025-07-15T10:46:07","guid":{"rendered":"https:\/\/uj.adatbank.ro\/lexikon\/termek\/locsei-spielenberg-laszlo-locsey-sp-laszlo-lotsey-spielemberg-laszlo\/"},"modified":"2025-07-15T12:46:07","modified_gmt":"2025-07-15T10:46:07","slug":"locsei-spielenberg-laszlo-locsey-sp-laszlo-lotsey-spielemberg-laszlo","status":"publish","type":"product","link":"https:\/\/uj.adatbank.ro\/lexikon\/termek\/locsei-spielenberg-laszlo-locsey-sp-laszlo-lotsey-spielemberg-laszlo\/","title":{"rendered":"L\u0150CSEI SPIELENBERG L\u00e1szl\u00f3, L\u00f6csey Sp. L\u00e1szl\u00f3, L\u0151tsey Spielemberg L\u00e1szl\u00f3"},"content":{"rendered":"<p>? \u2020\u00a0Mv., 1849. m\u00e1rc. 30.: k\u00f6nyvk\u00f6t\u0151, k\u00f6nyvkeresked\u0151, nyomd\u00e1sz, ref. egyh\u00e1ztan\u00e1csos, a mv-i Sz\u00e9kely Napt\u00e1r megalap\u00edt\u00f3ja \u00e9s kiad\u00f3tulajdonosa. \u2013 L.S. S\u00e1muel fia. Feles\u00e9ge: So\u00f3s M\u00e1ria (1792.? \u2013 Mv., 1862. jan. 30.). Gyermekeik: L. \u00c1gnes Babos Antaln\u00e9; L. S\u00e1ndor, feles\u00e9ge Dab\u00f3czi \u00c1gnes; L. Polix\u00e9nia Kali Simonn\u00e9 (1825\u20131891); L. M\u00e1ria Klein S\u00e1mueln\u00e9. \u2013 A szepess\u00e9gi L\u0151cs\u00e9r\u0151l ker\u00fclt Mv.-re (a XIX. sz. elej\u00e9n). Mv.-en polg\u00e1rjogot kapott (1814). \u00c9lelmes, kult\u00fara szeret\u0151 ember volt, aki a k\u00f6nyvk\u00f6t\u0151 mesters\u00e9gen kiv\u00fcl k\u00f6nyvterjeszt\u00e9ssel is foglalkozott. Amint Mv.-en gy\u00f6keret vert k\u00f6nyvkiadv\u00e1nyaival fellend\u00edtette a nyomdaipart (1835\u2013). Sokat foglalkoztatta a ref. koll. nyomd\u00e1j\u00e1t, k\u00fcl\u00f6n\u00f6sen az akkor \u00e9rv\u00e9nyben lev\u0151 sz\u00e9kely t\u00f6rv\u00e9nyeket, jogszok\u00e1sokat, okleveleket gy\u0171jt\u00f6tte \u00f6ssze, ford\u00edtotta magyarra, \u00e9s adta ki haszn\u00e1ra az Erd\u00e9lyi Kir. T\u00e1bla jog\u00e1szai, \u00edt\u00e9l\u0151mesterei, t\u00e1blab\u00edr\u00f3i, \u00fcgyv\u00e9d \u00e9s joggyakorl\u00f3 kancellist\u00e1inak, valamint a m. nyelv propag\u00e1l\u00e1s\u00e1t is szemel\u0151tt tartotta. K\u00fcl\u00f6n \u00e9rdeme a napt\u00e1rcsin\u00e1l\u00e1s v\u00e9gleges bevezet\u00e9se volt, a Sz\u00e9kely Napt\u00e1r-at ( 1843\u2013) a h\u00edres l\u0151csei kalend\u00e1rium mint\u00e1j\u00e1ra adta ki \u00e9s azt az eg\u00e9sz Sz\u00e9kelyf\u00f6ld\u00f6n n\u00e9pszer\u0171s\u00edtette. A j\u00f3mod\u00fa polg\u00e1rok k\u00f6z\u00e9 sz\u00e1m\u00edtott, a ref. egyh\u00e1z presbitere is volt. R\u00e9szt vett minden t\u00e1rsadalmi mozgalomban, tagja volt a v\u00e1rosi k\u00e9pvisel\u0151 test\u00fcletnek, \u00e9s k\u00fcl\u00f6n\u00f6sen a ref. egyh\u00e1z \u00e9rdek\u00e9ben tev\u00e9kenykedett. Napt\u00e1rv\u00e1llalat\u00e1t fia, S\u00e1ndor majd unok\u00e1ja, Imre \u00f6r\u00f6k\u00f6lte \u00e9s folytatta. \u2013 <strong>F. m.:<\/strong> Kiad\u00e1s\u00e1ban jelent meg: 1769. esztend\u0151 beli urb\u00e9ri fels\u0151bb rendel\u00e9s mely az 1769-ki 27. articulus \u00e1ltal helyben hagyatott (Mv., 1835); Nemes Erd\u00e9ly Orsz\u00e1g k\u00fcls\u0151 t\u00f6rv\u00e9nyes sz\u00e9kein perfolyta leveleinek form\u00e1ji (Mv., 1835); Az 1791-ik \u00e9vbeli diet\u00e1lis provisionalis articulusok (Mv., 1835); Az 1791-ik \u00e9vi ideig gondoskodva meger\u0151s\u00edtett 94., 96., 97., 133., 134., 135., 136.-ik t\u00f6rv\u00e9ny czikkelyek, de\u00e1kb\u00f3l magyarra ford\u00edtva, n\u00e9mely jegyz\u00e9sekkel (Mv., 1835); T\u00f6rv\u00e9nykez\u00e9s rendj\u00e9n el\u0151fordul\u00f3 stilusok magyar\u00e1zatja (Mv., 1835); Szab\u00e1lyok, vagyis \u00fatmutat\u00f3 fels\u0151bb rendeletek (Mv., 1836); A Nemes Sz\u00e9kely nemzetnek jussait vil\u00e1gos\u00edt\u00f3 n\u00e9mely darab levelek, t\u00f6bbek \u00e1ltal m. nyelvre ford\u00edtva, n\u00e9melyek pedig eredetileg m. nyelven (Mv., 1837); A nemes Aranyos Sz\u00e9ki Bog\u00e1ti szabad puszt\u00e1nak vagyis Praedium\u00e1nak K\u00f6venden az 1827-ik napj\u00e1n All-Jegyz\u0151 Csitt Sz. Iv\u00e1ni \u00dcd\u0151sb Koronka L\u00e1szl\u00f3 \u00e1ltal a Nemes Aranyos sz\u00e9ki Lev\u00e9l-T\u00e1rb\u00f3l kiadott szok\u00e1sos t\u00f6rv\u00e9nye (Mv., 1837); M. Nemzeti T\u00f6rv\u00e9nyes Gy\u00fcjtem\u00e9ny, vagy a polg\u00e1ri \u00e9letben el\u0151fordul\u00f3 k\u00fcl\u00f6mbf\u00e9le tiszti ir\u00e1sok szerkeszt\u00e9s\u00e9re vezet\u0151 K\u00e9zi K\u00f6nyv (Mv., 1838); Szab\u00e1lyok, vagy fels\u0151bb rendeletek: 3. megb\u0151vitett kiad\u00e1s (Mv., 1838); Orsz\u00e1gos gy\u00fcl\u00e9s a Fels\u00e9ges Udvar \u00e9s Kir\u00e1lyi f\u0151 korm\u00e1ny \u00e1ltal ki-adott szab\u00e1lyok, vagy is \u00fatmutat\u00f3 fels\u0151bb rendeletek m\u00e1sodik darabja (Mv., 1839); Megjelentek \u00e9vente: \u00c1b\u00e9c\u00e9s k\u00f6nyvei; Uit\u00e1rius k\u00e1t\u00e9i \u00e9s Szent hist\u00f3ri\u00e1i, V\u0151f\u00e9lyi k\u00f6teless\u00e9g \u00e9s Agenda; A B\u00e1r\u00e1nyhasmen\u00e9sr\u0151l; Versezet; Sz\u00e9kely Napt\u00e1r I-VII. \u00e9vf. (1843\u201349). <br \/><strong>Irod.:<\/strong> Dankanits \u00c1d\u00e1m: Egy v\u00e1s\u00e1rhelyi kalend\u00e1rium \u00e9s tanuls\u00e1gai (K\u00f6nyvt\u00e1ri Szemle, 4. sz., 1971); Gy\u00e1szjelent\u0151; Id\u0151t\u00e1r 1, 2; Kr\u00f3n. F\u00fcz. (1939. 4\/6); P\u00e1l-Antal 2002; P\u00e1l-Antal 2006; P\u00e1l-Antal 2009; Popt\u0103ma\u015f\u2013M\u00f3zes; Szinnyei; Tr\u00f3cs\u00e1nyi Zolt\u00e1n: M. r\u00e9gis\u00e9gek \u00e9s furcsas\u00e1gok (Bp., s.a.)<\/br><\/p>\n","protected":false},"excerpt":{"rendered":"<p>? \u2020\u00a0Mv., 1849. m\u00e1rc. 30.: k\u00f6nyvk\u00f6t\u0151, k\u00f6nyvkeresked\u0151, nyomd\u00e1sz, ref. egyh\u00e1ztan\u00e1csos, a mv-i Sz\u00e9kely Napt\u00e1r megalap\u00edt\u00f3ja \u00e9s kiad\u00f3tulajdonosa. \u2013 L.S. S\u00e1muel fia. Feles\u00e9ge: So\u00f3s M\u00e1ria (1792.? \u2013 Mv., 1862. jan. 30.). Gyermekeik: L. \u00c1gnes Babos Antaln\u00e9; L. S\u00e1ndor, feles\u00e9ge Dab\u00f3czi \u00c1gnes; L. Polix\u00e9nia Kali Simonn\u00e9 (1825\u20131891); L. M\u00e1ria Klein S\u00e1mueln\u00e9. \u2013 A szepess\u00e9gi L\u0151cs\u00e9r\u0151l ker\u00fclt Mv.-re [&hellip;]<\/p>\n","protected":false},"featured_media":0,"comment_status":"open","ping_status":"closed","template":"","meta":[],"product_brand":[],"product_cat":[137],"product_tag":[],"class_list":{"0":"post-13969","1":"product","2":"type-product","3":"status-publish","5":"product_cat-maros-megyei-eletrajzi-lexikon","7":"first","8":"instock","9":"shipping-taxable","10":"product-type-simple"},"_links":{"self":[{"href":"https:\/\/uj.adatbank.ro\/lexikon\/wp-json\/wp\/v2\/product\/13969","targetHints":{"allow":["GET"]}}],"collection":[{"href":"https:\/\/uj.adatbank.ro\/lexikon\/wp-json\/wp\/v2\/product"}],"about":[{"href":"https:\/\/uj.adatbank.ro\/lexikon\/wp-json\/wp\/v2\/types\/product"}],"replies":[{"embeddable":true,"href":"https:\/\/uj.adatbank.ro\/lexikon\/wp-json\/wp\/v2\/comments?post=13969"}],"wp:attachment":[{"href":"https:\/\/uj.adatbank.ro\/lexikon\/wp-json\/wp\/v2\/media?parent=13969"}],"wp:term":[{"taxonomy":"product_brand","embeddable":true,"href":"https:\/\/uj.adatbank.ro\/lexikon\/wp-json\/wp\/v2\/product_brand?post=13969"},{"taxonomy":"product_cat","embeddable":true,"href":"https:\/\/uj.adatbank.ro\/lexikon\/wp-json\/wp\/v2\/product_cat?post=13969"},{"taxonomy":"product_tag","embeddable":true,"href":"https:\/\/uj.adatbank.ro\/lexikon\/wp-json\/wp\/v2\/product_tag?post=13969"}],"curies":[{"name":"wp","href":"https:\/\/api.w.org\/{rel}","templated":true}]}}

LŐCSEI SPIELENBERG László, Löcsey Sp. László, Lőtsey Spielemberg László

<p>? † Mv., 1849. márc. 30.: könyvkötő, könyvkereskedő, nyomdász, ref. egyháztanácsos, a mv-i Székely Naptár megalapítója és kiadótulajdonosa. – L.S. Sámuel fia. Felesége: Soós Mária (1792.? – Mv., 1862. jan. 30.). Gyermekeik: L. Ágnes Babos Antalné; L. Sándor, felesége Dabóczi Ágnes; L. Polixénia Kali Simonné (1825–1891); L. Mária Klein Sámuelné. – A szepességi Lőcséről került Mv.-re (a XIX. sz. elején). Mv.-en polgárjogot kapott (1814). Élelmes, kultúra szerető ember volt, aki a könyvkötő mesterségen kivül könyvterjesztéssel is foglalkozott. Amint Mv.-en gyökeret vert könyvkiadványaival fellendítette a nyomdaipart (1835–). Sokat foglalkoztatta a ref. koll. nyomdáját, különösen az akkor érvényben levő székely törvényeket, jogszokásokat, okleveleket gyűjtötte össze, fordította magyarra, és adta ki hasznára az Erdélyi Kir. Tábla jogászai, ítélőmesterei, táblabírói, ügyvéd és joggyakorló kancellistáinak, valamint a m. nyelv propagálását is szemelőtt tartotta. Külön érdeme a naptárcsinálás végleges bevezetése volt, a Székely Naptár-at ( 1843–) a híres lőcsei kalendárium mintájára adta ki és azt az egész Székelyföldön népszerűsítette. A jómodú polgárok közé számított, a ref. egyház presbitere is volt. Részt vett minden társadalmi mozgalomban, tagja volt a városi képviselő testületnek, és különösen a ref. egyház érdekében tevékenykedett. Naptárvállalatát fia, Sándor majd unokája, Imre örökölte és folytatta. – <strong>F. m.:</strong> Kiadásában jelent meg: 1769. esztendő beli urbéri felsőbb rendelés mely az 1769-ki 27. articulus által helyben hagyatott (Mv., 1835); Nemes Erdély Ország külső törvényes székein perfolyta leveleinek formáji (Mv., 1835); Az 1791-ik évbeli dietális provisionalis articulusok (Mv., 1835); Az 1791-ik évi ideig gondoskodva megerősített 94., 96., 97., 133., 134., 135., 136.-ik törvény czikkelyek, deákból magyarra fordítva, némely jegyzésekkel (Mv., 1835); Törvénykezés rendjén előforduló stilusok magyarázatja (Mv., 1835); Szabályok, vagyis útmutató felsőbb rendeletek (Mv., 1836); A Nemes Székely nemzetnek jussait világosító némely darab levelek, többek által m. nyelvre fordítva, némelyek pedig eredetileg m. nyelven (Mv., 1837); A nemes Aranyos Széki Bogáti szabad pusztának vagyis Praediumának Kövenden az 1827-ik napján All-Jegyző Csitt Sz. Iváni Üdősb Koronka László által a Nemes Aranyos széki Levél-Tárból kiadott szokásos törvénye (Mv., 1837); M. Nemzeti Törvényes Gyüjtemény, vagy a polgári életben előforduló külömbféle tiszti irások szerkesztésére vezető Kézi Könyv (Mv., 1838); Szabályok, vagy felsőbb rendeletek: 3. megbővitett kiadás (Mv., 1838); Országos gyülés a Felséges Udvar és Királyi fő kormány által ki-adott szabályok, vagy is útmutató felsőbb rendeletek második darabja (Mv., 1839); Megjelentek évente: Ábécés könyvei; Uitárius kátéi és Szent históriái, Vőfélyi kötelesség és Agenda; A Bárányhasmenésről; Versezet; Székely Naptár I-VII. évf. (1843–49). <br /><strong>Irod.:</strong> Dankanits Ádám: Egy vásárhelyi kalendárium és tanulságai (Könyvtári Szemle, 4. sz., 1971); Gyászjelentő; Időtár 1, 2; Krón. Füz. (1939. 4/6); Pál-Antal 2002; Pál-Antal 2006; Pál-Antal 2009; Poptămaş–Mózes; Szinnyei; Trócsányi Zoltán: M. régiségek és furcsaságok (Bp., s.a.)</br></p>

<p>? † Mv., 1849. márc. 30.: könyvkötő, könyvkereskedő, nyomdász, ref. egyháztanácsos, a mv-i Székely Naptár megalapítója és kiadótulajdonosa. – L.S. Sámuel fia. Felesége: Soós Mária (1792.? – Mv., 1862. jan. 30.). Gyermekeik: L. Ágnes Babos Antalné; L. Sándor, felesége Dabóczi Ágnes; L. Polixénia Kali Simonné (1825–1891); L. Mária Klein Sámuelné. – A szepességi Lőcséről került Mv.-re [&hellip;]</p>
