{"id":13977,"date":"2025-07-15T12:46:20","date_gmt":"2025-07-15T10:46:20","guid":{"rendered":"https:\/\/uj.adatbank.ro\/lexikon\/termek\/lokodi-gaspar\/"},"modified":"2025-07-15T12:46:20","modified_gmt":"2025-07-15T10:46:20","slug":"lokodi-gaspar","status":"publish","type":"product","link":"https:\/\/uj.adatbank.ro\/lexikon\/termek\/lokodi-gaspar\/","title":{"rendered":"LOKODI G\u00e1sp\u00e1r"},"content":{"rendered":"<p>Mikh\u00e1za, 1905. aug. 11., \u2020\u00a0Mikh\u00e1za, 1988. nov. 3.: r. k. pap. \u2013 Gyulafeh\u00e9rv\u00e1ron szentelt\u00e9k papp\u00e1 (1930. j\u00fal. 6.). K\u00e1pl\u00e1n volt Cs\u00edkszentdomokoson, Cs\u00edkszentsimonban, Gyergy\u00f3szentmikl\u00f3son. Pl\u00e9b\u00e1nos T\u00fcrben (1934\u201347). A rom\u00e1n hat\u00f3s\u00e1hok haza\u00e1rul\u00e1ssal v\u00e1dolt\u00e1k, el\u00edt\u00e9lt\u00e9k, de felmentett\u00e9k (1939). Jobb\u00e1gytelk\u00e9n pl\u00e9b\u00e1nos (1947\u201360). Letart\u00f3ztatt\u00e1k (1960. szept. 28.), a v\u00e1dirat szerint b\u0171ne: becsm\u00e9relte a mez\u0151gazdas\u00e1g szocialista \u00e1talak\u00edt\u00e1s\u00e1ra \u00e9s a nemzetis\u00e9gi k\u00e9rd\u00e9s megold\u00e1s\u00e1ra ir\u00e1nyul\u00f3 p\u00e1rt \u00e9s \u00e1llami int\u00e9zked\u00e9seket, r\u00e1galmazta a tantest\u00fcletet, d\u00edcs\u0151\u00edtette a m. ellenforradalmat, pr\u00e9dik\u00e1ci\u00f3iban ostorozta a rendszert, akad\u00e1lyozta a falu politikai \u2013 m\u0171vel\u0151d\u00e9si tev\u00e9kenys\u00e9g\u00e9t, stb. Beb\u00f6rt\u00f6n\u00f6zt\u00e9k (1960\u201364). A v\u00e1dirat egy k\u00e9s\u0151bbi d\u00e1tummal ker\u00fclt a kv.-i katonai t\u00f6rv\u00e9nysz\u00e9k el\u00e9 (1961. j\u00fan. 25). Kiszabadul\u00e1sa ut\u00e1n Ny\u00e1r\u00e1dszereda -Sz\u00e9kelyb\u0151ben szolg\u00e1lt (1964\u201377). Nyugd\u00edjask\u00e9nt Mikh\u00e1z\u00e1n \u00e9lt (1978). \u2013 Irod: 1956 Erd\u00e9lyben; \u00c1ldozatok; Eml\u00e9kk\u00f6nyv a jobb\u00e1gytelki iskola \u00e9vfordul\u00f3j\u00e1ra; Ferenczi S\u00e1ndor 2009; Maros-k\u00fck\u00fcll\u0151i f\u0151esp [Nekrol\u00f3g] (V. Z., 1988. nov. 6.); P\u00e1l-Antal 2013<\/br><\/p>\n","protected":false},"excerpt":{"rendered":"<p>Mikh\u00e1za, 1905. aug. 11., \u2020\u00a0Mikh\u00e1za, 1988. nov. 3.: r. k. pap. \u2013 Gyulafeh\u00e9rv\u00e1ron szentelt\u00e9k papp\u00e1 (1930. j\u00fal. 6.). K\u00e1pl\u00e1n volt Cs\u00edkszentdomokoson, Cs\u00edkszentsimonban, Gyergy\u00f3szentmikl\u00f3son. Pl\u00e9b\u00e1nos T\u00fcrben (1934\u201347). A rom\u00e1n hat\u00f3s\u00e1hok haza\u00e1rul\u00e1ssal v\u00e1dolt\u00e1k, el\u00edt\u00e9lt\u00e9k, de felmentett\u00e9k (1939). Jobb\u00e1gytelk\u00e9n pl\u00e9b\u00e1nos (1947\u201360). Letart\u00f3ztatt\u00e1k (1960. szept. 28.), a v\u00e1dirat szerint b\u0171ne: becsm\u00e9relte a mez\u0151gazdas\u00e1g szocialista \u00e1talak\u00edt\u00e1s\u00e1ra \u00e9s a nemzetis\u00e9gi k\u00e9rd\u00e9s [&hellip;]<\/p>\n","protected":false},"featured_media":0,"comment_status":"open","ping_status":"closed","template":"","meta":[],"product_brand":[],"product_cat":[137],"product_tag":[],"class_list":{"0":"post-13977","1":"product","2":"type-product","3":"status-publish","5":"product_cat-maros-megyei-eletrajzi-lexikon","7":"first","8":"instock","9":"shipping-taxable","10":"product-type-simple"},"_links":{"self":[{"href":"https:\/\/uj.adatbank.ro\/lexikon\/wp-json\/wp\/v2\/product\/13977","targetHints":{"allow":["GET"]}}],"collection":[{"href":"https:\/\/uj.adatbank.ro\/lexikon\/wp-json\/wp\/v2\/product"}],"about":[{"href":"https:\/\/uj.adatbank.ro\/lexikon\/wp-json\/wp\/v2\/types\/product"}],"replies":[{"embeddable":true,"href":"https:\/\/uj.adatbank.ro\/lexikon\/wp-json\/wp\/v2\/comments?post=13977"}],"wp:attachment":[{"href":"https:\/\/uj.adatbank.ro\/lexikon\/wp-json\/wp\/v2\/media?parent=13977"}],"wp:term":[{"taxonomy":"product_brand","embeddable":true,"href":"https:\/\/uj.adatbank.ro\/lexikon\/wp-json\/wp\/v2\/product_brand?post=13977"},{"taxonomy":"product_cat","embeddable":true,"href":"https:\/\/uj.adatbank.ro\/lexikon\/wp-json\/wp\/v2\/product_cat?post=13977"},{"taxonomy":"product_tag","embeddable":true,"href":"https:\/\/uj.adatbank.ro\/lexikon\/wp-json\/wp\/v2\/product_tag?post=13977"}],"curies":[{"name":"wp","href":"https:\/\/api.w.org\/{rel}","templated":true}]}}

LOKODI Gáspár

<p>Mikháza, 1905. aug. 11., † Mikháza, 1988. nov. 3.: r. k. pap. – Gyulafehérváron szentelték pappá (1930. júl. 6.). Káplán volt Csíkszentdomokoson, Csíkszentsimonban, Gyergyószentmiklóson. Plébános Türben (1934–47). A román hatósáhok hazaárulással vádolták, elítélték, de felmentették (1939). Jobbágytelkén plébános (1947–60). Letartóztatták (1960. szept. 28.), a vádirat szerint bűne: becsmérelte a mezőgazdaság szocialista átalakítására és a nemzetiségi kérdés megoldására irányuló párt és állami intézkedéseket, rágalmazta a tantestületet, dícsőítette a m. ellenforradalmat, prédikációiban ostorozta a rendszert, akadályozta a falu politikai – művelődési tevékenységét, stb. Bebörtönözték (1960–64). A vádirat egy későbbi dátummal került a kv.-i katonai törvényszék elé (1961. jún. 25). Kiszabadulása után Nyárádszereda -Székelybőben szolgált (1964–77). Nyugdíjasként Mikházán élt (1978). – Irod: 1956 Erdélyben; Áldozatok; Emlékkönyv a jobbágytelki iskola évfordulójára; Ferenczi Sándor 2009; Maros-küküllői főesp [Nekrológ] (V. Z., 1988. nov. 6.); Pál-Antal 2013</br></p>

<p>Mikháza, 1905. aug. 11., † Mikháza, 1988. nov. 3.: r. k. pap. – Gyulafehérváron szentelték pappá (1930. júl. 6.). Káplán volt Csíkszentdomokoson, Csíkszentsimonban, Gyergyószentmiklóson. Plébános Türben (1934–47). A román hatósáhok hazaárulással vádolták, elítélték, de felmentették (1939). Jobbágytelkén plébános (1947–60). Letartóztatták (1960. szept. 28.), a vádirat szerint bűne: becsmérelte a mezőgazdaság szocialista átalakítására és a nemzetiségi kérdés [&hellip;]</p>
