{"id":13982,"date":"2025-07-15T12:46:30","date_gmt":"2025-07-15T10:46:30","guid":{"rendered":"https:\/\/uj.adatbank.ro\/lexikon\/termek\/lokody-antal-homorodszentmartoni\/"},"modified":"2025-07-15T12:46:30","modified_gmt":"2025-07-15T10:46:30","slug":"lokody-antal-homorodszentmartoni","status":"publish","type":"product","link":"https:\/\/uj.adatbank.ro\/lexikon\/termek\/lokody-antal-homorodszentmartoni\/","title":{"rendered":"LOKODY Antal, homorodszentm\u00e1rtoni"},"content":{"rendered":"<p>1858.?, \u2020\u00a0Mv., 1914. j\u00fan. 1.: orvos. \u2013 Apja J\u00e1nos.Testv\u00e9rei: L. G\u00e9za, L. Anna. \u2013 F\u0151orvosa a mv.-i Ker\u00fcleti Munk\u00e1sbiztos\u00edt\u00f3 P\u00e9nzt\u00e1rnak. Az EME tagja (1907) <br \/><strong>Irod.:<\/strong> Gy\u00e1szjelent\u0151; <\/br><\/p>\n","protected":false},"excerpt":{"rendered":"<p>1858.?, \u2020\u00a0Mv., 1914. j\u00fan. 1.: orvos. \u2013 Apja J\u00e1nos.Testv\u00e9rei: L. G\u00e9za, L. Anna. \u2013 F\u0151orvosa a mv.-i Ker\u00fcleti Munk\u00e1sbiztos\u00edt\u00f3 P\u00e9nzt\u00e1rnak. Az EME tagja (1907) Irod.: Gy\u00e1szjelent\u0151;<\/p>\n","protected":false},"featured_media":0,"comment_status":"open","ping_status":"closed","template":"","meta":[],"product_brand":[],"product_cat":[137],"product_tag":[],"class_list":{"0":"post-13982","1":"product","2":"type-product","3":"status-publish","5":"product_cat-maros-megyei-eletrajzi-lexikon","7":"first","8":"instock","9":"shipping-taxable","10":"product-type-simple"},"_links":{"self":[{"href":"https:\/\/uj.adatbank.ro\/lexikon\/wp-json\/wp\/v2\/product\/13982","targetHints":{"allow":["GET"]}}],"collection":[{"href":"https:\/\/uj.adatbank.ro\/lexikon\/wp-json\/wp\/v2\/product"}],"about":[{"href":"https:\/\/uj.adatbank.ro\/lexikon\/wp-json\/wp\/v2\/types\/product"}],"replies":[{"embeddable":true,"href":"https:\/\/uj.adatbank.ro\/lexikon\/wp-json\/wp\/v2\/comments?post=13982"}],"wp:attachment":[{"href":"https:\/\/uj.adatbank.ro\/lexikon\/wp-json\/wp\/v2\/media?parent=13982"}],"wp:term":[{"taxonomy":"product_brand","embeddable":true,"href":"https:\/\/uj.adatbank.ro\/lexikon\/wp-json\/wp\/v2\/product_brand?post=13982"},{"taxonomy":"product_cat","embeddable":true,"href":"https:\/\/uj.adatbank.ro\/lexikon\/wp-json\/wp\/v2\/product_cat?post=13982"},{"taxonomy":"product_tag","embeddable":true,"href":"https:\/\/uj.adatbank.ro\/lexikon\/wp-json\/wp\/v2\/product_tag?post=13982"}],"curies":[{"name":"wp","href":"https:\/\/api.w.org\/{rel}","templated":true}]}}