{"id":13987,"date":"2025-07-15T12:46:39","date_gmt":"2025-07-15T10:46:39","guid":{"rendered":"https:\/\/uj.adatbank.ro\/lexikon\/termek\/loky-jeno\/"},"modified":"2025-07-15T12:46:39","modified_gmt":"2025-07-15T10:46:39","slug":"loky-jeno","status":"publish","type":"product","link":"https:\/\/uj.adatbank.ro\/lexikon\/termek\/loky-jeno\/","title":{"rendered":"L\u00d3KY Jen\u0151"},"content":{"rendered":"<p>N\u00e9met\u00fajv\u00e1r, 1890., \u2020 Mv., 1934. dec. 11: tan\u00e1r, kat. f\u0151gimn. igazgat\u00f3. \u2013 Apja f\u0151szolgab\u00edr\u00f3 volt. K\u00e9t \u00e9vig a v\u00e1ci p\u00fcsp\u00f6ki teol\u00f3gi\u00e1t l\u00e1togatta, egyetemet Kv.-on v\u00e9gzett (1913) \u2013 latin- t\u00f6rt\u00e9nelem szakos tan\u00e1ri diplom\u00e1t szerzett. Debrecenben volt gyakorl\u00f3 tan\u00e1r. Az els\u0151 vh.-ban az orosz fronton teljes\u00edtett szolg\u00e1latot, fogs\u00e1gba ker\u00fclt, ahonnan mint hadirokkant ker\u00fclt haza (1918). Gr. Teleki Domokos \u00e9s gr. B\u00e9ldy K\u00e1lm\u00e1nn\u00e1l nevel\u0151dk\u00f6d\u00f6tt (\u20131924), majd Sz\u00e9kelyudvarhelyen f\u0151gimn.-i tan\u00e1r. A mv.-i R. K. Gimn. igazgat\u00f3ja volt (1928-?). Szabadegyetemet szervezett (1931). Mint v\u00e1rosi tan\u00e1csos r\u00e9dzt vett apolitikai \u00e9letben (1930). a MP tagozati f\u0151titk\u00e1ra. a kat. dal\u00e1rda aleln\u00f6ke, egyh\u00e1ztan\u00e1csos, status-gy\u0171l\u00e9si k\u00e9pvisel\u0151 volt. Tan\u00fcgyi \u00e9s sz\u00e9pirodalmi cikkei a belf\u00f6ldi napilapokban \u00e9s foly\u00f3iratokban jelentek meg R\u00e9szt vett az EME IX. Mv.-en tartott v\u00e1ndorgy\u0171l\u00e9s\u00e9nek szervez\u00e9s\u00e9ben (1930) <strong>F. m.:<\/strong> <strong>szerk.:<\/strong> Schmidt B\u00e9la: Az \u00e9let \u00f6r\u00f6k trag\u00e9di\u00e1ja el\u0151sz\u00f3 (Mv., 1931). <br \/><strong>Irod.:<\/strong> EM; F\u00fcl\u00f6p\u2013Ferencz; Guly\u00e1s; Id\u0151t\u00e1r 3; Ki kicsoda?; Mv.-i R.K.okt.; R.k. okt.\u20131; R.k.okt.\u20132<\/br><\/p>\n","protected":false},"excerpt":{"rendered":"<p>N\u00e9met\u00fajv\u00e1r, 1890., \u2020 Mv., 1934. dec. 11: tan\u00e1r, kat. f\u0151gimn. igazgat\u00f3. \u2013 Apja f\u0151szolgab\u00edr\u00f3 volt. K\u00e9t \u00e9vig a v\u00e1ci p\u00fcsp\u00f6ki teol\u00f3gi\u00e1t l\u00e1togatta, egyetemet Kv.-on v\u00e9gzett (1913) \u2013 latin- t\u00f6rt\u00e9nelem szakos tan\u00e1ri diplom\u00e1t szerzett. Debrecenben volt gyakorl\u00f3 tan\u00e1r. Az els\u0151 vh.-ban az orosz fronton teljes\u00edtett szolg\u00e1latot, fogs\u00e1gba ker\u00fclt, ahonnan mint hadirokkant ker\u00fclt haza (1918). Gr. Teleki [&hellip;]<\/p>\n","protected":false},"featured_media":0,"comment_status":"open","ping_status":"closed","template":"","meta":[],"product_brand":[],"product_cat":[137],"product_tag":[],"class_list":{"0":"post-13987","1":"product","2":"type-product","3":"status-publish","5":"product_cat-maros-megyei-eletrajzi-lexikon","7":"first","8":"instock","9":"shipping-taxable","10":"product-type-simple"},"_links":{"self":[{"href":"https:\/\/uj.adatbank.ro\/lexikon\/wp-json\/wp\/v2\/product\/13987","targetHints":{"allow":["GET"]}}],"collection":[{"href":"https:\/\/uj.adatbank.ro\/lexikon\/wp-json\/wp\/v2\/product"}],"about":[{"href":"https:\/\/uj.adatbank.ro\/lexikon\/wp-json\/wp\/v2\/types\/product"}],"replies":[{"embeddable":true,"href":"https:\/\/uj.adatbank.ro\/lexikon\/wp-json\/wp\/v2\/comments?post=13987"}],"wp:attachment":[{"href":"https:\/\/uj.adatbank.ro\/lexikon\/wp-json\/wp\/v2\/media?parent=13987"}],"wp:term":[{"taxonomy":"product_brand","embeddable":true,"href":"https:\/\/uj.adatbank.ro\/lexikon\/wp-json\/wp\/v2\/product_brand?post=13987"},{"taxonomy":"product_cat","embeddable":true,"href":"https:\/\/uj.adatbank.ro\/lexikon\/wp-json\/wp\/v2\/product_cat?post=13987"},{"taxonomy":"product_tag","embeddable":true,"href":"https:\/\/uj.adatbank.ro\/lexikon\/wp-json\/wp\/v2\/product_tag?post=13987"}],"curies":[{"name":"wp","href":"https:\/\/api.w.org\/{rel}","templated":true}]}}

LÓKY Jenő

<p>Németújvár, 1890., † Mv., 1934. dec. 11: tanár, kat. főgimn. igazgató. – Apja főszolgabíró volt. Két évig a váci püspöki teológiát látogatta, egyetemet Kv.-on végzett (1913) – latin- történelem szakos tanári diplomát szerzett. Debrecenben volt gyakorló tanár. Az első vh.-ban az orosz fronton teljesített szolgálatot, fogságba került, ahonnan mint hadirokkant került haza (1918). Gr. Teleki Domokos és gr. Béldy Kálmánnál nevelődködött (–1924), majd Székelyudvarhelyen főgimn.-i tanár. A mv.-i R. K. Gimn. igazgatója volt (1928-?). Szabadegyetemet szervezett (1931). Mint városi tanácsos rédzt vett apolitikai életben (1930). a MP tagozati főtitkára. a kat. dalárda alelnöke, egyháztanácsos, status-gyűlési képviselő volt. Tanügyi és szépirodalmi cikkei a belföldi napilapokban és folyóiratokban jelentek meg Részt vett az EME IX. Mv.-en tartott vándorgyűlésének szervezésében (1930) <strong>F. m.:</strong> <strong>szerk.:</strong> Schmidt Béla: Az élet örök tragédiája előszó (Mv., 1931). <br /><strong>Irod.:</strong> EM; Fülöp–Ferencz; Gulyás; Időtár 3; Ki kicsoda?; Mv.-i R.K.okt.; R.k. okt.–1; R.k.okt.–2</br></p>

<p>Németújvár, 1890., † Mv., 1934. dec. 11: tanár, kat. főgimn. igazgató. – Apja főszolgabíró volt. Két évig a váci püspöki teológiát látogatta, egyetemet Kv.-on végzett (1913) – latin- történelem szakos tanári diplomát szerzett. Debrecenben volt gyakorló tanár. Az első vh.-ban az orosz fronton teljesített szolgálatot, fogságba került, ahonnan mint hadirokkant került haza (1918). Gr. Teleki [&hellip;]</p>
