{"id":13989,"date":"2025-07-15T12:46:46","date_gmt":"2025-07-15T10:46:46","guid":{"rendered":"https:\/\/uj.adatbank.ro\/lexikon\/termek\/lonay-odon\/"},"modified":"2025-07-15T12:46:46","modified_gmt":"2025-07-15T10:46:46","slug":"lonay-odon","status":"publish","type":"product","link":"https:\/\/uj.adatbank.ro\/lexikon\/termek\/lonay-odon\/","title":{"rendered":"L\u00d3NAY \u00d6d\u00f6n"},"content":{"rendered":"<p>Gerendkereszt\u00far, 1914. nov. 20.,\u2020 ?: r. k. pap. \u2013 Papp\u00e1 szentelt\u00e9k (1939. j\u00fan. 29.). K\u00e1pl\u00e1n K\u00e9zdiszentkereszten (1940), Gyergy\u00f3alfaluban (1942), Sz\u00e9kelyudvarhelyen (1944). Magyaro.-ra t\u00e1vozott. <br \/><strong>Irod.:<\/strong> Ferenczi S\u00e1ndor 2009<\/br><\/p>\n","protected":false},"excerpt":{"rendered":"<p>Gerendkereszt\u00far, 1914. nov. 20.,\u2020 ?: r. k. pap. \u2013 Papp\u00e1 szentelt\u00e9k (1939. j\u00fan. 29.). K\u00e1pl\u00e1n K\u00e9zdiszentkereszten (1940), Gyergy\u00f3alfaluban (1942), Sz\u00e9kelyudvarhelyen (1944). Magyaro.-ra t\u00e1vozott. Irod.: Ferenczi S\u00e1ndor 2009<\/p>\n","protected":false},"featured_media":0,"comment_status":"open","ping_status":"closed","template":"","meta":[],"product_brand":[],"product_cat":[137],"product_tag":[],"class_list":{"0":"post-13989","1":"product","2":"type-product","3":"status-publish","5":"product_cat-maros-megyei-eletrajzi-lexikon","7":"first","8":"instock","9":"shipping-taxable","10":"product-type-simple"},"_links":{"self":[{"href":"https:\/\/uj.adatbank.ro\/lexikon\/wp-json\/wp\/v2\/product\/13989","targetHints":{"allow":["GET"]}}],"collection":[{"href":"https:\/\/uj.adatbank.ro\/lexikon\/wp-json\/wp\/v2\/product"}],"about":[{"href":"https:\/\/uj.adatbank.ro\/lexikon\/wp-json\/wp\/v2\/types\/product"}],"replies":[{"embeddable":true,"href":"https:\/\/uj.adatbank.ro\/lexikon\/wp-json\/wp\/v2\/comments?post=13989"}],"wp:attachment":[{"href":"https:\/\/uj.adatbank.ro\/lexikon\/wp-json\/wp\/v2\/media?parent=13989"}],"wp:term":[{"taxonomy":"product_brand","embeddable":true,"href":"https:\/\/uj.adatbank.ro\/lexikon\/wp-json\/wp\/v2\/product_brand?post=13989"},{"taxonomy":"product_cat","embeddable":true,"href":"https:\/\/uj.adatbank.ro\/lexikon\/wp-json\/wp\/v2\/product_cat?post=13989"},{"taxonomy":"product_tag","embeddable":true,"href":"https:\/\/uj.adatbank.ro\/lexikon\/wp-json\/wp\/v2\/product_tag?post=13989"}],"curies":[{"name":"wp","href":"https:\/\/api.w.org\/{rel}","templated":true}]}}