{"id":13991,"date":"2025-07-15T12:46:50","date_gmt":"2025-07-15T10:46:50","guid":{"rendered":"https:\/\/uj.adatbank.ro\/lexikon\/termek\/longin-macarie-alexandru\/"},"modified":"2025-07-15T12:46:50","modified_gmt":"2025-07-15T10:46:50","slug":"longin-macarie-alexandru","status":"publish","type":"product","link":"https:\/\/uj.adatbank.ro\/lexikon\/termek\/longin-macarie-alexandru\/","title":{"rendered":"LONGIN, Macarie Alexandru"},"content":{"rendered":"<p>Marosugra, 1870. m\u00e1j. 30., \u2020 Radn\u00f3t, 1939. j\u00fal. 9.: tan\u00edt\u00f3, memorandista. \u2013 Elemi iskol\u00e1t. Mv.-en, tan\u00edt\u00f3k\u00e9pz\u0151t Bal\u00e1zsfalv\u00e1n v\u00e9gzett (1891. j\u00fan. 5). Tan\u00edtott Kisikland (1891\u20131893), Maroscsap\u00f3 (1903\u20131909), Vidr\u00e1tszeg (1909\u20131917), Radn\u00f3t iskol\u00e1iban, ahol g.-kat. k\u00e1ntor is (1917\u20131931).Tagja volt a rom\u00e1nok b\u00e9csi k\u00fcld\u00f6tts\u00e9g\u00e9nek (1892. m\u00e1j. 29.), amely \u00e1tadta Ferenc J\u00f3zsef cs\u00e1sz\u00e1rnak a \u201dMemorandumot\u201d. Ezek ut\u00e1n a hat\u00f3s\u00e1gok figyelm\u00e9be ker\u00fclt, letart\u00f3ztatt\u00e1k (1916. aug. 30.) \u00e9s Sopronba intern\u00e1lt\u00e1k. Kiszabadul\u00e1sa ut\u00e1n r\u00e9szt vett a gyulafeh\u00e9rv\u00e1ri n\u00e9pgy\u0171l\u00e9sen (1918.dec.1.), majd Radn\u00f3ton lelkesen kapcsol\u00f3dott be a rom\u00e1n int\u00e9zm\u00e9nyek l\u00e9trehoz\u00e1s\u00e1ba \u00e9s a f\u00f6ldoszt\u00e1s megszervez\u00e9s\u00e9be. Alap\u00edt\u00f3 tagja a \u201eMemorandista Harcosok Egyes\u00fclet\u00e9nek\u201d (1930 m\u00e1j. 30). Megh\u00edvt\u00e1k Kv.-ra abba a k\u00fcld\u00f6tts\u00e9gbe, amely II. K\u00e1roly kir\u00e1lynak kellett volna hogy beny\u00fajtsa az \u201eIgazs\u00e1g verdiktje\u201d memorandumot. Nyugd\u00edjba vonult (1931. j\u00fan. 15.). <br \/><strong>Irod.:<\/strong> Dasc\u0103li mure\u015feni, 3.<\/br><\/p>\n","protected":false},"excerpt":{"rendered":"<p>Marosugra, 1870. m\u00e1j. 30., \u2020 Radn\u00f3t, 1939. j\u00fal. 9.: tan\u00edt\u00f3, memorandista. \u2013 Elemi iskol\u00e1t. Mv.-en, tan\u00edt\u00f3k\u00e9pz\u0151t Bal\u00e1zsfalv\u00e1n v\u00e9gzett (1891. j\u00fan. 5). Tan\u00edtott Kisikland (1891\u20131893), Maroscsap\u00f3 (1903\u20131909), Vidr\u00e1tszeg (1909\u20131917), Radn\u00f3t iskol\u00e1iban, ahol g.-kat. k\u00e1ntor is (1917\u20131931).Tagja volt a rom\u00e1nok b\u00e9csi k\u00fcld\u00f6tts\u00e9g\u00e9nek (1892. m\u00e1j. 29.), amely \u00e1tadta Ferenc J\u00f3zsef cs\u00e1sz\u00e1rnak a \u201dMemorandumot\u201d. Ezek ut\u00e1n a hat\u00f3s\u00e1gok figyelm\u00e9be [&hellip;]<\/p>\n","protected":false},"featured_media":0,"comment_status":"open","ping_status":"closed","template":"","meta":[],"product_brand":[],"product_cat":[137],"product_tag":[],"class_list":{"0":"post-13991","1":"product","2":"type-product","3":"status-publish","5":"product_cat-maros-megyei-eletrajzi-lexikon","7":"first","8":"instock","9":"shipping-taxable","10":"product-type-simple"},"_links":{"self":[{"href":"https:\/\/uj.adatbank.ro\/lexikon\/wp-json\/wp\/v2\/product\/13991","targetHints":{"allow":["GET"]}}],"collection":[{"href":"https:\/\/uj.adatbank.ro\/lexikon\/wp-json\/wp\/v2\/product"}],"about":[{"href":"https:\/\/uj.adatbank.ro\/lexikon\/wp-json\/wp\/v2\/types\/product"}],"replies":[{"embeddable":true,"href":"https:\/\/uj.adatbank.ro\/lexikon\/wp-json\/wp\/v2\/comments?post=13991"}],"wp:attachment":[{"href":"https:\/\/uj.adatbank.ro\/lexikon\/wp-json\/wp\/v2\/media?parent=13991"}],"wp:term":[{"taxonomy":"product_brand","embeddable":true,"href":"https:\/\/uj.adatbank.ro\/lexikon\/wp-json\/wp\/v2\/product_brand?post=13991"},{"taxonomy":"product_cat","embeddable":true,"href":"https:\/\/uj.adatbank.ro\/lexikon\/wp-json\/wp\/v2\/product_cat?post=13991"},{"taxonomy":"product_tag","embeddable":true,"href":"https:\/\/uj.adatbank.ro\/lexikon\/wp-json\/wp\/v2\/product_tag?post=13991"}],"curies":[{"name":"wp","href":"https:\/\/api.w.org\/{rel}","templated":true}]}}

<p>Marosugra, 1870. máj. 30., † Radnót, 1939. júl. 9.: tanító, memorandista. – Elemi iskolát. Mv.-en, tanítóképzőt Balázsfalván végzett (1891. jún. 5). Tanított Kisikland (1891–1893), Maroscsapó (1903–1909), Vidrátszeg (1909–1917), Radnót iskoláiban, ahol g.-kat. kántor is (1917–1931).Tagja volt a románok bécsi küldöttségének (1892. máj. 29.), amely átadta Ferenc József császárnak a ”Memorandumot”. Ezek után a hatóságok figyelmébe került, letartóztatták (1916. aug. 30.) és Sopronba internálták. Kiszabadulása után részt vett a gyulafehérvári népgyűlésen (1918.dec.1.), majd Radnóton lelkesen kapcsolódott be a román intézmények létrehozásába és a földosztás megszervezésébe. Alapító tagja a „Memorandista Harcosok Egyesületének” (1930 máj. 30). Meghívták Kv.-ra abba a küldöttségbe, amely II. Károly királynak kellett volna hogy benyújtsa az „Igazság verdiktje” memorandumot. Nyugdíjba vonult (1931. jún. 15.). <br /><strong>Irod.:</strong> Dascăli mureşeni, 3.</br></p>

<p>Marosugra, 1870. máj. 30., † Radnót, 1939. júl. 9.: tanító, memorandista. – Elemi iskolát. Mv.-en, tanítóképzőt Balázsfalván végzett (1891. jún. 5). Tanított Kisikland (1891–1893), Maroscsapó (1903–1909), Vidrátszeg (1909–1917), Radnót iskoláiban, ahol g.-kat. kántor is (1917–1931).Tagja volt a románok bécsi küldöttségének (1892. máj. 29.), amely átadta Ferenc József császárnak a ”Memorandumot”. Ezek után a hatóságok figyelmébe [&hellip;]</p>
