{"id":13994,"date":"2025-07-15T12:46:59","date_gmt":"2025-07-15T10:46:59","guid":{"rendered":"https:\/\/uj.adatbank.ro\/lexikon\/termek\/lootz-frigyes\/"},"modified":"2025-07-15T12:46:59","modified_gmt":"2025-07-15T10:46:59","slug":"lootz-frigyes","status":"publish","type":"product","link":"https:\/\/uj.adatbank.ro\/lexikon\/termek\/lootz-frigyes\/","title":{"rendered":"LOOTZ Frigyes"},"content":{"rendered":"<p>Segesv\u00e1r, 1890., \u2020 ?: \u00e1llatorvos. \u2013 Apja gy\u00e1ros volt. \u2013 Sz\u00e9kelyudvarhelyen \u00e9retts\u00e9gizett, az egyetemet Bp.-en v\u00e9gezte. B\u00e9csben katonai \u00e1llatorvos volt, majd a bp.-i Anat\u00f3miai Int\u00e9zetn\u00e9l m\u0171k\u00f6d\u00f6tt (1919), K\u00e9s\u0151bb Sz\u00e9kelyudvarhelyen v\u00e1rosi \u00e1llatorvos, majd Nagyk\u00fck\u00fcll\u0151 vm. f\u0151\u00e1llatorvosa (1929\u2013) Mint f\u0151hadnagy \u00e1llatorvost arany \u00e9rdemkereszttel \u00e9s a koron\u00e1s arany \u00e9rdemkereszttel t\u00fcntett\u00e9k ki, majd a rom\u00e1n koronarend tiszti keresztj\u00e9t kapta meg. Az Orsz\u00e1gos \u00c1llatorvos Egylet \u00e9s t\u00f6bb egyes\u00fclet tagja volt. <br \/><strong>Irod.:<\/strong> Ki kicsoda?<\/br><\/p>\n","protected":false},"excerpt":{"rendered":"<p>Segesv\u00e1r, 1890., \u2020 ?: \u00e1llatorvos. \u2013 Apja gy\u00e1ros volt. \u2013 Sz\u00e9kelyudvarhelyen \u00e9retts\u00e9gizett, az egyetemet Bp.-en v\u00e9gezte. B\u00e9csben katonai \u00e1llatorvos volt, majd a bp.-i Anat\u00f3miai Int\u00e9zetn\u00e9l m\u0171k\u00f6d\u00f6tt (1919), K\u00e9s\u0151bb Sz\u00e9kelyudvarhelyen v\u00e1rosi \u00e1llatorvos, majd Nagyk\u00fck\u00fcll\u0151 vm. f\u0151\u00e1llatorvosa (1929\u2013) Mint f\u0151hadnagy \u00e1llatorvost arany \u00e9rdemkereszttel \u00e9s a koron\u00e1s arany \u00e9rdemkereszttel t\u00fcntett\u00e9k ki, majd a rom\u00e1n koronarend tiszti keresztj\u00e9t kapta [&hellip;]<\/p>\n","protected":false},"featured_media":0,"comment_status":"open","ping_status":"closed","template":"","meta":[],"product_brand":[],"product_cat":[137],"product_tag":[],"class_list":{"0":"post-13994","1":"product","2":"type-product","3":"status-publish","5":"product_cat-maros-megyei-eletrajzi-lexikon","7":"first","8":"instock","9":"shipping-taxable","10":"product-type-simple"},"_links":{"self":[{"href":"https:\/\/uj.adatbank.ro\/lexikon\/wp-json\/wp\/v2\/product\/13994","targetHints":{"allow":["GET"]}}],"collection":[{"href":"https:\/\/uj.adatbank.ro\/lexikon\/wp-json\/wp\/v2\/product"}],"about":[{"href":"https:\/\/uj.adatbank.ro\/lexikon\/wp-json\/wp\/v2\/types\/product"}],"replies":[{"embeddable":true,"href":"https:\/\/uj.adatbank.ro\/lexikon\/wp-json\/wp\/v2\/comments?post=13994"}],"wp:attachment":[{"href":"https:\/\/uj.adatbank.ro\/lexikon\/wp-json\/wp\/v2\/media?parent=13994"}],"wp:term":[{"taxonomy":"product_brand","embeddable":true,"href":"https:\/\/uj.adatbank.ro\/lexikon\/wp-json\/wp\/v2\/product_brand?post=13994"},{"taxonomy":"product_cat","embeddable":true,"href":"https:\/\/uj.adatbank.ro\/lexikon\/wp-json\/wp\/v2\/product_cat?post=13994"},{"taxonomy":"product_tag","embeddable":true,"href":"https:\/\/uj.adatbank.ro\/lexikon\/wp-json\/wp\/v2\/product_tag?post=13994"}],"curies":[{"name":"wp","href":"https:\/\/api.w.org\/{rel}","templated":true}]}}

<p>Segesvár, 1890., † ?: állatorvos. – Apja gyáros volt. – Székelyudvarhelyen érettségizett, az egyetemet Bp.-en végezte. Bécsben katonai állatorvos volt, majd a bp.-i Anatómiai Intézetnél működött (1919), Később Székelyudvarhelyen városi állatorvos, majd Nagyküküllő vm. főállatorvosa (1929–) Mint főhadnagy állatorvost arany érdemkereszttel és a koronás arany érdemkereszttel tüntették ki, majd a román koronarend tiszti keresztjét kapta meg. Az Országos Állatorvos Egylet és több egyesület tagja volt. <br /><strong>Irod.:</strong> Ki kicsoda?</br></p>

<p>Segesvár, 1890., † ?: állatorvos. – Apja gyáros volt. – Székelyudvarhelyen érettségizett, az egyetemet Bp.-en végezte. Bécsben katonai állatorvos volt, majd a bp.-i Anatómiai Intézetnél működött (1919), Később Székelyudvarhelyen városi állatorvos, majd Nagyküküllő vm. főállatorvosa (1929–) Mint főhadnagy állatorvost arany érdemkereszttel és a koronás arany érdemkereszttel tüntették ki, majd a román koronarend tiszti keresztjét kapta [&hellip;]</p>
