{"id":13995,"date":"2025-07-15T12:47:01","date_gmt":"2025-07-15T10:47:01","guid":{"rendered":"https:\/\/uj.adatbank.ro\/lexikon\/termek\/loparai-istvan-p-stefano-da-lopara\/"},"modified":"2025-07-15T12:47:01","modified_gmt":"2025-07-15T10:47:01","slug":"loparai-istvan-p-stefano-da-lopara","status":"publish","type":"product","link":"https:\/\/uj.adatbank.ro\/lexikon\/termek\/loparai-istvan-p-stefano-da-lopara\/","title":{"rendered":"LOPARAI Istv\u00e1n, P.; Stefano da Lopara"},"content":{"rendered":"<p>? \u2020 G\u00f6rg\u00e9nyszentimre, 1661. jan. eltemett\u00e9k jan. 12. Mikh\u00e1z\u00e1n a templom nagy ajt\u00f3ja el\u0151tt:  bosny\u00e1k atya, r. k. pap, ferences szerzetes. \u2013 A Boszni\u00e1b\u00f3l \u00e9rkezett ferences szerzetesek a XVII. sz\u00e1zad els\u0151 fel\u00e9ben kit\u00f6r\u00f6lhetetlen nyomokat hagytak Erd\u00e9ly vall\u00e1si \u00e9let\u00e9nek t\u00f6rt\u00e9nelm\u00e9ben A bosny\u00e1k (Bosna-Argentinai) provinci\u00e1b\u00f3l j\u00f6tt Erd\u00e9lybe (1630), katolikus nemesek h\u00edv\u00f3 szav\u00e1ra \u00e9rkeztek el\u0151bb t\u00e1mogat\u00f3ik, az erd\u00e9lyi katolikus urak kast\u00e9lyaiban udvari papk\u00e9nt szolg\u00e1ltak, majd a marossz\u00e9ki Mikh\u00e1z\u00e1n, Tholdalaghy Mih\u00e1ly marossz\u00e9ki f\u0151kapit\u00e1ny birtoka mellett szer\u00e9ny kis kolostort \u00e9p\u00edtettek(1636), amely egyben a Tholdalaghyak csal\u00e1di s\u00edrboltj\u00e1ul is szolg\u00e1lt. Szalinai Istv\u00e1n rendk\u00edv\u00fcl r\u00e9szletes \u00e9s pontos k\u00e9pet rajzolt a sz\u00e9kelyf\u00f6ldi katolikus lakoss\u00e1gr\u00f3l. Jelent\u00e9s\u00e9t misszi\u00f3st\u00e1rs\u00e1val, Loparai Istv\u00e1nnal k\u00fcldte R\u00f3m\u00e1ba (1638) \u0150 szem\u00e9lyesen is felt\u00e1rta a Kongreg\u00e1ci\u00f3ban mind a katolicizmus,mind a ferences rend helyzet\u00e9t a fejedelems\u00e9gben.Misszi\u00f3s felhatalmaz\u00e1sokat, b\u00fa-cs\u00fakat k\u00e9rt, nevezetesen a k\u00f6szv\u00e9nyesi templom f\u0151olt\u00e1ra sz\u00e1m\u00e1ra \u00e9s egyh\u00e1zi felszerel\u00e9st az \u00fajonnan visszaszerzett templomok r\u00e9sz\u00e9re, amelyeket a t\u00f6r\u00f6k \u00e9s a protest\u00e1nsok leromboltak. Definitor (1650\u201352). G\u00f6rg\u00e9nyszentimt\u00e9n a pl\u00e9b\u00e1nia rendbehoz\u00e1s\u00e1ban seg\u00edtkeztek a rend tagjai (1660. el\u0151tt). ez\u00e9rt ott is halt meg pestisben-<br \/><strong>Irod.:<\/strong> Benedek Fid\u00e9l; L\u00e9sty\u00e1n Ferenc: 300 \u00e9ves a mikh\u00e1zi ferenceskolostor-templom (N\u00fa., 1992. szept. 8.); Gy\u00f6rgy: A ferencrendiek<\/br><\/p>\n","protected":false},"excerpt":{"rendered":"<p>? \u2020 G\u00f6rg\u00e9nyszentimre, 1661. jan. eltemett\u00e9k jan. 12. Mikh\u00e1z\u00e1n a templom nagy ajt\u00f3ja el\u0151tt: bosny\u00e1k atya, r. k. pap, ferences szerzetes. \u2013 A Boszni\u00e1b\u00f3l \u00e9rkezett ferences szerzetesek a XVII. sz\u00e1zad els\u0151 fel\u00e9ben kit\u00f6r\u00f6lhetetlen nyomokat hagytak Erd\u00e9ly vall\u00e1si \u00e9let\u00e9nek t\u00f6rt\u00e9nelm\u00e9ben A bosny\u00e1k (Bosna-Argentinai) provinci\u00e1b\u00f3l j\u00f6tt Erd\u00e9lybe (1630), katolikus nemesek h\u00edv\u00f3 szav\u00e1ra \u00e9rkeztek el\u0151bb t\u00e1mogat\u00f3ik, az erd\u00e9lyi [&hellip;]<\/p>\n","protected":false},"featured_media":0,"comment_status":"open","ping_status":"closed","template":"","meta":[],"product_brand":[],"product_cat":[137],"product_tag":[],"class_list":{"0":"post-13995","1":"product","2":"type-product","3":"status-publish","5":"product_cat-maros-megyei-eletrajzi-lexikon","7":"first","8":"instock","9":"shipping-taxable","10":"product-type-simple"},"_links":{"self":[{"href":"https:\/\/uj.adatbank.ro\/lexikon\/wp-json\/wp\/v2\/product\/13995","targetHints":{"allow":["GET"]}}],"collection":[{"href":"https:\/\/uj.adatbank.ro\/lexikon\/wp-json\/wp\/v2\/product"}],"about":[{"href":"https:\/\/uj.adatbank.ro\/lexikon\/wp-json\/wp\/v2\/types\/product"}],"replies":[{"embeddable":true,"href":"https:\/\/uj.adatbank.ro\/lexikon\/wp-json\/wp\/v2\/comments?post=13995"}],"wp:attachment":[{"href":"https:\/\/uj.adatbank.ro\/lexikon\/wp-json\/wp\/v2\/media?parent=13995"}],"wp:term":[{"taxonomy":"product_brand","embeddable":true,"href":"https:\/\/uj.adatbank.ro\/lexikon\/wp-json\/wp\/v2\/product_brand?post=13995"},{"taxonomy":"product_cat","embeddable":true,"href":"https:\/\/uj.adatbank.ro\/lexikon\/wp-json\/wp\/v2\/product_cat?post=13995"},{"taxonomy":"product_tag","embeddable":true,"href":"https:\/\/uj.adatbank.ro\/lexikon\/wp-json\/wp\/v2\/product_tag?post=13995"}],"curies":[{"name":"wp","href":"https:\/\/api.w.org\/{rel}","templated":true}]}}

LOPARAI István, P.; Stefano da Lopara

<p>? † Görgényszentimre, 1661. jan. eltemették jan. 12. Mikházán a templom nagy ajtója előtt:  bosnyák atya, r. k. pap, ferences szerzetes. – A Boszniából érkezett ferences szerzetesek a XVII. század első felében kitörölhetetlen nyomokat hagytak Erdély vallási életének történelmében A bosnyák (Bosna-Argentinai) provinciából jött Erdélybe (1630), katolikus nemesek hívó szavára érkeztek előbb támogatóik, az erdélyi katolikus urak kastélyaiban udvari papként szolgáltak, majd a marosszéki Mikházán, Tholdalaghy Mihály marosszéki főkapitány birtoka mellett szerény kis kolostort építettek(1636), amely egyben a Tholdalaghyak családi sírboltjául is szolgált. Szalinai István rendkívül részletes és pontos képet rajzolt a székelyföldi katolikus lakosságról. Jelentését misszióstársával, Loparai Istvánnal küldte Rómába (1638) Ő személyesen is feltárta a Kongregációban mind a katolicizmus,mind a ferences rend helyzetét a fejedelemségben.Missziós felhatalmazásokat, bú-csúkat kért, nevezetesen a köszvényesi templom főoltára számára és egyházi felszerelést az újonnan visszaszerzett templomok részére, amelyeket a török és a protestánsok leromboltak. Definitor (1650–52). Görgényszentimtén a plébánia rendbehozásában segítkeztek a rend tagjai (1660. előtt). ezért ott is halt meg pestisben-<br /><strong>Irod.:</strong> Benedek Fidél; Léstyán Ferenc: 300 éves a mikházi ferenceskolostor-templom (Nú., 1992. szept. 8.); György: A ferencrendiek</br></p>

<p>? † Görgényszentimre, 1661. jan. eltemették jan. 12. Mikházán a templom nagy ajtója előtt: bosnyák atya, r. k. pap, ferences szerzetes. – A Boszniából érkezett ferences szerzetesek a XVII. század első felében kitörölhetetlen nyomokat hagytak Erdély vallási életének történelmében A bosnyák (Bosna-Argentinai) provinciából jött Erdélybe (1630), katolikus nemesek hívó szavára érkeztek előbb támogatóik, az erdélyi [&hellip;]</p>
