{"id":14002,"date":"2025-07-15T12:47:16","date_gmt":"2025-07-15T10:47:16","guid":{"rendered":"https:\/\/uj.adatbank.ro\/lexikon\/termek\/lorbeer-sandor\/"},"modified":"2025-07-15T12:47:16","modified_gmt":"2025-07-15T10:47:16","slug":"lorbeer-sandor","status":"publish","type":"product","link":"https:\/\/uj.adatbank.ro\/lexikon\/termek\/lorbeer-sandor\/","title":{"rendered":"LORBEER S\u00e1ndor"},"content":{"rendered":"<p>? \u2020 ?: sz\u00e1lloda b\u00e9rl\u0151. \u2013 Mv.-en b\u00e9relte a Transylvania \u00e9p\u00fclet\u00e9ben lev\u0151 a sz\u00e1llod\u00e1t, sz\u00ednh\u00e1zat \u00e9s a k\u00e1v\u00e9h\u00e1zat (1889\u20131905) amely a Kn\u00f6pfler csal\u00e1d birtok\u00e1t k\u00e9pezte. A Bolyai u. f\u00f6ldszintj\u00e9n s\u00f6rcsarnokot \u00e9s \u00e9ttermet rendezett be (1890.febr. 1.). A k\u00e1v\u00e9h\u00e1zat ami eredetileg az emeleten volt a f\u00f6ldszintre telep\u00edtette (1894), ekkor az utc\u00e1ra ny\u00edl\u00f3 ablakokat megnagyobb\u00edtotta.a berendez\u00e9st bp.-i mint\u00e1ra moderniz\u00e1lta. 1899-ben felavatta a t\u00e9likertet. Els\u0151k k\u00f6z\u00f6tt ig\u00e9nyelt telefont (1893). Virilista (1901\u20131902). Az Orsz\u00e1gos M. Pinc\u00e9regyes\u00fclet helyi eln\u0151ke (1902). Nagykanizs\u00e1ra k\u00f6lt\u00f6ztek. \u2013 Irod: Id\u0151t\u00e1r 5\/2; Kusz\u00e1lik\u2013Zal\u00e1nyi; Sebesty\u00e9n 2018; Sebesty\u00e9n M.: K\u00e1v\u00e9h\u00e1zak t\u00fcnd\u00f6kl\u00e9se \u00e9s buk\u00e1sa Mv.-en (Korunk,2018. aug)<\/br><\/p>\n","protected":false},"excerpt":{"rendered":"<p>? \u2020 ?: sz\u00e1lloda b\u00e9rl\u0151. \u2013 Mv.-en b\u00e9relte a Transylvania \u00e9p\u00fclet\u00e9ben lev\u0151 a sz\u00e1llod\u00e1t, sz\u00ednh\u00e1zat \u00e9s a k\u00e1v\u00e9h\u00e1zat (1889\u20131905) amely a Kn\u00f6pfler csal\u00e1d birtok\u00e1t k\u00e9pezte. A Bolyai u. f\u00f6ldszintj\u00e9n s\u00f6rcsarnokot \u00e9s \u00e9ttermet rendezett be (1890.febr. 1.). A k\u00e1v\u00e9h\u00e1zat ami eredetileg az emeleten volt a f\u00f6ldszintre telep\u00edtette (1894), ekkor az utc\u00e1ra ny\u00edl\u00f3 ablakokat megnagyobb\u00edtotta.a berendez\u00e9st bp.-i [&hellip;]<\/p>\n","protected":false},"featured_media":0,"comment_status":"open","ping_status":"closed","template":"","meta":[],"product_brand":[],"product_cat":[137],"product_tag":[],"class_list":{"0":"post-14002","1":"product","2":"type-product","3":"status-publish","5":"product_cat-maros-megyei-eletrajzi-lexikon","7":"first","8":"instock","9":"shipping-taxable","10":"product-type-simple"},"_links":{"self":[{"href":"https:\/\/uj.adatbank.ro\/lexikon\/wp-json\/wp\/v2\/product\/14002","targetHints":{"allow":["GET"]}}],"collection":[{"href":"https:\/\/uj.adatbank.ro\/lexikon\/wp-json\/wp\/v2\/product"}],"about":[{"href":"https:\/\/uj.adatbank.ro\/lexikon\/wp-json\/wp\/v2\/types\/product"}],"replies":[{"embeddable":true,"href":"https:\/\/uj.adatbank.ro\/lexikon\/wp-json\/wp\/v2\/comments?post=14002"}],"wp:attachment":[{"href":"https:\/\/uj.adatbank.ro\/lexikon\/wp-json\/wp\/v2\/media?parent=14002"}],"wp:term":[{"taxonomy":"product_brand","embeddable":true,"href":"https:\/\/uj.adatbank.ro\/lexikon\/wp-json\/wp\/v2\/product_brand?post=14002"},{"taxonomy":"product_cat","embeddable":true,"href":"https:\/\/uj.adatbank.ro\/lexikon\/wp-json\/wp\/v2\/product_cat?post=14002"},{"taxonomy":"product_tag","embeddable":true,"href":"https:\/\/uj.adatbank.ro\/lexikon\/wp-json\/wp\/v2\/product_tag?post=14002"}],"curies":[{"name":"wp","href":"https:\/\/api.w.org\/{rel}","templated":true}]}}

LORBEER Sándor

<p>? † ?: szálloda bérlő. – Mv.-en bérelte a Transylvania épületében levő a szállodát, színházat és a kávéházat (1889–1905) amely a Knöpfler család birtokát képezte. A Bolyai u. földszintjén sörcsarnokot és éttermet rendezett be (1890.febr. 1.). A kávéházat ami eredetileg az emeleten volt a földszintre telepítette (1894), ekkor az utcára nyíló ablakokat megnagyobbította.a berendezést bp.-i mintára modernizálta. 1899-ben felavatta a télikertet. Elsők között igényelt telefont (1893). Virilista (1901–1902). Az Országos M. Pincéregyesület helyi elnőke (1902). Nagykanizsára költöztek. – Irod: Időtár 5/2; Kuszálik–Zalányi; Sebestyén 2018; Sebestyén M.: Kávéházak tündöklése és bukása Mv.-en (Korunk,2018. aug)</br></p>

<p>? † ?: szálloda bérlő. – Mv.-en bérelte a Transylvania épületében levő a szállodát, színházat és a kávéházat (1889–1905) amely a Knöpfler család birtokát képezte. A Bolyai u. földszintjén sörcsarnokot és éttermet rendezett be (1890.febr. 1.). A kávéházat ami eredetileg az emeleten volt a földszintre telepítette (1894), ekkor az utcára nyíló ablakokat megnagyobbította.a berendezést bp.-i [&hellip;]</p>
