{"id":14013,"date":"2025-07-15T12:47:38","date_gmt":"2025-07-15T10:47:38","guid":{"rendered":"https:\/\/uj.adatbank.ro\/lexikon\/termek\/lorincz-andras\/"},"modified":"2025-07-15T12:47:38","modified_gmt":"2025-07-15T10:47:38","slug":"lorincz-andras","status":"publish","type":"product","link":"https:\/\/uj.adatbank.ro\/lexikon\/termek\/lorincz-andras\/","title":{"rendered":"L\u0150RINCZ Andr\u00e1s"},"content":{"rendered":"<p>Et\u00e9d, 1905.,\u2020\u00a0S\u00f3v\u00e1rad, 1985. febr. 10.: ref. lelk\u00e9sz. \u2013 K\u00f6z\u00e9piskol\u00e1it Sz\u00e9kelykereszt\u00faron, egyetemi tanulm\u00e1nyait Kv.-on v\u00e9gezte. Als\u00f3csern\u00e1tonban kezdte papi m\u0171k\u00f6d\u00e9s\u00e9t (1927\u2013), t\u00f6bb \u00e1llom\u00e1sa ut\u00e1n S\u00f3v\u00e1radra ker\u00fclt (1939). A MP int\u00e9z\u0151bizotts\u00e1g\u00e1nak tagja, s\u00f3v\u00e1radi vezet\u0151je volt. A szov\u00e1tai egyh\u00e1zi javak adminisztr\u00e1tor\u00e1nak nevezt\u00e9k ki (1941. okt. 18.\u2013). Hadb\u00edr\u00f3s\u00e1g el\u00e9 \u00e1ll\u00edtott\u00e1k. <br \/><strong>Irod.:<\/strong> Ref. egyetemes n\u00e9vt\u00e1r, Sz\u00e9kelyf\u00f6ld \u00ed.k.; Sz\u00e9kelyf\u00f6ld<\/br><\/p>\n","protected":false},"excerpt":{"rendered":"<p>Et\u00e9d, 1905.,\u2020\u00a0S\u00f3v\u00e1rad, 1985. febr. 10.: ref. lelk\u00e9sz. \u2013 K\u00f6z\u00e9piskol\u00e1it Sz\u00e9kelykereszt\u00faron, egyetemi tanulm\u00e1nyait Kv.-on v\u00e9gezte. Als\u00f3csern\u00e1tonban kezdte papi m\u0171k\u00f6d\u00e9s\u00e9t (1927\u2013), t\u00f6bb \u00e1llom\u00e1sa ut\u00e1n S\u00f3v\u00e1radra ker\u00fclt (1939). A MP int\u00e9z\u0151bizotts\u00e1g\u00e1nak tagja, s\u00f3v\u00e1radi vezet\u0151je volt. A szov\u00e1tai egyh\u00e1zi javak adminisztr\u00e1tor\u00e1nak nevezt\u00e9k ki (1941. okt. 18.\u2013). Hadb\u00edr\u00f3s\u00e1g el\u00e9 \u00e1ll\u00edtott\u00e1k. Irod.: Ref. egyetemes n\u00e9vt\u00e1r, Sz\u00e9kelyf\u00f6ld \u00ed.k.; Sz\u00e9kelyf\u00f6ld<\/p>\n","protected":false},"featured_media":0,"comment_status":"open","ping_status":"closed","template":"","meta":[],"product_brand":[],"product_cat":[137],"product_tag":[],"class_list":{"0":"post-14013","1":"product","2":"type-product","3":"status-publish","5":"product_cat-maros-megyei-eletrajzi-lexikon","7":"first","8":"instock","9":"shipping-taxable","10":"product-type-simple"},"_links":{"self":[{"href":"https:\/\/uj.adatbank.ro\/lexikon\/wp-json\/wp\/v2\/product\/14013","targetHints":{"allow":["GET"]}}],"collection":[{"href":"https:\/\/uj.adatbank.ro\/lexikon\/wp-json\/wp\/v2\/product"}],"about":[{"href":"https:\/\/uj.adatbank.ro\/lexikon\/wp-json\/wp\/v2\/types\/product"}],"replies":[{"embeddable":true,"href":"https:\/\/uj.adatbank.ro\/lexikon\/wp-json\/wp\/v2\/comments?post=14013"}],"wp:attachment":[{"href":"https:\/\/uj.adatbank.ro\/lexikon\/wp-json\/wp\/v2\/media?parent=14013"}],"wp:term":[{"taxonomy":"product_brand","embeddable":true,"href":"https:\/\/uj.adatbank.ro\/lexikon\/wp-json\/wp\/v2\/product_brand?post=14013"},{"taxonomy":"product_cat","embeddable":true,"href":"https:\/\/uj.adatbank.ro\/lexikon\/wp-json\/wp\/v2\/product_cat?post=14013"},{"taxonomy":"product_tag","embeddable":true,"href":"https:\/\/uj.adatbank.ro\/lexikon\/wp-json\/wp\/v2\/product_tag?post=14013"}],"curies":[{"name":"wp","href":"https:\/\/api.w.org\/{rel}","templated":true}]}}

LŐRINCZ András

<p>Etéd, 1905.,† Sóvárad, 1985. febr. 10.: ref. lelkész. – Középiskoláit Székelykeresztúron, egyetemi tanulmányait Kv.-on végezte. Alsócsernátonban kezdte papi működését (1927–), több állomása után Sóváradra került (1939). A MP intézőbizottságának tagja, sóváradi vezetője volt. A szovátai egyházi javak adminisztrátorának nevezték ki (1941. okt. 18.–). Hadbíróság elé állították. <br /><strong>Irod.:</strong> Ref. egyetemes névtár, Székelyföld í.k.; Székelyföld</br></p>

<p>Etéd, 1905.,† Sóvárad, 1985. febr. 10.: ref. lelkész. – Középiskoláit Székelykeresztúron, egyetemi tanulmányait Kv.-on végezte. Alsócsernátonban kezdte papi működését (1927–), több állomása után Sóváradra került (1939). A MP intézőbizottságának tagja, sóváradi vezetője volt. A szovátai egyházi javak adminisztrátorának nevezték ki (1941. okt. 18.–). Hadbíróság elé állították. Irod.: Ref. egyetemes névtár, Székelyföld í.k.; Székelyföld</p>
