{"id":14016,"date":"2025-07-15T12:47:44","date_gmt":"2025-07-15T10:47:44","guid":{"rendered":"https:\/\/uj.adatbank.ro\/lexikon\/termek\/lorincz-erno-andras\/"},"modified":"2025-07-15T12:47:44","modified_gmt":"2025-07-15T10:47:44","slug":"lorincz-erno-andras","status":"publish","type":"product","link":"https:\/\/uj.adatbank.ro\/lexikon\/termek\/lorincz-erno-andras\/","title":{"rendered":"L\u0150RINCZ Ern\u0151 Andr\u00e1s"},"content":{"rendered":"<p>Cs\u00edkkozm\u00e1s, 1900. j\u00fal. 27., \u2020 Cs\u00edkszereda, 1985. febr. 2. Temett\u00e9k Sz\u00e9kelyzsombolyban: orvos, sz\u00fcl\u00e9sz-n\u0151gy\u00f3gy\u00e1sz, egyetemi tan\u00e1r. \u2013 Feles\u00e9ge mellette dolgozott, igyekezett megk\u00f6nny\u00edteni a sz\u00fcl\u00e9s neh\u00e9z perceit. F\u00e9rje hal\u00e1la ut\u00e1n fi\u00e1hoz, L. J\u00e1nos belgy\u00f3gy\u00e1sz orvoshoz Cs\u00edkszered\u00e1ba k\u00f6lt\u00f6z\u00f6tt. \u2013 A nagyenyedi Bethlen Koll.-ban \u00e9retts\u00e9gizett (1918), orvosi oklevelet a bp.-i P\u00e1zm\u00e1ny P\u00e9ter TE-en szerzett (1926). P\u00e1ly\u00e1j\u00e1t a debreceni egyetemen kezdte; a miskolci B\u00e1bak\u00e9pz\u0151 Int\u00e9zet tan\u00e1ra (1932\u201340); adjunktus a kv.-i egyetemen (1940\u201344). A mv.-i OGYI adjunktusa, a helyi szanat\u00f3rium Sz\u00fcl\u00e9szeti \u00e9s N\u0151gy\u00f3gy\u00e1szati r\u00e9szleg\u00e9nek igazgat\u00f3ja (1946\u201363). Az OGYI-n egyetemi tan\u00e1r 30 \u00e9vig (1945\u2013). Az els\u0151 tansz\u00e9kvezet\u0151, akit az Oktat\u00e1s\u00fcgyi Miniszt\u00e9rium kandid\u00e1tusk\u00e9pz\u0151 joggal ruh\u00e1zott fel. Mint doktor\u00e1tus vezet\u0151 sz\u00fcl\u00e9szet-n\u0151gy\u00f3gy\u00e1szatb\u00f3l, 23 orvostudom\u00e1nyi doktori \u00e9rtekez\u00e9st ir\u00e1ny\u00edtott. Jelent\u0151sek a sz\u00f6vet\u00e1t\u00fcltet\u00e9s ter\u00e9n el\u00e9rt eredm\u00e9nyei, k\u00fclf\u00f6ldi szaklapok is m\u00e9ltatt\u00e1k, a n\u0151gy\u00f3gy\u00e1szat ter\u00e9n hozz\u00e1j\u00e1rultak a szerv\u00e1t\u00fcltet\u00e9ses m\u0171t\u00e9tek kifejleszt\u00e9s\u00e9hez. Szakdolgozatai j\u00f3val meghaladt\u00e1k a sz\u00e1zat \u2013 megjelentek a: M. N\u0151orvosok Lapja, Archiv f\u00fcr Gyn\u00e4kologie, Studii \u015fi Cercet\u0103ri \u015etiin\u0163ifice, Zeitschrift f\u00fcr Gebursthilfe und Gyn\u00e4kologie-ben. Kit\u00fcntet\u00e9se: Munka\u00e9rdemrend II. fokozata. \u2013 <strong>F. m.:<\/strong> Sz\u00fcl\u00e9szet (Mv., 1948); N\u0151gy\u00f3gy\u00e1szat-sz\u00fcl\u00e9szet (Mv., 1951); <strong>t\u00e1rssz.:<\/strong> Sz\u00fcl\u00e9szeti, n\u0151gy\u00f3gy\u00e1szati jegyzet (Mv., 1951); N\u0151gy\u00f3gy\u00e1szati jegyzet (Mv., 1954\u201355); Sz\u00fcl\u00e9szeti jegyzet (Mv., 1954; 1959); Ginecologia (Buc., 1959); N\u0151gy\u00f3gy\u00e1szat (Mv., 1960); Obstetric\u0103 \u015fi ginecologie (Buc., 1962). <br \/><strong>Irod.:<\/strong> Dezs\u0151 Istv\u00e1n; Genersich; Borb\u00e1th Andor, dr.: A n\u0151- \u00e9s anyav\u00e9delem kiemelked\u0151 m\u0171vel\u0151je volt&#8230;(V. Z., 1985. febr. 17.); Makkai J\u00e1nos: Tudtam j\u00f3t tenni! (V. Z., 1980. aug. 1.); [Nekrol\u00f3g] (V. Z., 1985. febr. 5.); P\u00e9ter; RMIL; Todea\u2013F\u00fcl\u00f6p\u2013Avram; Viharban<\/br><\/p>\n","protected":false},"excerpt":{"rendered":"<p>Cs\u00edkkozm\u00e1s, 1900. j\u00fal. 27., \u2020 Cs\u00edkszereda, 1985. febr. 2. Temett\u00e9k Sz\u00e9kelyzsombolyban: orvos, sz\u00fcl\u00e9sz-n\u0151gy\u00f3gy\u00e1sz, egyetemi tan\u00e1r. \u2013 Feles\u00e9ge mellette dolgozott, igyekezett megk\u00f6nny\u00edteni a sz\u00fcl\u00e9s neh\u00e9z perceit. F\u00e9rje hal\u00e1la ut\u00e1n fi\u00e1hoz, L. J\u00e1nos belgy\u00f3gy\u00e1sz orvoshoz Cs\u00edkszered\u00e1ba k\u00f6lt\u00f6z\u00f6tt. \u2013 A nagyenyedi Bethlen Koll.-ban \u00e9retts\u00e9gizett (1918), orvosi oklevelet a bp.-i P\u00e1zm\u00e1ny P\u00e9ter TE-en szerzett (1926). P\u00e1ly\u00e1j\u00e1t a debreceni egyetemen [&hellip;]<\/p>\n","protected":false},"featured_media":0,"comment_status":"open","ping_status":"closed","template":"","meta":[],"product_brand":[],"product_cat":[137],"product_tag":[],"class_list":{"0":"post-14016","1":"product","2":"type-product","3":"status-publish","5":"product_cat-maros-megyei-eletrajzi-lexikon","7":"first","8":"instock","9":"shipping-taxable","10":"product-type-simple"},"_links":{"self":[{"href":"https:\/\/uj.adatbank.ro\/lexikon\/wp-json\/wp\/v2\/product\/14016","targetHints":{"allow":["GET"]}}],"collection":[{"href":"https:\/\/uj.adatbank.ro\/lexikon\/wp-json\/wp\/v2\/product"}],"about":[{"href":"https:\/\/uj.adatbank.ro\/lexikon\/wp-json\/wp\/v2\/types\/product"}],"replies":[{"embeddable":true,"href":"https:\/\/uj.adatbank.ro\/lexikon\/wp-json\/wp\/v2\/comments?post=14016"}],"wp:attachment":[{"href":"https:\/\/uj.adatbank.ro\/lexikon\/wp-json\/wp\/v2\/media?parent=14016"}],"wp:term":[{"taxonomy":"product_brand","embeddable":true,"href":"https:\/\/uj.adatbank.ro\/lexikon\/wp-json\/wp\/v2\/product_brand?post=14016"},{"taxonomy":"product_cat","embeddable":true,"href":"https:\/\/uj.adatbank.ro\/lexikon\/wp-json\/wp\/v2\/product_cat?post=14016"},{"taxonomy":"product_tag","embeddable":true,"href":"https:\/\/uj.adatbank.ro\/lexikon\/wp-json\/wp\/v2\/product_tag?post=14016"}],"curies":[{"name":"wp","href":"https:\/\/api.w.org\/{rel}","templated":true}]}}

LŐRINCZ Ernő András

<p>Csíkkozmás, 1900. júl. 27., † Csíkszereda, 1985. febr. 2. Temették Székelyzsombolyban: orvos, szülész-nőgyógyász, egyetemi tanár. – Felesége mellette dolgozott, igyekezett megkönnyíteni a szülés nehéz perceit. Férje halála után fiához, L. János belgyógyász orvoshoz Csíkszeredába költözött. – A nagyenyedi Bethlen Koll.-ban érettségizett (1918), orvosi oklevelet a bp.-i Pázmány Péter TE-en szerzett (1926). Pályáját a debreceni egyetemen kezdte; a miskolci Bábaképző Intézet tanára (1932–40); adjunktus a kv.-i egyetemen (1940–44). A mv.-i OGYI adjunktusa, a helyi szanatórium Szülészeti és Nőgyógyászati részlegének igazgatója (1946–63). Az OGYI-n egyetemi tanár 30 évig (1945–). Az első tanszékvezető, akit az Oktatásügyi Minisztérium kandidátusképző joggal ruházott fel. Mint doktorátus vezető szülészet-nőgyógyászatból, 23 orvostudományi doktori értekezést irányított. Jelentősek a szövetátültetés terén elért eredményei, külföldi szaklapok is méltatták, a nőgyógyászat terén hozzájárultak a szervátültetéses műtétek kifejlesztéséhez. Szakdolgozatai jóval meghaladták a százat – megjelentek a: M. Nőorvosok Lapja, Archiv für Gynäkologie, Studii şi Cercetări Ştiinţifice, Zeitschrift für Gebursthilfe und Gynäkologie-ben. Kitüntetése: Munkaérdemrend II. fokozata. – <strong>F. m.:</strong> Szülészet (Mv., 1948); Nőgyógyászat-szülészet (Mv., 1951); <strong>társsz.:</strong> Szülészeti, nőgyógyászati jegyzet (Mv., 1951); Nőgyógyászati jegyzet (Mv., 1954–55); Szülészeti jegyzet (Mv., 1954; 1959); Ginecologia (Buc., 1959); Nőgyógyászat (Mv., 1960); Obstetrică şi ginecologie (Buc., 1962). <br /><strong>Irod.:</strong> Dezső István; Genersich; Borbáth Andor, dr.: A nő- és anyavédelem kiemelkedő művelője volt&#8230;(V. Z., 1985. febr. 17.); Makkai János: Tudtam jót tenni! (V. Z., 1980. aug. 1.); [Nekrológ] (V. Z., 1985. febr. 5.); Péter; RMIL; Todea–Fülöp–Avram; Viharban</br></p>

<p>Csíkkozmás, 1900. júl. 27., † Csíkszereda, 1985. febr. 2. Temették Székelyzsombolyban: orvos, szülész-nőgyógyász, egyetemi tanár. – Felesége mellette dolgozott, igyekezett megkönnyíteni a szülés nehéz perceit. Férje halála után fiához, L. János belgyógyász orvoshoz Csíkszeredába költözött. – A nagyenyedi Bethlen Koll.-ban érettségizett (1918), orvosi oklevelet a bp.-i Pázmány Péter TE-en szerzett (1926). Pályáját a debreceni egyetemen [&hellip;]</p>
