{"id":14021,"date":"2025-07-15T12:47:54","date_gmt":"2025-07-15T10:47:54","guid":{"rendered":"https:\/\/uj.adatbank.ro\/lexikon\/termek\/lorincz-janos-2\/"},"modified":"2025-07-15T12:47:54","modified_gmt":"2025-07-15T10:47:54","slug":"lorincz-janos-2","status":"publish","type":"product","link":"https:\/\/uj.adatbank.ro\/lexikon\/termek\/lorincz-janos-2\/","title":{"rendered":"L\u0150RINCZ J\u00e1nos"},"content":{"rendered":"<p>1922.,\u2020 Mv., 1998. m\u00e1j. 30.: ref. lelk\u00e9sz. \u2013 Mik\u00f3\u00fajfaluban szolg\u00e1lt, amikor letart\u00f3ztatt\u00e1k (1958) a Beth\u00e1nia belmisszi\u00f3 egyes\u00fclet tagjak\u00e9nt. A mv.-i securitat\u00e9n t\u00f6lt\u00f6tt n\u00e9gy h\u00f3nap ut\u00e1n k\u00f6vetkezett 73 h\u00f3nap (hat \u00e9v) a szamos\u00e1jv\u00e1ri b\u00f6rt\u00f6nben. Amneszta r\u00e9v\u00e9n szabadult (1964) Magyar\u00f3kereken volt lelk\u00e9sz 20 \u00e9vig. B\u00f6rt\u00f6n\u00e9lm\u00e9nyeit megfogalmazta \u00e9s 19 t\u00e1rs\u00e1val egy\u00fctt k\u00f6z\u00f6lt\u00e9k. \u2013 <strong>F. m.:<\/strong> <strong>t\u00e1rssz.:<\/strong> Bilincseket \u00e9s b\u00f6rt\u00f6nt (Kv., 1996). <br \/><strong>Irod.:<\/strong> L. J.: G\u00e1lyarabok nyomdokain (N\u00fa., 1998. \u00e1pr. 10.); [Nekrol\u00f3g] (N\u00fa., 1998. j\u00fan. 2.)<\/br><\/p>\n","protected":false},"excerpt":{"rendered":"<p>1922.,\u2020 Mv., 1998. m\u00e1j. 30.: ref. lelk\u00e9sz. \u2013 Mik\u00f3\u00fajfaluban szolg\u00e1lt, amikor letart\u00f3ztatt\u00e1k (1958) a Beth\u00e1nia belmisszi\u00f3 egyes\u00fclet tagjak\u00e9nt. A mv.-i securitat\u00e9n t\u00f6lt\u00f6tt n\u00e9gy h\u00f3nap ut\u00e1n k\u00f6vetkezett 73 h\u00f3nap (hat \u00e9v) a szamos\u00e1jv\u00e1ri b\u00f6rt\u00f6nben. Amneszta r\u00e9v\u00e9n szabadult (1964) Magyar\u00f3kereken volt lelk\u00e9sz 20 \u00e9vig. B\u00f6rt\u00f6n\u00e9lm\u00e9nyeit megfogalmazta \u00e9s 19 t\u00e1rs\u00e1val egy\u00fctt k\u00f6z\u00f6lt\u00e9k. \u2013 F. m.: t\u00e1rssz.: Bilincseket \u00e9s [&hellip;]<\/p>\n","protected":false},"featured_media":0,"comment_status":"open","ping_status":"closed","template":"","meta":[],"product_brand":[],"product_cat":[137],"product_tag":[],"class_list":{"0":"post-14021","1":"product","2":"type-product","3":"status-publish","5":"product_cat-maros-megyei-eletrajzi-lexikon","7":"first","8":"instock","9":"shipping-taxable","10":"product-type-simple"},"_links":{"self":[{"href":"https:\/\/uj.adatbank.ro\/lexikon\/wp-json\/wp\/v2\/product\/14021","targetHints":{"allow":["GET"]}}],"collection":[{"href":"https:\/\/uj.adatbank.ro\/lexikon\/wp-json\/wp\/v2\/product"}],"about":[{"href":"https:\/\/uj.adatbank.ro\/lexikon\/wp-json\/wp\/v2\/types\/product"}],"replies":[{"embeddable":true,"href":"https:\/\/uj.adatbank.ro\/lexikon\/wp-json\/wp\/v2\/comments?post=14021"}],"wp:attachment":[{"href":"https:\/\/uj.adatbank.ro\/lexikon\/wp-json\/wp\/v2\/media?parent=14021"}],"wp:term":[{"taxonomy":"product_brand","embeddable":true,"href":"https:\/\/uj.adatbank.ro\/lexikon\/wp-json\/wp\/v2\/product_brand?post=14021"},{"taxonomy":"product_cat","embeddable":true,"href":"https:\/\/uj.adatbank.ro\/lexikon\/wp-json\/wp\/v2\/product_cat?post=14021"},{"taxonomy":"product_tag","embeddable":true,"href":"https:\/\/uj.adatbank.ro\/lexikon\/wp-json\/wp\/v2\/product_tag?post=14021"}],"curies":[{"name":"wp","href":"https:\/\/api.w.org\/{rel}","templated":true}]}}

LŐRINCZ János

<p>1922.,† Mv., 1998. máj. 30.: ref. lelkész. – Mikóújfaluban szolgált, amikor letartóztatták (1958) a Bethánia belmisszió egyesület tagjaként. A mv.-i securitatén töltött négy hónap után következett 73 hónap (hat év) a szamosájvári börtönben. Amneszta révén szabadult (1964) Magyarókereken volt lelkész 20 évig. Börtönélményeit megfogalmazta és 19 társával együtt közölték. – <strong>F. m.:</strong> <strong>társsz.:</strong> Bilincseket és börtönt (Kv., 1996). <br /><strong>Irod.:</strong> L. J.: Gályarabok nyomdokain (Nú., 1998. ápr. 10.); [Nekrológ] (Nú., 1998. jún. 2.)</br></p>

<p>1922.,† Mv., 1998. máj. 30.: ref. lelkész. – Mikóújfaluban szolgált, amikor letartóztatták (1958) a Bethánia belmisszió egyesület tagjaként. A mv.-i securitatén töltött négy hónap után következett 73 hónap (hat év) a szamosájvári börtönben. Amneszta révén szabadult (1964) Magyarókereken volt lelkész 20 évig. Börtönélményeit megfogalmazta és 19 társával együtt közölték. – F. m.: társsz.: Bilincseket és [&hellip;]</p>
