{"id":14023,"date":"2025-07-15T12:47:57","date_gmt":"2025-07-15T10:47:57","guid":{"rendered":"https:\/\/uj.adatbank.ro\/lexikon\/termek\/lorincz-lajos\/"},"modified":"2025-07-15T12:47:57","modified_gmt":"2025-07-15T10:47:57","slug":"lorincz-lajos","status":"publish","type":"product","link":"https:\/\/uj.adatbank.ro\/lexikon\/termek\/lorincz-lajos\/","title":{"rendered":"L\u0150RINCZ Lajos"},"content":{"rendered":"<p>Korond, 1931.\u2020 ?\u00a0: t\u00e1ncmester, koreogr\u00e1fus. \u2013 Az anyai nagymam\u00e1ja h\u00edres n\u00f3tafa, \u00e9desapj\u00e1nak saj\u00e1t zenekara volt, a zezei hajlamot \u00f6r\u00f6k\u00f6lhette.A zenem\u0171v\u00e9szti tanulm\u00e1nyait 18 \u00e9vesen kezdte \u00e9s h\u00e1rom \u00e9v alatt v\u00e9gezte el a n\u00e9gy\u00e9vet.A mv.-i filharm\u00f3nia tagja 21 \u00e9vesen. Sz\u00fcleit kul\u00e1knak nyilv\u00e1n\u00edtott\u00e1k \u00e9s ez\u00e9rt nem alkalmazt\u00e1k f\u0151\u00e1ll\u00e1sba. A teol\u00f3gia hallgat\u00f3ja (1952\u2013), de \u00e9desapja hal\u00e1la ut\u00e1n a N\u00e9pi Alkot\u00e1sok H\u00e1z\u00e1ban m\u0171k\u00f6d\u00f6tt (1970\u20131984). Sepsiszentgy\u00f6rgy\u00f6n megalap\u00edtotta a Vadr\u00f3zs\u00e1k egy\u00fcttest. Egy m\u0171t\u00e9t ut\u00e1n visszat\u00e9rt Mv.-re az Alkot\u00e1sok H\u00e1za vezet\u0151je. R\u00e9szt vett a n\u00e9pdal- \u00e9s n\u00e9pt\u00e1ncgy\u0171jt\u00e9seken. T\u00f6bb k\u00f6zs\u00e9gben \u00f6szt\u00f6nz\u00e9s\u00e9re hagyom\u00e1ny\u0151rz\u0151 t\u00e1nccsoportok alakultak.A mv.-i \u00c1llami Sz\u00e9kely N\u00e9pi Egy\u00fcttes egyik alap\u00edt\u00f3ja (1990\u2013), m\u0171v\u00e9szeti vezet\u0151je. T\u00e1mogatta, oktatta a fiatal t\u00e1ncm\u0171v\u00e9szeket.Koreogr\u00e1fus-igazgat\u00f3k\u00e9nt vonult nyugd\u00edjba (1993).-<br \/><strong>Irod.:<\/strong> Sz\u00e9kely Sz.Z.<\/br><\/p>\n","protected":false},"excerpt":{"rendered":"<p>Korond, 1931.\u2020 ?\u00a0: t\u00e1ncmester, koreogr\u00e1fus. \u2013 Az anyai nagymam\u00e1ja h\u00edres n\u00f3tafa, \u00e9desapj\u00e1nak saj\u00e1t zenekara volt, a zezei hajlamot \u00f6r\u00f6k\u00f6lhette.A zenem\u0171v\u00e9szti tanulm\u00e1nyait 18 \u00e9vesen kezdte \u00e9s h\u00e1rom \u00e9v alatt v\u00e9gezte el a n\u00e9gy\u00e9vet.A mv.-i filharm\u00f3nia tagja 21 \u00e9vesen. Sz\u00fcleit kul\u00e1knak nyilv\u00e1n\u00edtott\u00e1k \u00e9s ez\u00e9rt nem alkalmazt\u00e1k f\u0151\u00e1ll\u00e1sba. A teol\u00f3gia hallgat\u00f3ja (1952\u2013), de \u00e9desapja hal\u00e1la ut\u00e1n a N\u00e9pi [&hellip;]<\/p>\n","protected":false},"featured_media":0,"comment_status":"open","ping_status":"closed","template":"","meta":[],"product_brand":[],"product_cat":[137],"product_tag":[],"class_list":{"0":"post-14023","1":"product","2":"type-product","3":"status-publish","5":"product_cat-maros-megyei-eletrajzi-lexikon","7":"first","8":"instock","9":"shipping-taxable","10":"product-type-simple"},"_links":{"self":[{"href":"https:\/\/uj.adatbank.ro\/lexikon\/wp-json\/wp\/v2\/product\/14023","targetHints":{"allow":["GET"]}}],"collection":[{"href":"https:\/\/uj.adatbank.ro\/lexikon\/wp-json\/wp\/v2\/product"}],"about":[{"href":"https:\/\/uj.adatbank.ro\/lexikon\/wp-json\/wp\/v2\/types\/product"}],"replies":[{"embeddable":true,"href":"https:\/\/uj.adatbank.ro\/lexikon\/wp-json\/wp\/v2\/comments?post=14023"}],"wp:attachment":[{"href":"https:\/\/uj.adatbank.ro\/lexikon\/wp-json\/wp\/v2\/media?parent=14023"}],"wp:term":[{"taxonomy":"product_brand","embeddable":true,"href":"https:\/\/uj.adatbank.ro\/lexikon\/wp-json\/wp\/v2\/product_brand?post=14023"},{"taxonomy":"product_cat","embeddable":true,"href":"https:\/\/uj.adatbank.ro\/lexikon\/wp-json\/wp\/v2\/product_cat?post=14023"},{"taxonomy":"product_tag","embeddable":true,"href":"https:\/\/uj.adatbank.ro\/lexikon\/wp-json\/wp\/v2\/product_tag?post=14023"}],"curies":[{"name":"wp","href":"https:\/\/api.w.org\/{rel}","templated":true}]}}

LŐRINCZ Lajos

<p>Korond, 1931.† ? : táncmester, koreográfus. – Az anyai nagymamája híres nótafa, édesapjának saját zenekara volt, a zezei hajlamot örökölhette.A zeneművészti tanulmányait 18 évesen kezdte és három év alatt végezte el a négyévet.A mv.-i filharmónia tagja 21 évesen. Szüleit kuláknak nyilvánították és ezért nem alkalmazták főállásba. A teológia hallgatója (1952–), de édesapja halála után a Népi Alkotások Házában működött (1970–1984). Sepsiszentgyörgyön megalapította a Vadrózsák együttest. Egy műtét után visszatért Mv.-re az Alkotások Háza vezetője. Részt vett a népdal- és néptáncgyűjtéseken. Több községben ösztönzésére hagyományőrző tánccsoportok alakultak.A mv.-i Állami Székely Népi Együttes egyik alapítója (1990–), művészeti vezetője. Támogatta, oktatta a fiatal táncművészeket.Koreográfus-igazgatóként vonult nyugdíjba (1993).-<br /><strong>Irod.:</strong> Székely Sz.Z.</br></p>

<p>Korond, 1931.† ? : táncmester, koreográfus. – Az anyai nagymamája híres nótafa, édesapjának saját zenekara volt, a zezei hajlamot örökölhette.A zeneművészti tanulmányait 18 évesen kezdte és három év alatt végezte el a négyévet.A mv.-i filharmónia tagja 21 évesen. Szüleit kuláknak nyilvánították és ezért nem alkalmazták főállásba. A teológia hallgatója (1952–), de édesapja halála után a Népi [&hellip;]</p>
