{"id":14029,"date":"2025-07-15T12:48:08","date_gmt":"2025-07-15T10:48:08","guid":{"rendered":"https:\/\/uj.adatbank.ro\/lexikon\/termek\/lorinczi-arpad-2\/"},"modified":"2025-07-15T12:48:08","modified_gmt":"2025-07-15T10:48:08","slug":"lorinczi-arpad-2","status":"publish","type":"product","link":"https:\/\/uj.adatbank.ro\/lexikon\/termek\/lorinczi-arpad-2\/","title":{"rendered":"L\u0150RINCZI \u00c1rp\u00e1d"},"content":{"rendered":"<p>? \u2020 ?: lelk\u00e9sz. \u2013 Vajasd gy\u00fclekezet ref. lelk\u00e9sze (1909\u20131925). Barcaf\u00f6ldv\u00e1r lelk\u00e9sze. F\u00f6ldv\u00e1ron volt az egyik rom\u00e1niai fogolyt\u00e1bor (\u00f6sszesen 12 t\u00e1bor volt), ahol t\u00f6bbs\u00e9g\u00fckben otthonr\u00f3l elhucolt civilek raboskodtak. L\u00fcget falu fogolytemet\u0151j\u00e9be temette a t\u00e1borban elhunytakat. Sireml\u00e9ke nem maradt. <br \/><strong>Irod.:<\/strong> Cs\u00e1ky<\/br><\/p>\n","protected":false},"excerpt":{"rendered":"<p>? \u2020 ?: lelk\u00e9sz. \u2013 Vajasd gy\u00fclekezet ref. lelk\u00e9sze (1909\u20131925). Barcaf\u00f6ldv\u00e1r lelk\u00e9sze. F\u00f6ldv\u00e1ron volt az egyik rom\u00e1niai fogolyt\u00e1bor (\u00f6sszesen 12 t\u00e1bor volt), ahol t\u00f6bbs\u00e9g\u00fckben otthonr\u00f3l elhucolt civilek raboskodtak. L\u00fcget falu fogolytemet\u0151j\u00e9be temette a t\u00e1borban elhunytakat. Sireml\u00e9ke nem maradt. Irod.: Cs\u00e1ky<\/p>\n","protected":false},"featured_media":0,"comment_status":"open","ping_status":"closed","template":"","meta":[],"product_brand":[],"product_cat":[137],"product_tag":[],"class_list":{"0":"post-14029","1":"product","2":"type-product","3":"status-publish","5":"product_cat-maros-megyei-eletrajzi-lexikon","7":"first","8":"instock","9":"shipping-taxable","10":"product-type-simple"},"_links":{"self":[{"href":"https:\/\/uj.adatbank.ro\/lexikon\/wp-json\/wp\/v2\/product\/14029","targetHints":{"allow":["GET"]}}],"collection":[{"href":"https:\/\/uj.adatbank.ro\/lexikon\/wp-json\/wp\/v2\/product"}],"about":[{"href":"https:\/\/uj.adatbank.ro\/lexikon\/wp-json\/wp\/v2\/types\/product"}],"replies":[{"embeddable":true,"href":"https:\/\/uj.adatbank.ro\/lexikon\/wp-json\/wp\/v2\/comments?post=14029"}],"wp:attachment":[{"href":"https:\/\/uj.adatbank.ro\/lexikon\/wp-json\/wp\/v2\/media?parent=14029"}],"wp:term":[{"taxonomy":"product_brand","embeddable":true,"href":"https:\/\/uj.adatbank.ro\/lexikon\/wp-json\/wp\/v2\/product_brand?post=14029"},{"taxonomy":"product_cat","embeddable":true,"href":"https:\/\/uj.adatbank.ro\/lexikon\/wp-json\/wp\/v2\/product_cat?post=14029"},{"taxonomy":"product_tag","embeddable":true,"href":"https:\/\/uj.adatbank.ro\/lexikon\/wp-json\/wp\/v2\/product_tag?post=14029"}],"curies":[{"name":"wp","href":"https:\/\/api.w.org\/{rel}","templated":true}]}}