{"id":14034,"date":"2025-07-15T12:48:20","date_gmt":"2025-07-15T10:48:20","guid":{"rendered":"https:\/\/uj.adatbank.ro\/lexikon\/termek\/lorinczi-elek\/"},"modified":"2025-07-15T12:48:20","modified_gmt":"2025-07-15T10:48:20","slug":"lorinczi-elek","status":"publish","type":"product","link":"https:\/\/uj.adatbank.ro\/lexikon\/termek\/lorinczi-elek\/","title":{"rendered":"L\u0150RINCZI Elek"},"content":{"rendered":"<p>Homor\u00f3dszentm\u00e1rton, 1823 k.,\u2020 K\u00e9nos, 1872.: tan\u00edt\u00f3. \u2013 L..Mih\u00e1ly iskolamester fia. \u2013 Sz\u00e9kelykereszt\u00faron (1853\u201355) \u00e9s Kv.-on tanult. Szentgeric\u00e9n tan\u00edtott (1844\u201349), Tiboldi Istv\u00e1nt k\u00f6vette. Majd \u00c1rkoson volt tan\u00edt\u00f3. <br \/><strong>Irod.:<\/strong> Kriza levelez\u00e9s; Szentgerice<\/br><\/p>\n","protected":false},"excerpt":{"rendered":"<p>Homor\u00f3dszentm\u00e1rton, 1823 k.,\u2020 K\u00e9nos, 1872.: tan\u00edt\u00f3. \u2013 L..Mih\u00e1ly iskolamester fia. \u2013 Sz\u00e9kelykereszt\u00faron (1853\u201355) \u00e9s Kv.-on tanult. Szentgeric\u00e9n tan\u00edtott (1844\u201349), Tiboldi Istv\u00e1nt k\u00f6vette. Majd \u00c1rkoson volt tan\u00edt\u00f3. Irod.: Kriza levelez\u00e9s; Szentgerice<\/p>\n","protected":false},"featured_media":0,"comment_status":"open","ping_status":"closed","template":"","meta":[],"product_brand":[],"product_cat":[137],"product_tag":[],"class_list":{"0":"post-14034","1":"product","2":"type-product","3":"status-publish","5":"product_cat-maros-megyei-eletrajzi-lexikon","7":"first","8":"instock","9":"shipping-taxable","10":"product-type-simple"},"_links":{"self":[{"href":"https:\/\/uj.adatbank.ro\/lexikon\/wp-json\/wp\/v2\/product\/14034","targetHints":{"allow":["GET"]}}],"collection":[{"href":"https:\/\/uj.adatbank.ro\/lexikon\/wp-json\/wp\/v2\/product"}],"about":[{"href":"https:\/\/uj.adatbank.ro\/lexikon\/wp-json\/wp\/v2\/types\/product"}],"replies":[{"embeddable":true,"href":"https:\/\/uj.adatbank.ro\/lexikon\/wp-json\/wp\/v2\/comments?post=14034"}],"wp:attachment":[{"href":"https:\/\/uj.adatbank.ro\/lexikon\/wp-json\/wp\/v2\/media?parent=14034"}],"wp:term":[{"taxonomy":"product_brand","embeddable":true,"href":"https:\/\/uj.adatbank.ro\/lexikon\/wp-json\/wp\/v2\/product_brand?post=14034"},{"taxonomy":"product_cat","embeddable":true,"href":"https:\/\/uj.adatbank.ro\/lexikon\/wp-json\/wp\/v2\/product_cat?post=14034"},{"taxonomy":"product_tag","embeddable":true,"href":"https:\/\/uj.adatbank.ro\/lexikon\/wp-json\/wp\/v2\/product_tag?post=14034"}],"curies":[{"name":"wp","href":"https:\/\/api.w.org\/{rel}","templated":true}]}}