{"id":14043,"date":"2025-07-15T12:48:39","date_gmt":"2025-07-15T10:48:39","guid":{"rendered":"https:\/\/uj.adatbank.ro\/lexikon\/termek\/lorinczi-mihaly\/"},"modified":"2025-07-15T12:48:39","modified_gmt":"2025-07-15T10:48:39","slug":"lorinczi-mihaly","status":"publish","type":"product","link":"https:\/\/uj.adatbank.ro\/lexikon\/termek\/lorinczi-mihaly\/","title":{"rendered":"L\u0150RINCZI Mih\u00e1ly"},"content":{"rendered":"<p>Szent\u00e1brah\u00e1m,1891.\u2020 Bp., 1991. m\u00e1j.: unit. lelk\u00e9sz, teol\u00f3giai tan\u00e1r, hitoktat\u00f3. \u2013 Feles\u00e9ge: dr. Bed\u0151 J\u00falia, \u00fcgyv\u00e9d. \u2013 Sz\u00e9kelykereszt\u00faron \u00e9s Kv.-on tanult (1931\u201335). Lelk\u00e9sz volt Kv.-on, Tord\u00e1n, Fogarason (1935\u201338). A chicago-i Meadwille egyetemen k\u00e9pezte mag\u00e1t (1938\u201341). A Mv.-i M. Kir. \u00c1llami Tan\u00edt\u00f3k\u00e9pz\u0151 Int\u00e9zet \u00e9s L\u00edc.-ban hittant tan\u00edtott (1941\u201347). A kv.-i Teol\u00f3gi\u00e1n a h\u00e9ber nyelv \u00e9s az \u00f3sz\u00f6vets\u00e9gi szakcsoport tan\u00e1ra volt (1947\u201358). Koholt v\u00e1dak alapj\u00e1n 7 \u00e9vi k\u00e9nyszermunk\u00e1ra \u00edt\u00e9lt\u00e9k, (1959\u201363), k\u00f6zkegyelemmel szabadult. Szindben volt lelk\u00e9sz (1964\u201381).- F.m. : antol\u00f3gi\u00e1ban: D\u00e1vid Ferenc eml\u00e9kk\u00f6tet (1579\u20131979 ( Kv, 1979). <br \/><strong>Irod.:<\/strong> Szab\u00f3 K. Attila; Unit. lex.<\/br><\/p>\n","protected":false},"excerpt":{"rendered":"<p>Szent\u00e1brah\u00e1m,1891.\u2020 Bp., 1991. m\u00e1j.: unit. lelk\u00e9sz, teol\u00f3giai tan\u00e1r, hitoktat\u00f3. \u2013 Feles\u00e9ge: dr. Bed\u0151 J\u00falia, \u00fcgyv\u00e9d. \u2013 Sz\u00e9kelykereszt\u00faron \u00e9s Kv.-on tanult (1931\u201335). Lelk\u00e9sz volt Kv.-on, Tord\u00e1n, Fogarason (1935\u201338). A chicago-i Meadwille egyetemen k\u00e9pezte mag\u00e1t (1938\u201341). A Mv.-i M. Kir. \u00c1llami Tan\u00edt\u00f3k\u00e9pz\u0151 Int\u00e9zet \u00e9s L\u00edc.-ban hittant tan\u00edtott (1941\u201347). A kv.-i Teol\u00f3gi\u00e1n a h\u00e9ber nyelv \u00e9s az \u00f3sz\u00f6vets\u00e9gi [&hellip;]<\/p>\n","protected":false},"featured_media":0,"comment_status":"open","ping_status":"closed","template":"","meta":[],"product_brand":[],"product_cat":[137],"product_tag":[],"class_list":{"0":"post-14043","1":"product","2":"type-product","3":"status-publish","5":"product_cat-maros-megyei-eletrajzi-lexikon","7":"first","8":"instock","9":"shipping-taxable","10":"product-type-simple"},"_links":{"self":[{"href":"https:\/\/uj.adatbank.ro\/lexikon\/wp-json\/wp\/v2\/product\/14043","targetHints":{"allow":["GET"]}}],"collection":[{"href":"https:\/\/uj.adatbank.ro\/lexikon\/wp-json\/wp\/v2\/product"}],"about":[{"href":"https:\/\/uj.adatbank.ro\/lexikon\/wp-json\/wp\/v2\/types\/product"}],"replies":[{"embeddable":true,"href":"https:\/\/uj.adatbank.ro\/lexikon\/wp-json\/wp\/v2\/comments?post=14043"}],"wp:attachment":[{"href":"https:\/\/uj.adatbank.ro\/lexikon\/wp-json\/wp\/v2\/media?parent=14043"}],"wp:term":[{"taxonomy":"product_brand","embeddable":true,"href":"https:\/\/uj.adatbank.ro\/lexikon\/wp-json\/wp\/v2\/product_brand?post=14043"},{"taxonomy":"product_cat","embeddable":true,"href":"https:\/\/uj.adatbank.ro\/lexikon\/wp-json\/wp\/v2\/product_cat?post=14043"},{"taxonomy":"product_tag","embeddable":true,"href":"https:\/\/uj.adatbank.ro\/lexikon\/wp-json\/wp\/v2\/product_tag?post=14043"}],"curies":[{"name":"wp","href":"https:\/\/api.w.org\/{rel}","templated":true}]}}

LŐRINCZI Mihály

<p>Szentábrahám,1891.† Bp., 1991. máj.: unit. lelkész, teológiai tanár, hitoktató. – Felesége: dr. Bedő Júlia, ügyvéd. – Székelykeresztúron és Kv.-on tanult (1931–35). Lelkész volt Kv.-on, Tordán, Fogarason (1935–38). A chicago-i Meadwille egyetemen képezte magát (1938–41). A Mv.-i M. Kir. Állami Tanítóképző Intézet és Líc.-ban hittant tanított (1941–47). A kv.-i Teológián a héber nyelv és az ószövetségi szakcsoport tanára volt (1947–58). Koholt vádak alapján 7 évi kényszermunkára ítélték, (1959–63), közkegyelemmel szabadult. Szindben volt lelkész (1964–81).- F.m. : antológiában: Dávid Ferenc emlékkötet (1579–1979 ( Kv, 1979). <br /><strong>Irod.:</strong> Szabó K. Attila; Unit. lex.</br></p>

<p>Szentábrahám,1891.† Bp., 1991. máj.: unit. lelkész, teológiai tanár, hitoktató. – Felesége: dr. Bedő Júlia, ügyvéd. – Székelykeresztúron és Kv.-on tanult (1931–35). Lelkész volt Kv.-on, Tordán, Fogarason (1935–38). A chicago-i Meadwille egyetemen képezte magát (1938–41). A Mv.-i M. Kir. Állami Tanítóképző Intézet és Líc.-ban hittant tanított (1941–47). A kv.-i Teológián a héber nyelv és az ószövetségi [&hellip;]</p>
