{"id":14044,"date":"2025-07-15T12:48:40","date_gmt":"2025-07-15T10:48:40","guid":{"rendered":"https:\/\/uj.adatbank.ro\/lexikon\/termek\/lorinczi-miklos\/"},"modified":"2025-07-15T12:48:40","modified_gmt":"2025-07-15T10:48:40","slug":"lorinczi-miklos","status":"publish","type":"product","link":"https:\/\/uj.adatbank.ro\/lexikon\/termek\/lorinczi-miklos\/","title":{"rendered":"L\u0150RINCZI Mikl\u00f3s"},"content":{"rendered":"<p>G\u00f6c (Kolozs), 1927. m\u00e1j. 31., \u2020 Mv., 2001. j\u00fan. 20.: \u00e9lelmez\u00e9sipari m\u00e9rn\u00f6k. \u2013 \u00c9retts\u00e9gizett Kv.-on a R. K. Gimn\u00e1ziumban (1946); Galacon v\u00e9gezte az \u00c9lelmiszeripari M\u0171szaki F\u0151iskol\u00e1t \u00e9s m\u00e9rn\u00f6ki oklevelet szerzett (1962). Dolgozott a mv.-i illetve a nagyv\u00e1radi Konzervgy\u00e1rban; a kolozsmegyei Kutat\u00f3 \u00e9s Tervez\u0151 Int\u00e9zet technol\u00f3giai oszt\u00e1ly\u00e1n (1973\u201380). Ismeretterjeszt\u0151 cikkei a Dolgoz\u00f3 N\u0151. \u2013ben jelentek meg. \u2013 <strong>F. m.:<\/strong> T\u00e1pl\u00e1l\u00f3 mikroorganizmusok (Kv., 1979). <br \/><strong>Irod.:<\/strong> RMIL; Todea\u2013F\u00fcl\u00f6p\u2013Avram<\/br><\/p>\n","protected":false},"excerpt":{"rendered":"<p>G\u00f6c (Kolozs), 1927. m\u00e1j. 31., \u2020 Mv., 2001. j\u00fan. 20.: \u00e9lelmez\u00e9sipari m\u00e9rn\u00f6k. \u2013 \u00c9retts\u00e9gizett Kv.-on a R. K. Gimn\u00e1ziumban (1946); Galacon v\u00e9gezte az \u00c9lelmiszeripari M\u0171szaki F\u0151iskol\u00e1t \u00e9s m\u00e9rn\u00f6ki oklevelet szerzett (1962). Dolgozott a mv.-i illetve a nagyv\u00e1radi Konzervgy\u00e1rban; a kolozsmegyei Kutat\u00f3 \u00e9s Tervez\u0151 Int\u00e9zet technol\u00f3giai oszt\u00e1ly\u00e1n (1973\u201380). Ismeretterjeszt\u0151 cikkei a Dolgoz\u00f3 N\u0151. \u2013ben jelentek meg. [&hellip;]<\/p>\n","protected":false},"featured_media":0,"comment_status":"open","ping_status":"closed","template":"","meta":[],"product_brand":[],"product_cat":[137],"product_tag":[],"class_list":{"0":"post-14044","1":"product","2":"type-product","3":"status-publish","5":"product_cat-maros-megyei-eletrajzi-lexikon","7":"first","8":"instock","9":"shipping-taxable","10":"product-type-simple"},"_links":{"self":[{"href":"https:\/\/uj.adatbank.ro\/lexikon\/wp-json\/wp\/v2\/product\/14044","targetHints":{"allow":["GET"]}}],"collection":[{"href":"https:\/\/uj.adatbank.ro\/lexikon\/wp-json\/wp\/v2\/product"}],"about":[{"href":"https:\/\/uj.adatbank.ro\/lexikon\/wp-json\/wp\/v2\/types\/product"}],"replies":[{"embeddable":true,"href":"https:\/\/uj.adatbank.ro\/lexikon\/wp-json\/wp\/v2\/comments?post=14044"}],"wp:attachment":[{"href":"https:\/\/uj.adatbank.ro\/lexikon\/wp-json\/wp\/v2\/media?parent=14044"}],"wp:term":[{"taxonomy":"product_brand","embeddable":true,"href":"https:\/\/uj.adatbank.ro\/lexikon\/wp-json\/wp\/v2\/product_brand?post=14044"},{"taxonomy":"product_cat","embeddable":true,"href":"https:\/\/uj.adatbank.ro\/lexikon\/wp-json\/wp\/v2\/product_cat?post=14044"},{"taxonomy":"product_tag","embeddable":true,"href":"https:\/\/uj.adatbank.ro\/lexikon\/wp-json\/wp\/v2\/product_tag?post=14044"}],"curies":[{"name":"wp","href":"https:\/\/api.w.org\/{rel}","templated":true}]}}

LŐRINCZI Miklós

<p>Göc (Kolozs), 1927. máj. 31., † Mv., 2001. jún. 20.: élelmezésipari mérnök. – Érettségizett Kv.-on a R. K. Gimnáziumban (1946); Galacon végezte az Élelmiszeripari Műszaki Főiskolát és mérnöki oklevelet szerzett (1962). Dolgozott a mv.-i illetve a nagyváradi Konzervgyárban; a kolozsmegyei Kutató és Tervező Intézet technológiai osztályán (1973–80). Ismeretterjesztő cikkei a Dolgozó Nő. –ben jelentek meg. – <strong>F. m.:</strong> Tápláló mikroorganizmusok (Kv., 1979). <br /><strong>Irod.:</strong> RMIL; Todea–Fülöp–Avram</br></p>

<p>Göc (Kolozs), 1927. máj. 31., † Mv., 2001. jún. 20.: élelmezésipari mérnök. – Érettségizett Kv.-on a R. K. Gimnáziumban (1946); Galacon végezte az Élelmiszeripari Műszaki Főiskolát és mérnöki oklevelet szerzett (1962). Dolgozott a mv.-i illetve a nagyváradi Konzervgyárban; a kolozsmegyei Kutató és Tervező Intézet technológiai osztályán (1973–80). Ismeretterjesztő cikkei a Dolgozó Nő. –ben jelentek meg. [&hellip;]</p>
