{"id":14046,"date":"2025-07-15T12:48:43","date_gmt":"2025-07-15T10:48:43","guid":{"rendered":"https:\/\/uj.adatbank.ro\/lexikon\/termek\/lorinczi-zoltan-lorinczy\/"},"modified":"2025-07-15T12:48:43","modified_gmt":"2025-07-15T10:48:43","slug":"lorinczi-zoltan-lorinczy","status":"publish","type":"product","link":"https:\/\/uj.adatbank.ro\/lexikon\/termek\/lorinczi-zoltan-lorinczy\/","title":{"rendered":"L\u0150RINCZI Zolt\u00e1n, L\u0151rinczy"},"content":{"rendered":"<p>Ikland, 1889., \u2020\u00a0?: f\u00f6ldbirtokos, f\u0151hadnagy. \u2013 Feles\u00e9ge: Ehrenvert Ida, tan\u00edt\u00f3n\u0151 \u2013 Sz\u00e9kelyudvarhelyen \u00e9rets\u00e9gizett, majd t\u00e9nyleges katonai szolg\u00e1latra a 22. honv. gy. ezredbe vonult be, melynek k\u00f6tel\u00e9k\u00e9ben gazd\u00e1szati tanfolyamot v\u00e9gzett Bp.-en, k\u00e9s\u0151bb a m. k. Korona\u0151rs\u00e9gn\u00e9l szolg\u00e1lt, onnan visszavez\u00e9nyelt\u00e9k a 22. h. gy. e.-hez mint gazdas\u00e1gi tisztet. Az els\u0151 vh.-ben mint hadnagy az orosz \u00e9s az olasz fronton harcolt, mint f\u0151hadnagy szerelt le a kor. Arany\u00e9rem a kardokkal, arany Sig. Laud, ez\u00fcst Sig. Laud., K\u00e1roly Csapatkeresz, 12\u201313. mozg. \u00e9rem kit\u00fcntet\u00e9sekkel. A h\u00e1bor\u00fa ut\u00e1n hadb\u00edr\u00f3s\u00e1g el\u00e9 \u00e1ll\u00edtott\u00e1k \u00e9s beb\u00f6rt\u00f6n\u00f6zt\u00e9k. <br \/><strong>Irod.:<\/strong> Erd\u00e9lyi v\u00e1rmegy\u00e9k; Sz\u00e9kelyf\u00f6ld \u00ed.k<\/br><\/p>\n","protected":false},"excerpt":{"rendered":"<p>Ikland, 1889., \u2020\u00a0?: f\u00f6ldbirtokos, f\u0151hadnagy. \u2013 Feles\u00e9ge: Ehrenvert Ida, tan\u00edt\u00f3n\u0151 \u2013 Sz\u00e9kelyudvarhelyen \u00e9rets\u00e9gizett, majd t\u00e9nyleges katonai szolg\u00e1latra a 22. honv. gy. ezredbe vonult be, melynek k\u00f6tel\u00e9k\u00e9ben gazd\u00e1szati tanfolyamot v\u00e9gzett Bp.-en, k\u00e9s\u0151bb a m. k. Korona\u0151rs\u00e9gn\u00e9l szolg\u00e1lt, onnan visszavez\u00e9nyelt\u00e9k a 22. h. gy. e.-hez mint gazdas\u00e1gi tisztet. Az els\u0151 vh.-ben mint hadnagy az orosz \u00e9s az [&hellip;]<\/p>\n","protected":false},"featured_media":0,"comment_status":"open","ping_status":"closed","template":"","meta":[],"product_brand":[],"product_cat":[137],"product_tag":[],"class_list":{"0":"post-14046","1":"product","2":"type-product","3":"status-publish","5":"product_cat-maros-megyei-eletrajzi-lexikon","7":"first","8":"instock","9":"shipping-taxable","10":"product-type-simple"},"_links":{"self":[{"href":"https:\/\/uj.adatbank.ro\/lexikon\/wp-json\/wp\/v2\/product\/14046","targetHints":{"allow":["GET"]}}],"collection":[{"href":"https:\/\/uj.adatbank.ro\/lexikon\/wp-json\/wp\/v2\/product"}],"about":[{"href":"https:\/\/uj.adatbank.ro\/lexikon\/wp-json\/wp\/v2\/types\/product"}],"replies":[{"embeddable":true,"href":"https:\/\/uj.adatbank.ro\/lexikon\/wp-json\/wp\/v2\/comments?post=14046"}],"wp:attachment":[{"href":"https:\/\/uj.adatbank.ro\/lexikon\/wp-json\/wp\/v2\/media?parent=14046"}],"wp:term":[{"taxonomy":"product_brand","embeddable":true,"href":"https:\/\/uj.adatbank.ro\/lexikon\/wp-json\/wp\/v2\/product_brand?post=14046"},{"taxonomy":"product_cat","embeddable":true,"href":"https:\/\/uj.adatbank.ro\/lexikon\/wp-json\/wp\/v2\/product_cat?post=14046"},{"taxonomy":"product_tag","embeddable":true,"href":"https:\/\/uj.adatbank.ro\/lexikon\/wp-json\/wp\/v2\/product_tag?post=14046"}],"curies":[{"name":"wp","href":"https:\/\/api.w.org\/{rel}","templated":true}]}}

LŐRINCZI Zoltán, Lőrinczy

<p>Ikland, 1889., † ?: földbirtokos, főhadnagy. – Felesége: Ehrenvert Ida, tanítónő – Székelyudvarhelyen éretségizett, majd tényleges katonai szolgálatra a 22. honv. gy. ezredbe vonult be, melynek kötelékében gazdászati tanfolyamot végzett Bp.-en, később a m. k. Koronaőrségnél szolgált, onnan visszavezényelték a 22. h. gy. e.-hez mint gazdasági tisztet. Az első vh.-ben mint hadnagy az orosz és az olasz fronton harcolt, mint főhadnagy szerelt le a kor. Aranyérem a kardokkal, arany Sig. Laud, ezüst Sig. Laud., Károly Csapatkeresz, 12–13. mozg. érem kitüntetésekkel. A háború után hadbíróság elé állították és bebörtönözték. <br /><strong>Irod.:</strong> Erdélyi vármegyék; Székelyföld í.k</br></p>

<p>Ikland, 1889., † ?: földbirtokos, főhadnagy. – Felesége: Ehrenvert Ida, tanítónő – Székelyudvarhelyen éretségizett, majd tényleges katonai szolgálatra a 22. honv. gy. ezredbe vonult be, melynek kötelékében gazdászati tanfolyamot végzett Bp.-en, később a m. k. Koronaőrségnél szolgált, onnan visszavezényelték a 22. h. gy. e.-hez mint gazdasági tisztet. Az első vh.-ben mint hadnagy az orosz és az [&hellip;]</p>
