{"id":14052,"date":"2025-07-15T12:48:54","date_gmt":"2025-07-15T10:48:54","guid":{"rendered":"https:\/\/uj.adatbank.ro\/lexikon\/termek\/lorinczy-janos-majai-lorintzi-janos\/"},"modified":"2025-07-15T12:48:54","modified_gmt":"2025-07-15T10:48:54","slug":"lorinczy-janos-majai-lorintzi-janos","status":"publish","type":"product","link":"https:\/\/uj.adatbank.ro\/lexikon\/termek\/lorinczy-janos-majai-lorintzi-janos\/","title":{"rendered":"L\u0150RINCZY J\u00e1nos, m\u00e1jai, L\u0151rintzi J\u00e1nos"},"content":{"rendered":"<p>M\u00e1ja, 1808.,\u2020 Nagyernye, 1875.: ref. lelk\u00e9sz. \u2013 Feles\u00e9ge: Tolvaly Roz\u00e1lia (esk\u00fcv\u0151: 1836. \u00e1pr. 12.), 11 gyermek\u00fck sz\u00fcletett, 7 fi\u00fa, 4 le\u00e1ny: Julianna, Zs\u00f3fia, Kl\u00e1ra, Anna, s\u00edreml\u00e9k\u00fck a nagyernyei temet\u0151ben. \u2013 Nagyerny\u00e9ben szolg\u00e1lt (1834\u201375). Hossz\u00fa paps\u00e1ga ideje alatt \u00e9p\u00edtettek \u00faj iskol\u00e1t, mesteri lak\u00e1st, m\u00e9g egy oszt\u00e1lytermet (1845\u201346). Az 1848\u201349-es forradalom \u00e9s szabads\u00e1gharcban a falubeli ref.-okkal r\u00e9szt vettek. Folytatta az \u00e9p\u00edt\u00e9st: utc\u00e1t csin\u00e1ltatott a ref. templomhoz, gy\u0171jt\u00e9sb\u0151l \u00e9s adakoz\u00e1sb\u00f3l a templomon nagyjav\u00edt\u00e1st v\u00e9geztetett, \u00fajra zsindelyeztette a tet\u0151zet\u00e9t \u00e9s a tornyot is (1860 \u00e9s 1867). A K\u00f6lcs\u00f6nz\u0151 Magt\u00e1r is az \u0151 tervei szerint kezdett m\u0171k\u0151dni (1868\u2013). Elkezdte az egyh\u00e1zi anyak\u00f6nyveket rendszeresen vezetni. Ebben az id\u0151ben is ker\u00fclt olyan ut\u00f3d n\u00e9lk\u00fcli f\u00f6ldbirtokos, aki v\u00e9grendeletileg a ref. egyh\u00e1zra hagyta vagyon\u00e1t: pl. Balogh J\u00e1nos (1858), V\u00e1radi Sz\u0151cs J\u00e1nos (1860), \u00edgy \u00e9s v\u00e1s\u00e1rl\u00e1sokkal sz\u00e9pen gyarap\u00edtotta az egyh\u00e1zi birtokot, amely szolg\u00e1lata idej\u00e9n 93 holdra n\u0151tt (1897). <br \/><strong>Irod.:<\/strong> Nagyernye; Nemes Gyula: Szakr\u00e1lis eml\u00e9kek&#8230;= P\u00e1l-Antal \u2013 Simon<\/br><\/p>\n","protected":false},"excerpt":{"rendered":"<p>M\u00e1ja, 1808.,\u2020 Nagyernye, 1875.: ref. lelk\u00e9sz. \u2013 Feles\u00e9ge: Tolvaly Roz\u00e1lia (esk\u00fcv\u0151: 1836. \u00e1pr. 12.), 11 gyermek\u00fck sz\u00fcletett, 7 fi\u00fa, 4 le\u00e1ny: Julianna, Zs\u00f3fia, Kl\u00e1ra, Anna, s\u00edreml\u00e9k\u00fck a nagyernyei temet\u0151ben. \u2013 Nagyerny\u00e9ben szolg\u00e1lt (1834\u201375). Hossz\u00fa paps\u00e1ga ideje alatt \u00e9p\u00edtettek \u00faj iskol\u00e1t, mesteri lak\u00e1st, m\u00e9g egy oszt\u00e1lytermet (1845\u201346). Az 1848\u201349-es forradalom \u00e9s szabads\u00e1gharcban a falubeli ref.-okkal r\u00e9szt [&hellip;]<\/p>\n","protected":false},"featured_media":0,"comment_status":"open","ping_status":"closed","template":"","meta":[],"product_brand":[],"product_cat":[137],"product_tag":[],"class_list":{"0":"post-14052","1":"product","2":"type-product","3":"status-publish","5":"product_cat-maros-megyei-eletrajzi-lexikon","7":"first","8":"instock","9":"shipping-taxable","10":"product-type-simple"},"_links":{"self":[{"href":"https:\/\/uj.adatbank.ro\/lexikon\/wp-json\/wp\/v2\/product\/14052","targetHints":{"allow":["GET"]}}],"collection":[{"href":"https:\/\/uj.adatbank.ro\/lexikon\/wp-json\/wp\/v2\/product"}],"about":[{"href":"https:\/\/uj.adatbank.ro\/lexikon\/wp-json\/wp\/v2\/types\/product"}],"replies":[{"embeddable":true,"href":"https:\/\/uj.adatbank.ro\/lexikon\/wp-json\/wp\/v2\/comments?post=14052"}],"wp:attachment":[{"href":"https:\/\/uj.adatbank.ro\/lexikon\/wp-json\/wp\/v2\/media?parent=14052"}],"wp:term":[{"taxonomy":"product_brand","embeddable":true,"href":"https:\/\/uj.adatbank.ro\/lexikon\/wp-json\/wp\/v2\/product_brand?post=14052"},{"taxonomy":"product_cat","embeddable":true,"href":"https:\/\/uj.adatbank.ro\/lexikon\/wp-json\/wp\/v2\/product_cat?post=14052"},{"taxonomy":"product_tag","embeddable":true,"href":"https:\/\/uj.adatbank.ro\/lexikon\/wp-json\/wp\/v2\/product_tag?post=14052"}],"curies":[{"name":"wp","href":"https:\/\/api.w.org\/{rel}","templated":true}]}}

LŐRINCZY János, májai, Lőrintzi János

<p>Mája, 1808.,† Nagyernye, 1875.: ref. lelkész. – Felesége: Tolvaly Rozália (esküvő: 1836. ápr. 12.), 11 gyermekük született, 7 fiú, 4 leány: Julianna, Zsófia, Klára, Anna, síremlékük a nagyernyei temetőben. – Nagyernyében szolgált (1834–75). Hosszú papsága ideje alatt építettek új iskolát, mesteri lakást, még egy osztálytermet (1845–46). Az 1848–49-es forradalom és szabadságharcban a falubeli ref.-okkal részt vettek. Folytatta az építést: utcát csináltatott a ref. templomhoz, gyűjtésből és adakozásból a templomon nagyjavítást végeztetett, újra zsindelyeztette a tetőzetét és a tornyot is (1860 és 1867). A Kölcsönző Magtár is az ő tervei szerint kezdett műkődni (1868–). Elkezdte az egyházi anyakönyveket rendszeresen vezetni. Ebben az időben is került olyan utód nélküli földbirtokos, aki végrendeletileg a ref. egyházra hagyta vagyonát: pl. Balogh János (1858), Váradi Szőcs János (1860), így és vásárlásokkal szépen gyarapította az egyházi birtokot, amely szolgálata idején 93 holdra nőtt (1897). <br /><strong>Irod.:</strong> Nagyernye; Nemes Gyula: Szakrális emlékek&#8230;= Pál-Antal – Simon</br></p>

<p>Mája, 1808.,† Nagyernye, 1875.: ref. lelkész. – Felesége: Tolvaly Rozália (esküvő: 1836. ápr. 12.), 11 gyermekük született, 7 fiú, 4 leány: Julianna, Zsófia, Klára, Anna, síremlékük a nagyernyei temetőben. – Nagyernyében szolgált (1834–75). Hosszú papsága ideje alatt építettek új iskolát, mesteri lakást, még egy osztálytermet (1845–46). Az 1848–49-es forradalom és szabadságharcban a falubeli ref.-okkal részt [&hellip;]</p>
