{"id":14053,"date":"2025-07-15T12:48:58","date_gmt":"2025-07-15T10:48:58","guid":{"rendered":"https:\/\/uj.adatbank.ro\/lexikon\/termek\/lorinczy-jolan-a-lorinczy-arvay-arpadne\/"},"modified":"2025-07-15T12:48:58","modified_gmt":"2025-07-15T10:48:58","slug":"lorinczy-jolan-a-lorinczy-arvay-arpadne","status":"publish","type":"product","link":"https:\/\/uj.adatbank.ro\/lexikon\/termek\/lorinczy-jolan-a-lorinczy-arvay-arpadne\/","title":{"rendered":"L\u0150RINCZY Jol\u00e1n; \u00c1. L\u0151rinczy, \u00c1rvay \u00c1rp\u00e1dn\u00e9"},"content":{"rendered":"<p>Nagyv\u00e1rad, 1903. m\u00e1j. 30.,\u2020 Szov\u00e1ta, 1991. m\u00e1rc. 20.: h\u00e1ztart\u00e1si szak\u00edr\u00f3. \u2013 F\u00e9rje \u00c1rvay \u00c1rp\u00e1d \u00edr\u00f3, szerkeszt\u0151, Fia \u00c1rvay Zsolt vegy\u00e9szm\u00e9rn\u00f6k.- Sz\u00fcl\u0151v\u00e1ros\u00e1ban v\u00e9gezte a tan\u00edt\u00f3k\u00e9pz\u0151t (1922). H\u00e1ziasszonyok r\u00e9sz\u00e9re H\u00e1ztart\u00e1s-rovatot, \u00e9telrecepteket k\u00f6z\u00f6lt k\u00fcl\u00f6mb\u00f6z\u0151 lapokban.\u2013 <strong>F. m.:<\/strong> A modern h\u00e1ziasszony (Buk., 1964, 1967, 1968, Bp-Buk, 1965). <br \/><strong>Irod.:<\/strong> RMIL<\/br><\/p>\n","protected":false},"excerpt":{"rendered":"<p>Nagyv\u00e1rad, 1903. m\u00e1j. 30.,\u2020 Szov\u00e1ta, 1991. m\u00e1rc. 20.: h\u00e1ztart\u00e1si szak\u00edr\u00f3. \u2013 F\u00e9rje \u00c1rvay \u00c1rp\u00e1d \u00edr\u00f3, szerkeszt\u0151, Fia \u00c1rvay Zsolt vegy\u00e9szm\u00e9rn\u00f6k.- Sz\u00fcl\u0151v\u00e1ros\u00e1ban v\u00e9gezte a tan\u00edt\u00f3k\u00e9pz\u0151t (1922). H\u00e1ziasszonyok r\u00e9sz\u00e9re H\u00e1ztart\u00e1s-rovatot, \u00e9telrecepteket k\u00f6z\u00f6lt k\u00fcl\u00f6mb\u00f6z\u0151 lapokban.\u2013 F. m.: A modern h\u00e1ziasszony (Buk., 1964, 1967, 1968, Bp-Buk, 1965). Irod.: RMIL<\/p>\n","protected":false},"featured_media":0,"comment_status":"open","ping_status":"closed","template":"","meta":[],"product_brand":[],"product_cat":[137],"product_tag":[],"class_list":{"0":"post-14053","1":"product","2":"type-product","3":"status-publish","5":"product_cat-maros-megyei-eletrajzi-lexikon","7":"first","8":"instock","9":"shipping-taxable","10":"product-type-simple"},"_links":{"self":[{"href":"https:\/\/uj.adatbank.ro\/lexikon\/wp-json\/wp\/v2\/product\/14053","targetHints":{"allow":["GET"]}}],"collection":[{"href":"https:\/\/uj.adatbank.ro\/lexikon\/wp-json\/wp\/v2\/product"}],"about":[{"href":"https:\/\/uj.adatbank.ro\/lexikon\/wp-json\/wp\/v2\/types\/product"}],"replies":[{"embeddable":true,"href":"https:\/\/uj.adatbank.ro\/lexikon\/wp-json\/wp\/v2\/comments?post=14053"}],"wp:attachment":[{"href":"https:\/\/uj.adatbank.ro\/lexikon\/wp-json\/wp\/v2\/media?parent=14053"}],"wp:term":[{"taxonomy":"product_brand","embeddable":true,"href":"https:\/\/uj.adatbank.ro\/lexikon\/wp-json\/wp\/v2\/product_brand?post=14053"},{"taxonomy":"product_cat","embeddable":true,"href":"https:\/\/uj.adatbank.ro\/lexikon\/wp-json\/wp\/v2\/product_cat?post=14053"},{"taxonomy":"product_tag","embeddable":true,"href":"https:\/\/uj.adatbank.ro\/lexikon\/wp-json\/wp\/v2\/product_tag?post=14053"}],"curies":[{"name":"wp","href":"https:\/\/api.w.org\/{rel}","templated":true}]}}