{"id":14054,"date":"2025-07-15T12:49:00","date_gmt":"2025-07-15T10:49:00","guid":{"rendered":"https:\/\/uj.adatbank.ro\/lexikon\/termek\/lorinczy-jozsef\/"},"modified":"2025-07-15T12:49:00","modified_gmt":"2025-07-15T10:49:00","slug":"lorinczy-jozsef","status":"publish","type":"product","link":"https:\/\/uj.adatbank.ro\/lexikon\/termek\/lorinczy-jozsef\/","title":{"rendered":"L\u0150RINCZY J\u00f3zsef"},"content":{"rendered":"<p>Szent\u00e1brah\u00e1m, 1898.,\u00a0\u2020\u00a0?: ref. lelk\u00e9sz. \u2013 Tanulm\u00e1nyait Sz\u00e9kelykereszt\u00faron, Kv.-on \u00e9s Egerben v\u00e9gezte, papp\u00e1 szentelt\u00e9k (1929). Lelk\u00e9sz volt K\u00e9zdiv\u00e1s\u00e1rhelyen, Cs\u00edksomlly\u00f3n majd Cs\u00edkfalv\u00e1n (1941). Az els\u0151 vh.-ban mint \u00f6nk\u00e9ntes vett r\u00e9szt az olasz fronton. <br \/><strong>Irod.:<\/strong> Cs\u00edkfalva; Ref. egyetemes n\u00e9vt\u00e1r; Sz\u00e9kelyf\u00f6ld \u00ed.k<\/br><\/p>\n","protected":false},"excerpt":{"rendered":"<p>Szent\u00e1brah\u00e1m, 1898.,\u00a0\u2020\u00a0?: ref. lelk\u00e9sz. \u2013 Tanulm\u00e1nyait Sz\u00e9kelykereszt\u00faron, Kv.-on \u00e9s Egerben v\u00e9gezte, papp\u00e1 szentelt\u00e9k (1929). Lelk\u00e9sz volt K\u00e9zdiv\u00e1s\u00e1rhelyen, Cs\u00edksomlly\u00f3n majd Cs\u00edkfalv\u00e1n (1941). Az els\u0151 vh.-ban mint \u00f6nk\u00e9ntes vett r\u00e9szt az olasz fronton. Irod.: Cs\u00edkfalva; Ref. egyetemes n\u00e9vt\u00e1r; Sz\u00e9kelyf\u00f6ld \u00ed.k<\/p>\n","protected":false},"featured_media":0,"comment_status":"open","ping_status":"closed","template":"","meta":[],"product_brand":[],"product_cat":[137],"product_tag":[],"class_list":{"0":"post-14054","1":"product","2":"type-product","3":"status-publish","5":"product_cat-maros-megyei-eletrajzi-lexikon","7":"first","8":"instock","9":"shipping-taxable","10":"product-type-simple"},"_links":{"self":[{"href":"https:\/\/uj.adatbank.ro\/lexikon\/wp-json\/wp\/v2\/product\/14054","targetHints":{"allow":["GET"]}}],"collection":[{"href":"https:\/\/uj.adatbank.ro\/lexikon\/wp-json\/wp\/v2\/product"}],"about":[{"href":"https:\/\/uj.adatbank.ro\/lexikon\/wp-json\/wp\/v2\/types\/product"}],"replies":[{"embeddable":true,"href":"https:\/\/uj.adatbank.ro\/lexikon\/wp-json\/wp\/v2\/comments?post=14054"}],"wp:attachment":[{"href":"https:\/\/uj.adatbank.ro\/lexikon\/wp-json\/wp\/v2\/media?parent=14054"}],"wp:term":[{"taxonomy":"product_brand","embeddable":true,"href":"https:\/\/uj.adatbank.ro\/lexikon\/wp-json\/wp\/v2\/product_brand?post=14054"},{"taxonomy":"product_cat","embeddable":true,"href":"https:\/\/uj.adatbank.ro\/lexikon\/wp-json\/wp\/v2\/product_cat?post=14054"},{"taxonomy":"product_tag","embeddable":true,"href":"https:\/\/uj.adatbank.ro\/lexikon\/wp-json\/wp\/v2\/product_tag?post=14054"}],"curies":[{"name":"wp","href":"https:\/\/api.w.org\/{rel}","templated":true}]}}