{"id":14055,"date":"2025-07-15T12:49:01","date_gmt":"2025-07-15T10:49:01","guid":{"rendered":"https:\/\/uj.adatbank.ro\/lexikon\/termek\/lorinczy-karoly-lorintz-karoly\/"},"modified":"2025-07-15T12:49:01","modified_gmt":"2025-07-15T10:49:01","slug":"lorinczy-karoly-lorintz-karoly","status":"publish","type":"product","link":"https:\/\/uj.adatbank.ro\/lexikon\/termek\/lorinczy-karoly-lorintz-karoly\/","title":{"rendered":"L\u0150RINCZY K\u00e1roly, L\u0151rintz K\u00e1roly"},"content":{"rendered":"<p>1817. \u00e1pr. 2., \u2020 1875. m\u00e1rc. 5.: r. k. pap. \u2013 Papp\u00e1 szentelt\u00e9k (1840. j\u00fan. 28.). Mv.-en a r. k. tanoda tan\u00e1ra (1841\u201344), majd Sombori Istv\u00e1n neveldeigazgat\u00f3 alatt subr\u00e9gens lett; emellett pl\u00e9b\u00e1nos is volt (1847\u2013). \u00c1ltal\u00e1ban, mint a m. nyelv lelkes m\u0171vel\u0151j\u00e9t emlegetik; m.nyelveml\u00e9kek, nyelvj\u00e1r\u00e1sok gy\u0171jt\u00e9s\u00e9vel foglalkozott \u00e9s mint nyelv\u00e9szt szaktekint\u00e9lynek tartott\u00e1k. Kapnikb\u00e1ny\u00e1n k\u00e1pl\u00e1n (1843), pl\u00e9b\u00e1nos (1845), Szil\u00e1gysomly\u00f3n tan\u00e1r (1846). A II. sz\u00e9kely hat\u00e1r\u0151r husz\u00e1rezred t\u00e1bori lelk\u00e9sze \u00e9s Sepiszentgy\u00f6rgy\u00f6n lelk\u00e9sz, majd fogoly Nagyszebenben (1849\u201351). Pl\u00e9b\u00e1nos Nagy\u00e1gon, Kapnikb\u00e1ny\u00e1n, D\u00e9sakn\u00e1n \u00e9s v\u00e9g\u00fcl Marosportuson (1873\u201374). Nyelv\u00e9szeti cikkeit k\u00f6z\u00f6lte a Nyelv\u00e9szet, a Nyelv\u0151r, irodalmi hagyat\u00e9k\u00e1t a MTA k\u00e9ziratt\u00e1r\u00e1ban \u0151rzik. <br \/><strong>Irod.:<\/strong> Ferenczi S\u00e1ndor 2009; H\u00edres polg\u00e1rok; Kr\u00f3n. F\u00fcz. (1939. 4\/5)<\/br><\/p>\n","protected":false},"excerpt":{"rendered":"<p>1817. \u00e1pr. 2., \u2020 1875. m\u00e1rc. 5.: r. k. pap. \u2013 Papp\u00e1 szentelt\u00e9k (1840. j\u00fan. 28.). Mv.-en a r. k. tanoda tan\u00e1ra (1841\u201344), majd Sombori Istv\u00e1n neveldeigazgat\u00f3 alatt subr\u00e9gens lett; emellett pl\u00e9b\u00e1nos is volt (1847\u2013). \u00c1ltal\u00e1ban, mint a m. nyelv lelkes m\u0171vel\u0151j\u00e9t emlegetik; m.nyelveml\u00e9kek, nyelvj\u00e1r\u00e1sok gy\u0171jt\u00e9s\u00e9vel foglalkozott \u00e9s mint nyelv\u00e9szt szaktekint\u00e9lynek tartott\u00e1k. Kapnikb\u00e1ny\u00e1n k\u00e1pl\u00e1n (1843), [&hellip;]<\/p>\n","protected":false},"featured_media":0,"comment_status":"open","ping_status":"closed","template":"","meta":[],"product_brand":[],"product_cat":[137],"product_tag":[],"class_list":{"0":"post-14055","1":"product","2":"type-product","3":"status-publish","5":"product_cat-maros-megyei-eletrajzi-lexikon","7":"first","8":"instock","9":"shipping-taxable","10":"product-type-simple"},"_links":{"self":[{"href":"https:\/\/uj.adatbank.ro\/lexikon\/wp-json\/wp\/v2\/product\/14055","targetHints":{"allow":["GET"]}}],"collection":[{"href":"https:\/\/uj.adatbank.ro\/lexikon\/wp-json\/wp\/v2\/product"}],"about":[{"href":"https:\/\/uj.adatbank.ro\/lexikon\/wp-json\/wp\/v2\/types\/product"}],"replies":[{"embeddable":true,"href":"https:\/\/uj.adatbank.ro\/lexikon\/wp-json\/wp\/v2\/comments?post=14055"}],"wp:attachment":[{"href":"https:\/\/uj.adatbank.ro\/lexikon\/wp-json\/wp\/v2\/media?parent=14055"}],"wp:term":[{"taxonomy":"product_brand","embeddable":true,"href":"https:\/\/uj.adatbank.ro\/lexikon\/wp-json\/wp\/v2\/product_brand?post=14055"},{"taxonomy":"product_cat","embeddable":true,"href":"https:\/\/uj.adatbank.ro\/lexikon\/wp-json\/wp\/v2\/product_cat?post=14055"},{"taxonomy":"product_tag","embeddable":true,"href":"https:\/\/uj.adatbank.ro\/lexikon\/wp-json\/wp\/v2\/product_tag?post=14055"}],"curies":[{"name":"wp","href":"https:\/\/api.w.org\/{rel}","templated":true}]}}

LŐRINCZY Károly, Lőrintz Károly

<p>1817. ápr. 2., † 1875. márc. 5.: r. k. pap. – Pappá szentelték (1840. jún. 28.). Mv.-en a r. k. tanoda tanára (1841–44), majd Sombori István neveldeigazgató alatt subrégens lett; emellett plébános is volt (1847–). Általában, mint a m. nyelv lelkes művelőjét emlegetik; m.nyelvemlékek, nyelvjárások gyűjtésével foglalkozott és mint nyelvészt szaktekintélynek tartották. Kapnikbányán káplán (1843), plébános (1845), Szilágysomlyón tanár (1846). A II. székely határőr huszárezred tábori lelkésze és Sepiszentgyörgyön lelkész, majd fogoly Nagyszebenben (1849–51). Plébános Nagyágon, Kapnikbányán, Désaknán és végül Marosportuson (1873–74). Nyelvészeti cikkeit közölte a Nyelvészet, a Nyelvőr, irodalmi hagyatékát a MTA kézirattárában őrzik. <br /><strong>Irod.:</strong> Ferenczi Sándor 2009; Híres polgárok; Krón. Füz. (1939. 4/5)</br></p>

<p>1817. ápr. 2., † 1875. márc. 5.: r. k. pap. – Pappá szentelték (1840. jún. 28.). Mv.-en a r. k. tanoda tanára (1841–44), majd Sombori István neveldeigazgató alatt subrégens lett; emellett plébános is volt (1847–). Általában, mint a m. nyelv lelkes művelőjét emlegetik; m.nyelvemlékek, nyelvjárások gyűjtésével foglalkozott és mint nyelvészt szaktekintélynek tartották. Kapnikbányán káplán (1843), [&hellip;]</p>
