{"id":14057,"date":"2025-07-15T12:49:05","date_gmt":"2025-07-15T10:49:05","guid":{"rendered":"https:\/\/uj.adatbank.ro\/lexikon\/termek\/lorinczy-miklos\/"},"modified":"2025-07-15T12:49:05","modified_gmt":"2025-07-15T10:49:05","slug":"lorinczy-miklos","status":"publish","type":"product","link":"https:\/\/uj.adatbank.ro\/lexikon\/termek\/lorinczy-miklos\/","title":{"rendered":"L\u0150RINCZY Mikl\u00f3s"},"content":{"rendered":"<p>Csekeleka, 1890., \u2020\u00a0?\u00a0: tan\u00edt\u00f3. \u2013 K\u00f6z\u00e9piskol\u00e1i elv\u00e9gz\u00e9se ut\u00e1n tan\u00edt\u00f3k\u00e9pz\u0151t v\u00e9gzett. Hunyad megy\u00e9ben kezdte p\u00e1lyafut\u00e1s\u00e1t (1911\u2013), majd Ny\u00e1r\u00e1dszentl\u00e1szl\u00f3n tan\u00edtott (1913\u2013) a felekezeti iskol\u00e1ban. Az els\u0151 vh.-ban a 82. gy. e.-ben teljes\u00edtett szolg\u00e1latot, elv\u00e9gezte a tiszti iskol\u00e1t Nagyszebenben \u00e9s mint \u00f6nk\u00e9ntes szakaszvezet\u0151 szerelt le. A Fogy. Sz\u00f6vetkezet \u00e9s a Gazdak\u00f6r vezet\u0151je, az Unit. Tan\u00edt\u00f3egylet eln\u00f6ke, tan\u00fcgyi el\u0151ad\u00f3 volt. <br \/><strong>Irod.:<\/strong> Sz\u00e9kelyf\u00f6ld \u00ed.k.<\/br><\/p>\n","protected":false},"excerpt":{"rendered":"<p>Csekeleka, 1890., \u2020\u00a0?\u00a0: tan\u00edt\u00f3. \u2013 K\u00f6z\u00e9piskol\u00e1i elv\u00e9gz\u00e9se ut\u00e1n tan\u00edt\u00f3k\u00e9pz\u0151t v\u00e9gzett. Hunyad megy\u00e9ben kezdte p\u00e1lyafut\u00e1s\u00e1t (1911\u2013), majd Ny\u00e1r\u00e1dszentl\u00e1szl\u00f3n tan\u00edtott (1913\u2013) a felekezeti iskol\u00e1ban. Az els\u0151 vh.-ban a 82. gy. e.-ben teljes\u00edtett szolg\u00e1latot, elv\u00e9gezte a tiszti iskol\u00e1t Nagyszebenben \u00e9s mint \u00f6nk\u00e9ntes szakaszvezet\u0151 szerelt le. A Fogy. Sz\u00f6vetkezet \u00e9s a Gazdak\u00f6r vezet\u0151je, az Unit. Tan\u00edt\u00f3egylet eln\u00f6ke, tan\u00fcgyi el\u0151ad\u00f3 [&hellip;]<\/p>\n","protected":false},"featured_media":0,"comment_status":"open","ping_status":"closed","template":"","meta":[],"product_brand":[],"product_cat":[137],"product_tag":[],"class_list":{"0":"post-14057","1":"product","2":"type-product","3":"status-publish","5":"product_cat-maros-megyei-eletrajzi-lexikon","7":"first","8":"instock","9":"shipping-taxable","10":"product-type-simple"},"_links":{"self":[{"href":"https:\/\/uj.adatbank.ro\/lexikon\/wp-json\/wp\/v2\/product\/14057","targetHints":{"allow":["GET"]}}],"collection":[{"href":"https:\/\/uj.adatbank.ro\/lexikon\/wp-json\/wp\/v2\/product"}],"about":[{"href":"https:\/\/uj.adatbank.ro\/lexikon\/wp-json\/wp\/v2\/types\/product"}],"replies":[{"embeddable":true,"href":"https:\/\/uj.adatbank.ro\/lexikon\/wp-json\/wp\/v2\/comments?post=14057"}],"wp:attachment":[{"href":"https:\/\/uj.adatbank.ro\/lexikon\/wp-json\/wp\/v2\/media?parent=14057"}],"wp:term":[{"taxonomy":"product_brand","embeddable":true,"href":"https:\/\/uj.adatbank.ro\/lexikon\/wp-json\/wp\/v2\/product_brand?post=14057"},{"taxonomy":"product_cat","embeddable":true,"href":"https:\/\/uj.adatbank.ro\/lexikon\/wp-json\/wp\/v2\/product_cat?post=14057"},{"taxonomy":"product_tag","embeddable":true,"href":"https:\/\/uj.adatbank.ro\/lexikon\/wp-json\/wp\/v2\/product_tag?post=14057"}],"curies":[{"name":"wp","href":"https:\/\/api.w.org\/{rel}","templated":true}]}}

LŐRINCZY Miklós

<p>Csekeleka, 1890., † ? : tanító. – Középiskolái elvégzése után tanítóképzőt végzett. Hunyad megyében kezdte pályafutását (1911–), majd Nyárádszentlászlón tanított (1913–) a felekezeti iskolában. Az első vh.-ban a 82. gy. e.-ben teljesített szolgálatot, elvégezte a tiszti iskolát Nagyszebenben és mint önkéntes szakaszvezető szerelt le. A Fogy. Szövetkezet és a Gazdakör vezetője, az Unit. Tanítóegylet elnöke, tanügyi előadó volt. <br /><strong>Irod.:</strong> Székelyföld í.k.</br></p>

<p>Csekeleka, 1890., † ? : tanító. – Középiskolái elvégzése után tanítóképzőt végzett. Hunyad megyében kezdte pályafutását (1911–), majd Nyárádszentlászlón tanított (1913–) a felekezeti iskolában. Az első vh.-ban a 82. gy. e.-ben teljesített szolgálatot, elvégezte a tiszti iskolát Nagyszebenben és mint önkéntes szakaszvezető szerelt le. A Fogy. Szövetkezet és a Gazdakör vezetője, az Unit. Tanítóegylet elnöke, tanügyi előadó [&hellip;]</p>
