{"id":14067,"date":"2025-07-15T12:49:28","date_gmt":"2025-07-15T10:49:28","guid":{"rendered":"https:\/\/uj.adatbank.ro\/lexikon\/termek\/losonczi-albert\/"},"modified":"2025-07-15T12:49:28","modified_gmt":"2025-07-15T10:49:28","slug":"losonczi-albert","status":"publish","type":"product","link":"https:\/\/uj.adatbank.ro\/lexikon\/termek\/losonczi-albert\/","title":{"rendered":"LOSONCZI Albert"},"content":{"rendered":"<p>? \u2020 ?: birtokos. \u2013 Feles\u00e9ge Sz\u00e9cs\u00e9nyi Hedvig. Fiai z\u00e1szl\u00f3surak, a hunyadiak kor\u00e1ban asztalnokmesterek: L\u00e1szl\u00f3 (1456\u20131471), Dezs\u0151 (1459\u20131460), Istv\u00e1n (1472\u201374). \u2013 Dedr\u00e1dsz\u00e9plaki birtokos. \u00d6zvegy feles\u00e9ge \u00e9s fiai L\u00e1szl\u00f3 \u00e9s Istv\u00e1n Kopa Tam\u00e1s jobb\u00e1gyuknak malom helyet adom\u00e1nyoztak, aki a Luc patakon malmot \u00e9p\u00edtett amely j\u00f6vedelm\u00e9nek fel\u00e9t \u00e9vente a sz\u00e9plaki pl\u00e9b\u00e1ni\u00e1nak juttatta (1470. febr. 10, keltezett oklev\u00e9l szerint). <br \/><strong>Irod.:<\/strong> Entz 1994; Nagy Iv\u00e1n; Rugonfalvi Kiss<\/br><\/p>\n","protected":false},"excerpt":{"rendered":"<p>? \u2020 ?: birtokos. \u2013 Feles\u00e9ge Sz\u00e9cs\u00e9nyi Hedvig. Fiai z\u00e1szl\u00f3surak, a hunyadiak kor\u00e1ban asztalnokmesterek: L\u00e1szl\u00f3 (1456\u20131471), Dezs\u0151 (1459\u20131460), Istv\u00e1n (1472\u201374). \u2013 Dedr\u00e1dsz\u00e9plaki birtokos. \u00d6zvegy feles\u00e9ge \u00e9s fiai L\u00e1szl\u00f3 \u00e9s Istv\u00e1n Kopa Tam\u00e1s jobb\u00e1gyuknak malom helyet adom\u00e1nyoztak, aki a Luc patakon malmot \u00e9p\u00edtett amely j\u00f6vedelm\u00e9nek fel\u00e9t \u00e9vente a sz\u00e9plaki pl\u00e9b\u00e1ni\u00e1nak juttatta (1470. febr. 10, keltezett oklev\u00e9l [&hellip;]<\/p>\n","protected":false},"featured_media":0,"comment_status":"open","ping_status":"closed","template":"","meta":[],"product_brand":[],"product_cat":[137],"product_tag":[],"class_list":{"0":"post-14067","1":"product","2":"type-product","3":"status-publish","5":"product_cat-maros-megyei-eletrajzi-lexikon","7":"first","8":"instock","9":"shipping-taxable","10":"product-type-simple"},"_links":{"self":[{"href":"https:\/\/uj.adatbank.ro\/lexikon\/wp-json\/wp\/v2\/product\/14067","targetHints":{"allow":["GET"]}}],"collection":[{"href":"https:\/\/uj.adatbank.ro\/lexikon\/wp-json\/wp\/v2\/product"}],"about":[{"href":"https:\/\/uj.adatbank.ro\/lexikon\/wp-json\/wp\/v2\/types\/product"}],"replies":[{"embeddable":true,"href":"https:\/\/uj.adatbank.ro\/lexikon\/wp-json\/wp\/v2\/comments?post=14067"}],"wp:attachment":[{"href":"https:\/\/uj.adatbank.ro\/lexikon\/wp-json\/wp\/v2\/media?parent=14067"}],"wp:term":[{"taxonomy":"product_brand","embeddable":true,"href":"https:\/\/uj.adatbank.ro\/lexikon\/wp-json\/wp\/v2\/product_brand?post=14067"},{"taxonomy":"product_cat","embeddable":true,"href":"https:\/\/uj.adatbank.ro\/lexikon\/wp-json\/wp\/v2\/product_cat?post=14067"},{"taxonomy":"product_tag","embeddable":true,"href":"https:\/\/uj.adatbank.ro\/lexikon\/wp-json\/wp\/v2\/product_tag?post=14067"}],"curies":[{"name":"wp","href":"https:\/\/api.w.org\/{rel}","templated":true}]}}

<p>? † ?: birtokos. – Felesége Szécsényi Hedvig. Fiai zászlósurak, a hunyadiak korában asztalnokmesterek: László (1456–1471), Dezső (1459–1460), István (1472–74). – Dedrádszéplaki birtokos. Özvegy felesége és fiai László és István Kopa Tamás jobbágyuknak malom helyet adományoztak, aki a Luc patakon malmot épített amely jövedelmének felét évente a széplaki plébániának juttatta (1470. febr. 10, keltezett oklevél szerint). <br /><strong>Irod.:</strong> Entz 1994; Nagy Iván; Rugonfalvi Kiss</br></p>

<p>? † ?: birtokos. – Felesége Szécsényi Hedvig. Fiai zászlósurak, a hunyadiak korában asztalnokmesterek: László (1456–1471), Dezső (1459–1460), István (1472–74). – Dedrádszéplaki birtokos. Özvegy felesége és fiai László és István Kopa Tamás jobbágyuknak malom helyet adományoztak, aki a Luc patakon malmot épített amely jövedelmének felét évente a széplaki plébániának juttatta (1470. febr. 10, keltezett oklevél [&hellip;]</p>
