{"id":14069,"date":"2025-07-15T12:49:32","date_gmt":"2025-07-15T10:49:32","guid":{"rendered":"https:\/\/uj.adatbank.ro\/lexikon\/termek\/losonczi-denes\/"},"modified":"2025-07-15T12:49:32","modified_gmt":"2025-07-15T10:49:32","slug":"losonczi-denes","status":"publish","type":"product","link":"https:\/\/uj.adatbank.ro\/lexikon\/termek\/losonczi-denes\/","title":{"rendered":"LOSONCZI D\u00e9nes"},"content":{"rendered":"<p>? \u2020 ?: vajda, n\u00e1dorisp\u00e1n. \u2013 Fia: D\u00e9nes. \u2013 A beseny\u0151 eredet\u0171 Tomaj nemzets\u00e9gb\u0151l sz\u00e1rmazi\u00f3 els\u0151 jelent\u0151s tagja a csal\u00e1dnak. Kir. t\u00e1rnokmester (1224\u201330), erd\u00e9lyi vajda (1233\u201335), n\u00e1dorisp\u00e1n (1235\u201340). II Andr\u00e1s\/ Endre kir\u00e1lyt\u00f3l adom\u00e1nyul kapta a K\u00e1csik nemb\u00e9li Simon \u00e9s Mih\u00e1ly horv\u00e1t \u2013szlav\u00f3n b\u00e1nok elkobozott birtokait (1228), a N\u00f3gr\u00e1d megyei Losonczot valamint az \u00f3ri\u00e1s kiterjed\u00e9s\u0171 Fels\u0151-Marosmenti erd\u00e9lyi birtokokat, val\u00f3sz\u00edn\u0171leg a Simon b\u00e1n \u00e1ltal \u00e9p\u00edtett marosv\u00e9csi v\u00e1rat is. <br \/><strong>Irod.:<\/strong> Bir\u00f3 Don\u00e1t 2006; Bir\u00f3 J\u00f3zsef 2008; Entz 1994; Gy\u00f6rfi Zal\u00e1n:\u201e\u2026Inter Alpes Constituta\u2026\u201d A Losonciak ment\u0151v\u00e1r\u00e1nak fekv\u00e9s\u00e9r\u0151l = Sebesty\u00e9n-Spielmann;  Kelemen Lajos 1982, 2009; Keresztes 1995; L\u00e1z\u00e1r Mikl\u00f3s: Sz\u00e9kely isp\u00e1nok \u00e9s alisp\u00e1nok a moh\u00e1csi v\u00e9szig (Bp., 1881); Nagy Iv\u00e1n; Rugonfalvi-Kiss, \u00daM\u00c9L<\/br><\/p>\n","protected":false},"excerpt":{"rendered":"<p>? \u2020 ?: vajda, n\u00e1dorisp\u00e1n. \u2013 Fia: D\u00e9nes. \u2013 A beseny\u0151 eredet\u0171 Tomaj nemzets\u00e9gb\u0151l sz\u00e1rmazi\u00f3 els\u0151 jelent\u0151s tagja a csal\u00e1dnak. Kir. t\u00e1rnokmester (1224\u201330), erd\u00e9lyi vajda (1233\u201335), n\u00e1dorisp\u00e1n (1235\u201340). II Andr\u00e1s\/ Endre kir\u00e1lyt\u00f3l adom\u00e1nyul kapta a K\u00e1csik nemb\u00e9li Simon \u00e9s Mih\u00e1ly horv\u00e1t \u2013szlav\u00f3n b\u00e1nok elkobozott birtokait (1228), a N\u00f3gr\u00e1d megyei Losonczot valamint az \u00f3ri\u00e1s kiterjed\u00e9s\u0171 Fels\u0151-Marosmenti [&hellip;]<\/p>\n","protected":false},"featured_media":0,"comment_status":"open","ping_status":"closed","template":"","meta":[],"product_brand":[],"product_cat":[137],"product_tag":[],"class_list":{"0":"post-14069","1":"product","2":"type-product","3":"status-publish","5":"product_cat-maros-megyei-eletrajzi-lexikon","7":"first","8":"instock","9":"shipping-taxable","10":"product-type-simple"},"_links":{"self":[{"href":"https:\/\/uj.adatbank.ro\/lexikon\/wp-json\/wp\/v2\/product\/14069","targetHints":{"allow":["GET"]}}],"collection":[{"href":"https:\/\/uj.adatbank.ro\/lexikon\/wp-json\/wp\/v2\/product"}],"about":[{"href":"https:\/\/uj.adatbank.ro\/lexikon\/wp-json\/wp\/v2\/types\/product"}],"replies":[{"embeddable":true,"href":"https:\/\/uj.adatbank.ro\/lexikon\/wp-json\/wp\/v2\/comments?post=14069"}],"wp:attachment":[{"href":"https:\/\/uj.adatbank.ro\/lexikon\/wp-json\/wp\/v2\/media?parent=14069"}],"wp:term":[{"taxonomy":"product_brand","embeddable":true,"href":"https:\/\/uj.adatbank.ro\/lexikon\/wp-json\/wp\/v2\/product_brand?post=14069"},{"taxonomy":"product_cat","embeddable":true,"href":"https:\/\/uj.adatbank.ro\/lexikon\/wp-json\/wp\/v2\/product_cat?post=14069"},{"taxonomy":"product_tag","embeddable":true,"href":"https:\/\/uj.adatbank.ro\/lexikon\/wp-json\/wp\/v2\/product_tag?post=14069"}],"curies":[{"name":"wp","href":"https:\/\/api.w.org\/{rel}","templated":true}]}}

LOSONCZI Dénes

<p>? † ?: vajda, nádorispán. – Fia: Dénes. – A besenyő eredetű Tomaj nemzetségből származió első jelentős tagja a családnak. Kir. tárnokmester (1224–30), erdélyi vajda (1233–35), nádorispán (1235–40). II András/ Endre királytól adományul kapta a Kácsik nembéli Simon és Mihály horvát –szlavón bánok elkobozott birtokait (1228), a Nógrád megyei Losonczot valamint az óriás kiterjedésű Felső-Marosmenti erdélyi birtokokat, valószínűleg a Simon bán által épített marosvécsi várat is. <br /><strong>Irod.:</strong> Biró Donát 2006; Biró József 2008; Entz 1994; Györfi Zalán:„…Inter Alpes Constituta…” A Losonciak mentővárának fekvéséről = Sebestyén-Spielmann;  Kelemen Lajos 1982, 2009; Keresztes 1995; Lázár Miklós: Székely ispánok és alispánok a mohácsi vészig (Bp., 1881); Nagy Iván; Rugonfalvi-Kiss, ÚMÉL</br></p>

<p>? † ?: vajda, nádorispán. – Fia: Dénes. – A besenyő eredetű Tomaj nemzetségből származió első jelentős tagja a családnak. Kir. tárnokmester (1224–30), erdélyi vajda (1233–35), nádorispán (1235–40). II András/ Endre királytól adományul kapta a Kácsik nembéli Simon és Mihály horvát –szlavón bánok elkobozott birtokait (1228), a Nógrád megyei Losonczot valamint az óriás kiterjedésű Felső-Marosmenti [&hellip;]</p>
