{"id":14070,"date":"2025-07-15T12:49:34","date_gmt":"2025-07-15T10:49:34","guid":{"rendered":"https:\/\/uj.adatbank.ro\/lexikon\/termek\/losonczi-denes-szentimrei-losonczy\/"},"modified":"2025-07-15T12:49:34","modified_gmt":"2025-07-15T10:49:34","slug":"losonczi-denes-szentimrei-losonczy","status":"publish","type":"product","link":"https:\/\/uj.adatbank.ro\/lexikon\/termek\/losonczi-denes-szentimrei-losonczy\/","title":{"rendered":"LOSONCZI D\u00e9nes szentimrei; Losonczy"},"content":{"rendered":"<p>? \u2020 Mv., 1901: f\u0151m\u00e9rn\u00f6k. \u2013 V\u00e1rmegyei f\u0151m\u00e9rn\u00f6k. L\u00e1z\u00e1r \u00c1d\u00e1mmal becs\u00fclets\u00e9rt\u00e9si pert folytatott. L\u00e1z\u00e1r \u00c1d\u00e1m Bach husz\u00e1r m\u00faltj\u00e1t egy kv.-i napilapnak kiteregette a k\u00e9pvisel\u0151 v\u00e1laszt\u00e1sok alkalm\u00e1val (1887). Nyilv\u00e1nosan vissza kellet vonnia \u00e1ll\u00edt\u00e1sait. Az EMKE mv.-i v\u00e1rosi v\u00e1lasztm\u00e1ny\u00e1nak alap\u00edt\u00f3tagja (1885).Jelent\u0151s adom\u00e1nnyal j\u00e1rult hozz\u00e1 a b\u00fazah\u00e1zi r. k. templom \u00e9p\u00edt\u00e9s\u00e9hez (1889\u201391). <br \/><strong>Irod.:<\/strong> Cs\u00edkfalva; Id\u0151t\u00e1r 2; P\u00e1lmay J\u00f3zsef; S\u00e1ndor<\/br><\/p>\n","protected":false},"excerpt":{"rendered":"<p>? \u2020 Mv., 1901: f\u0151m\u00e9rn\u00f6k. \u2013 V\u00e1rmegyei f\u0151m\u00e9rn\u00f6k. L\u00e1z\u00e1r \u00c1d\u00e1mmal becs\u00fclets\u00e9rt\u00e9si pert folytatott. L\u00e1z\u00e1r \u00c1d\u00e1m Bach husz\u00e1r m\u00faltj\u00e1t egy kv.-i napilapnak kiteregette a k\u00e9pvisel\u0151 v\u00e1laszt\u00e1sok alkalm\u00e1val (1887). Nyilv\u00e1nosan vissza kellet vonnia \u00e1ll\u00edt\u00e1sait. Az EMKE mv.-i v\u00e1rosi v\u00e1lasztm\u00e1ny\u00e1nak alap\u00edt\u00f3tagja (1885).Jelent\u0151s adom\u00e1nnyal j\u00e1rult hozz\u00e1 a b\u00fazah\u00e1zi r. k. templom \u00e9p\u00edt\u00e9s\u00e9hez (1889\u201391). Irod.: Cs\u00edkfalva; Id\u0151t\u00e1r 2; P\u00e1lmay J\u00f3zsef; [&hellip;]<\/p>\n","protected":false},"featured_media":0,"comment_status":"open","ping_status":"closed","template":"","meta":[],"product_brand":[],"product_cat":[137],"product_tag":[],"class_list":{"0":"post-14070","1":"product","2":"type-product","3":"status-publish","5":"product_cat-maros-megyei-eletrajzi-lexikon","7":"first","8":"instock","9":"shipping-taxable","10":"product-type-simple"},"_links":{"self":[{"href":"https:\/\/uj.adatbank.ro\/lexikon\/wp-json\/wp\/v2\/product\/14070","targetHints":{"allow":["GET"]}}],"collection":[{"href":"https:\/\/uj.adatbank.ro\/lexikon\/wp-json\/wp\/v2\/product"}],"about":[{"href":"https:\/\/uj.adatbank.ro\/lexikon\/wp-json\/wp\/v2\/types\/product"}],"replies":[{"embeddable":true,"href":"https:\/\/uj.adatbank.ro\/lexikon\/wp-json\/wp\/v2\/comments?post=14070"}],"wp:attachment":[{"href":"https:\/\/uj.adatbank.ro\/lexikon\/wp-json\/wp\/v2\/media?parent=14070"}],"wp:term":[{"taxonomy":"product_brand","embeddable":true,"href":"https:\/\/uj.adatbank.ro\/lexikon\/wp-json\/wp\/v2\/product_brand?post=14070"},{"taxonomy":"product_cat","embeddable":true,"href":"https:\/\/uj.adatbank.ro\/lexikon\/wp-json\/wp\/v2\/product_cat?post=14070"},{"taxonomy":"product_tag","embeddable":true,"href":"https:\/\/uj.adatbank.ro\/lexikon\/wp-json\/wp\/v2\/product_tag?post=14070"}],"curies":[{"name":"wp","href":"https:\/\/api.w.org\/{rel}","templated":true}]}}

LOSONCZI Dénes szentimrei; Losonczy

<p>? † Mv., 1901: főmérnök. – Vármegyei főmérnök. Lázár Ádámmal becsületsértési pert folytatott. Lázár Ádám Bach huszár múltját egy kv.-i napilapnak kiteregette a képviselő választások alkalmával (1887). Nyilvánosan vissza kellet vonnia állításait. Az EMKE mv.-i városi választmányának alapítótagja (1885).Jelentős adománnyal járult hozzá a búzaházi r. k. templom építéséhez (1889–91). <br /><strong>Irod.:</strong> Csíkfalva; Időtár 2; Pálmay József; Sándor</br></p>

<p>? † Mv., 1901: főmérnök. – Vármegyei főmérnök. Lázár Ádámmal becsületsértési pert folytatott. Lázár Ádám Bach huszár múltját egy kv.-i napilapnak kiteregette a képviselő választások alkalmával (1887). Nyilvánosan vissza kellet vonnia állításait. Az EMKE mv.-i városi választmányának alapítótagja (1885).Jelentős adománnyal járult hozzá a búzaházi r. k. templom építéséhez (1889–91). Irod.: Csíkfalva; Időtár 2; Pálmay József; [&hellip;]</p>
