{"id":14071,"date":"2025-07-15T12:49:35","date_gmt":"2025-07-15T10:49:35","guid":{"rendered":"https:\/\/uj.adatbank.ro\/lexikon\/termek\/losonczi-denes-ii\/"},"modified":"2025-07-15T12:49:35","modified_gmt":"2025-07-15T10:49:35","slug":"losonczi-denes-ii","status":"publish","type":"product","link":"https:\/\/uj.adatbank.ro\/lexikon\/termek\/losonczi-denes-ii\/","title":{"rendered":"LOSONCZI D\u00e9nes, II"},"content":{"rendered":"<p>1190 k., \u2020 1241. \u00e1pr. 11\u201312., Muhi csata: erd\u00e9lyi vajda, n\u00e1dor, szolnoki f\u0151isp\u00e1n, kir. kincst\u00e1rnok. \u2013 I. D\u00e9nes fia. Fiai: Tam\u00e1s, D\u00e9nes (\u2020 1297 u.). -. A beseny\u0151 eredet\u0171 Tomaj nemzets\u00e9gb\u0151l sz\u00e1rmazik, els\u0151 jelent\u0151s tagja a csal\u00e1dnak, A Losonczi \u00e9s B\u00e1nffy csal\u00e1d \u0151se. Lov\u00e1szmester (1222\u201324), t\u00e1rnokmester (1224\u201330), szolnoki f\u0151isp\u00e1n (1228\u201330), B\u00e9la herceg h\u00edve lett, aki megszerezte neki az erd\u00e9lyi vajdai m\u00e9lt\u00f3s\u00e1got (1233\u201335), IV. B\u00e9la idej\u00e9n n\u00e1dorisp\u00e1n (1235\u201341), b\u00e1csi isp\u00e1n (1236). II. Endre kir\u00e1ly h\u00edve, adom\u00e1nyul kapta a K\u00e1csik nemb\u00e9li Simon \u00e9s Mih\u00e1ly horv\u00e1t \u2013szlav\u00f3n b\u00e1nok elkobozott birtokait (1228), a N\u00f3gr\u00e1d megyei Losonczot valamint az \u00f3ri\u00e1s kiterjed\u00e9s\u0171 Fels\u0151-Marosmenti erd\u00e9lyi birtokokat, val\u00f3sz\u00edn\u0171leg a Simon b\u00e1n \u00e1ltal \u00e9p\u00edtett marosv\u00e9csi v\u00e1rat is. Szolg\u00e1latai jutalm\u00e1ul kapta a Fels\u0151 Maros ment\u00e9t R\u00e9gent\u0151l Marosh\u00e9v\u00edzig, a Kelemen \u00e9s G\u00f6rg\u00e9nyi havasokkal (1228), megszerezte a n\u00f3gr\u00e1d megyei Losoncot is (1235). R\u00e9szt vett II Endre szentf\u00f6ldi keresztes h\u00e1bor\u00faj\u00e1ban (1217\u201318). \u0150 vezette a m. seregeket, amely a Vereckei h\u00e1g\u00f3n\u00e1l megpr\u00f3b\u00e1lta feltart\u00f3ztatni a tat\u00e1r sereget, sikertelen\u00fcl, megsebes\u00fclt majd a Muhi pusztai csat\u00e1ban esett el. Magyar\u00f3t az odatartoz\u00f3 havasi birtokokkal egy\u00fctt a legid\u0151sebb fia Tam\u00e1s kapta (1319). A Fels\u0151-Marosmenti ter\u00fcletekre \u00faj falvakat telep\u00edtett (13. sz.). Feltehet\u0151leg \u0151 alap\u00edtotta m\u00e9g a tat\u00e1rj\u00e1r\u00e1s el\u0151tt Disznaj\u00f3t, Holtmarost, Magyar\u00f3t. A nagy kiterjed\u00e9s\u0171 birtokot fia D\u00e9nes \u00f6r\u00f6k\u00f6lte, majd az \u0151 fiai, elosztott\u00e1k az apjukt\u00f3l \u00f6r\u00f6k\u00f6lt birtokot Disznaj\u00f3n (1319), ez a dokumnetum a falu els\u0151 hiteles eml\u00edt\u00e9se. Disznaj\u00f3t fia L. Dezs\u0151 \u00f6r\u00f6k\u00f6lte. <br \/><strong>Irod.:<\/strong> Cs D\u00e1vid Gyula; Keresztes Gyula: \u00d6r\u00f6ks\u00e9g\u00fcnk 55.: Elpusztult kast\u00e9lyok (N\u00fa., 1994. m\u00e1j. 6.); Magyar\u00f3 h\u00e9tk\u00f6znapjai; Rh\u00e9deyek \u00e9s Fr\u00e1terek; Szendrey L\u00e1szl\u00f3: Erd\u00e9lyi vajd\u00e1k \u00e9s fejedelmek (Algy\u0151, 2009)<\/br><\/p>\n","protected":false},"excerpt":{"rendered":"<p>1190 k., \u2020 1241. \u00e1pr. 11\u201312., Muhi csata: erd\u00e9lyi vajda, n\u00e1dor, szolnoki f\u0151isp\u00e1n, kir. kincst\u00e1rnok. \u2013 I. D\u00e9nes fia. Fiai: Tam\u00e1s, D\u00e9nes (\u2020 1297 u.). -. A beseny\u0151 eredet\u0171 Tomaj nemzets\u00e9gb\u0151l sz\u00e1rmazik, els\u0151 jelent\u0151s tagja a csal\u00e1dnak, A Losonczi \u00e9s B\u00e1nffy csal\u00e1d \u0151se. Lov\u00e1szmester (1222\u201324), t\u00e1rnokmester (1224\u201330), szolnoki f\u0151isp\u00e1n (1228\u201330), B\u00e9la herceg h\u00edve lett, aki [&hellip;]<\/p>\n","protected":false},"featured_media":0,"comment_status":"open","ping_status":"closed","template":"","meta":[],"product_brand":[],"product_cat":[137],"product_tag":[],"class_list":{"0":"post-14071","1":"product","2":"type-product","3":"status-publish","5":"product_cat-maros-megyei-eletrajzi-lexikon","7":"first","8":"instock","9":"shipping-taxable","10":"product-type-simple"},"_links":{"self":[{"href":"https:\/\/uj.adatbank.ro\/lexikon\/wp-json\/wp\/v2\/product\/14071","targetHints":{"allow":["GET"]}}],"collection":[{"href":"https:\/\/uj.adatbank.ro\/lexikon\/wp-json\/wp\/v2\/product"}],"about":[{"href":"https:\/\/uj.adatbank.ro\/lexikon\/wp-json\/wp\/v2\/types\/product"}],"replies":[{"embeddable":true,"href":"https:\/\/uj.adatbank.ro\/lexikon\/wp-json\/wp\/v2\/comments?post=14071"}],"wp:attachment":[{"href":"https:\/\/uj.adatbank.ro\/lexikon\/wp-json\/wp\/v2\/media?parent=14071"}],"wp:term":[{"taxonomy":"product_brand","embeddable":true,"href":"https:\/\/uj.adatbank.ro\/lexikon\/wp-json\/wp\/v2\/product_brand?post=14071"},{"taxonomy":"product_cat","embeddable":true,"href":"https:\/\/uj.adatbank.ro\/lexikon\/wp-json\/wp\/v2\/product_cat?post=14071"},{"taxonomy":"product_tag","embeddable":true,"href":"https:\/\/uj.adatbank.ro\/lexikon\/wp-json\/wp\/v2\/product_tag?post=14071"}],"curies":[{"name":"wp","href":"https:\/\/api.w.org\/{rel}","templated":true}]}}