{"id":14072,"date":"2025-07-15T12:49:37","date_gmt":"2025-07-15T10:49:37","guid":{"rendered":"https:\/\/uj.adatbank.ro\/lexikon\/termek\/losonczi-dezso\/"},"modified":"2025-07-15T12:49:37","modified_gmt":"2025-07-15T10:49:37","slug":"losonczi-dezso","status":"publish","type":"product","link":"https:\/\/uj.adatbank.ro\/lexikon\/termek\/losonczi-dezso\/","title":{"rendered":"LOSONCZI Dezs\u0151"},"content":{"rendered":"<p>? \u2020 ?: erd\u00e9lyi vajda, b\u00e1n, birtokos. \u2013Fiai L\u00e1szl\u00f3, Zsigmond.- A Budai Nagy Antal vetzette parasztfelkel\u00e9st, a nemesi hadsereg vez\u00e9rek\u00e9nt \u0151 fojtotta el (1438), A Fels\u0151-Maros ment\u00e9n \u00e9s a Mez\u0151s\u00e9gen nagy kiterjed\u00e9s\u0171 birtokai voltak. Marosbog\u00e1t (1437), Tancs (1439) a birtok\u00e1ba ker\u00fclt. A volt erd\u00e9lyi vajda \u00e9s fiai L\u00e1szl\u00f3 \u00e9s Zsigmond tiltakoztak amiatt, hogy Hunyadi J\u00e1nos korm\u00e1nyz\u00f3 a s\u00e1rpataki, tekei \u00e9s saj\u00f3i birtokokaik fel\u00e9t Vizaknai Mikl\u00f3ssal \u00e9s Vingardi Ger\u00e9b J\u00e1nossal a maga sz\u00e1m\u00e1ra visszafoglaltatta (1451. j\u00fan. 22). Isp\u00e1n (1460\u201361). A M\u00e1ty\u00e1s kir\u00e1ly uralkod\u00e1s\u00e1val el\u00e9gedetlenked\u0151 nemess\u00e9g l\u00e1zad\u00e1s\u00e1ba belekeveredett a Fels\u0151-Maros menti nemesek egy r\u00e9sze is. M\u00e1ty\u00e1s kir\u00e1ly a l\u00e1zad\u00e1st elfojtotta, a r\u00e9sztvev\u0151ket birtokelkobz\u00e1ssal s\u00fajtotta. \u00edgy kobozta el t\u0151le \u00e9s fiait\u00f3l L\u00e1szl\u00f3t\u00f3l \u00e9s Zsigmondt\u00f3l birtokk\u00f6zpontjaikat,a v\u00e9csi v\u00e1rat \u00e9s a hozz\u00e1 tartoz\u00f3 uradalom falvait. <br \/><strong>Irod.:<\/strong> Berekm\u00e9ri\u2013G\u00e1lfi; Cs. D\u00e1vid Gyula; Entz 1994; Nagy Iv\u00e1n; Rugonfalvi Kiss<\/br><\/p>\n","protected":false},"excerpt":{"rendered":"<p>? \u2020 ?: erd\u00e9lyi vajda, b\u00e1n, birtokos. \u2013Fiai L\u00e1szl\u00f3, Zsigmond.- A Budai Nagy Antal vetzette parasztfelkel\u00e9st, a nemesi hadsereg vez\u00e9rek\u00e9nt \u0151 fojtotta el (1438), A Fels\u0151-Maros ment\u00e9n \u00e9s a Mez\u0151s\u00e9gen nagy kiterjed\u00e9s\u0171 birtokai voltak. Marosbog\u00e1t (1437), Tancs (1439) a birtok\u00e1ba ker\u00fclt. A volt erd\u00e9lyi vajda \u00e9s fiai L\u00e1szl\u00f3 \u00e9s Zsigmond tiltakoztak amiatt, hogy Hunyadi J\u00e1nos [&hellip;]<\/p>\n","protected":false},"featured_media":0,"comment_status":"open","ping_status":"closed","template":"","meta":[],"product_brand":[],"product_cat":[137],"product_tag":[],"class_list":{"0":"post-14072","1":"product","2":"type-product","3":"status-publish","5":"product_cat-maros-megyei-eletrajzi-lexikon","7":"first","8":"instock","9":"shipping-taxable","10":"product-type-simple"},"_links":{"self":[{"href":"https:\/\/uj.adatbank.ro\/lexikon\/wp-json\/wp\/v2\/product\/14072","targetHints":{"allow":["GET"]}}],"collection":[{"href":"https:\/\/uj.adatbank.ro\/lexikon\/wp-json\/wp\/v2\/product"}],"about":[{"href":"https:\/\/uj.adatbank.ro\/lexikon\/wp-json\/wp\/v2\/types\/product"}],"replies":[{"embeddable":true,"href":"https:\/\/uj.adatbank.ro\/lexikon\/wp-json\/wp\/v2\/comments?post=14072"}],"wp:attachment":[{"href":"https:\/\/uj.adatbank.ro\/lexikon\/wp-json\/wp\/v2\/media?parent=14072"}],"wp:term":[{"taxonomy":"product_brand","embeddable":true,"href":"https:\/\/uj.adatbank.ro\/lexikon\/wp-json\/wp\/v2\/product_brand?post=14072"},{"taxonomy":"product_cat","embeddable":true,"href":"https:\/\/uj.adatbank.ro\/lexikon\/wp-json\/wp\/v2\/product_cat?post=14072"},{"taxonomy":"product_tag","embeddable":true,"href":"https:\/\/uj.adatbank.ro\/lexikon\/wp-json\/wp\/v2\/product_tag?post=14072"}],"curies":[{"name":"wp","href":"https:\/\/api.w.org\/{rel}","templated":true}]}}

LOSONCZI Dezső

<p>? † ?: erdélyi vajda, bán, birtokos. –Fiai László, Zsigmond.- A Budai Nagy Antal vetzette parasztfelkelést, a nemesi hadsereg vezéreként ő fojtotta el (1438), A Felső-Maros mentén és a Mezőségen nagy kiterjedésű birtokai voltak. Marosbogát (1437), Tancs (1439) a birtokába került. A volt erdélyi vajda és fiai László és Zsigmond tiltakoztak amiatt, hogy Hunyadi János kormányzó a sárpataki, tekei és sajói birtokokaik felét Vizaknai Miklóssal és Vingardi Geréb Jánossal a maga számára visszafoglaltatta (1451. jún. 22). Ispán (1460–61). A Mátyás király uralkodásával elégedetlenkedő nemesség lázadásába belekeveredett a Felső-Maros menti nemesek egy része is. Mátyás király a lázadást elfojtotta, a résztvevőket birtokelkobzással sújtotta. így kobozta el tőle és fiaitól Lászlótól és Zsigmondtól birtokközpontjaikat,a vécsi várat és a hozzá tartozó uradalom falvait. <br /><strong>Irod.:</strong> Berekméri–Gálfi; Cs. Dávid Gyula; Entz 1994; Nagy Iván; Rugonfalvi Kiss</br></p>

<p>? † ?: erdélyi vajda, bán, birtokos. –Fiai László, Zsigmond.- A Budai Nagy Antal vetzette parasztfelkelést, a nemesi hadsereg vezéreként ő fojtotta el (1438), A Felső-Maros mentén és a Mezőségen nagy kiterjedésű birtokai voltak. Marosbogát (1437), Tancs (1439) a birtokába került. A volt erdélyi vajda és fiai László és Zsigmond tiltakoztak amiatt, hogy Hunyadi János [&hellip;]</p>
