{"id":14076,"date":"2025-07-15T12:49:47","date_gmt":"2025-07-15T10:49:47","guid":{"rendered":"https:\/\/uj.adatbank.ro\/lexikon\/termek\/losonczi-istvan\/"},"modified":"2025-07-15T12:49:47","modified_gmt":"2025-07-15T10:49:47","slug":"losonczi-istvan","status":"publish","type":"product","link":"https:\/\/uj.adatbank.ro\/lexikon\/termek\/losonczi-istvan\/","title":{"rendered":"LOSONCZI Istv\u00e1n"},"content":{"rendered":"<p>? \u2020\u00a01395: f\u00f6ldbirtokos, f\u0151\u00far, macs\u00f3i b\u00e1n. \u2013 L. Dezs\u0151 fia.- Nagyolaszin\u00e1l sz\u00e9tverte a bet\u00f6rt t\u00f6r\u00f6k \u00e9s csatl\u00f3s szerb csapatokat; ez volt a t\u00f6r\u00f6k\u00f6k els\u0151 bet\u00f6r\u00e9se Mo.-ra (1391). Zsigmond kir\u00e1lyt\u00f3l megkapta \u00dajv\u00e1rat azaz Gog\u00e1nv\u00e1ralj\u00e1t a Gog\u00e1n v\u00e1rral (1391), Bonyha mez\u0151v\u00e1rossal s Bern\u00e1d, Cs\u00e1v\u00e1s, Solymos, D\u00e1ny\u00e1n \u00e9s V\u00e1ralja falukkal. Gog\u00e1nv\u00e1ralja a k\u00f6z\u00e9pkorban V\u00e1ralja volt, a f\u00f6l\u00f6tte emelked\u0151 hegyen \u00e1llott \u00dajv\u00e1r v\u00e1ra, amely val\u00f3sz\u00edn\u0171leg a tat\u00e1rj\u00e1r\u00e1s ut\u00e1n \u00e9p\u00fclt \u00e9s a 14. sz.-ban mint kir. v\u00e1r szerepelt. K\u00e9s\u0151bb is f\u0151leg az \u0151 ut\u00f3dai b\u00edrt\u00e1k ezeket (\u20131492 ig). <br \/><strong>Irod.:<\/strong> Debreczeni L\u00e1szl\u00f3: Sz\u00e9p Erd\u00e9lyorsz\u00e1g fatornyos haz\u00e1mb\u00f3l (Kv., 2005); Entz G\u00e9za 1994; K.L. M\u0171v. t\u00f6rt. tan. 1<\/br><\/p>\n","protected":false},"excerpt":{"rendered":"<p>? \u2020\u00a01395: f\u00f6ldbirtokos, f\u0151\u00far, macs\u00f3i b\u00e1n. \u2013 L. Dezs\u0151 fia.- Nagyolaszin\u00e1l sz\u00e9tverte a bet\u00f6rt t\u00f6r\u00f6k \u00e9s csatl\u00f3s szerb csapatokat; ez volt a t\u00f6r\u00f6k\u00f6k els\u0151 bet\u00f6r\u00e9se Mo.-ra (1391). Zsigmond kir\u00e1lyt\u00f3l megkapta \u00dajv\u00e1rat azaz Gog\u00e1nv\u00e1ralj\u00e1t a Gog\u00e1n v\u00e1rral (1391), Bonyha mez\u0151v\u00e1rossal s Bern\u00e1d, Cs\u00e1v\u00e1s, Solymos, D\u00e1ny\u00e1n \u00e9s V\u00e1ralja falukkal. Gog\u00e1nv\u00e1ralja a k\u00f6z\u00e9pkorban V\u00e1ralja volt, a f\u00f6l\u00f6tte emelked\u0151 [&hellip;]<\/p>\n","protected":false},"featured_media":0,"comment_status":"open","ping_status":"closed","template":"","meta":[],"product_brand":[],"product_cat":[137],"product_tag":[],"class_list":{"0":"post-14076","1":"product","2":"type-product","3":"status-publish","5":"product_cat-maros-megyei-eletrajzi-lexikon","7":"first","8":"instock","9":"shipping-taxable","10":"product-type-simple"},"_links":{"self":[{"href":"https:\/\/uj.adatbank.ro\/lexikon\/wp-json\/wp\/v2\/product\/14076","targetHints":{"allow":["GET"]}}],"collection":[{"href":"https:\/\/uj.adatbank.ro\/lexikon\/wp-json\/wp\/v2\/product"}],"about":[{"href":"https:\/\/uj.adatbank.ro\/lexikon\/wp-json\/wp\/v2\/types\/product"}],"replies":[{"embeddable":true,"href":"https:\/\/uj.adatbank.ro\/lexikon\/wp-json\/wp\/v2\/comments?post=14076"}],"wp:attachment":[{"href":"https:\/\/uj.adatbank.ro\/lexikon\/wp-json\/wp\/v2\/media?parent=14076"}],"wp:term":[{"taxonomy":"product_brand","embeddable":true,"href":"https:\/\/uj.adatbank.ro\/lexikon\/wp-json\/wp\/v2\/product_brand?post=14076"},{"taxonomy":"product_cat","embeddable":true,"href":"https:\/\/uj.adatbank.ro\/lexikon\/wp-json\/wp\/v2\/product_cat?post=14076"},{"taxonomy":"product_tag","embeddable":true,"href":"https:\/\/uj.adatbank.ro\/lexikon\/wp-json\/wp\/v2\/product_tag?post=14076"}],"curies":[{"name":"wp","href":"https:\/\/api.w.org\/{rel}","templated":true}]}}