{"id":14083,"date":"2025-07-15T12:49:59","date_gmt":"2025-07-15T10:49:59","guid":{"rendered":"https:\/\/uj.adatbank.ro\/lexikon\/termek\/losonczi-laszlo-ladislaus-de-lodhunk-losonczy-2\/"},"modified":"2025-07-15T12:49:59","modified_gmt":"2025-07-15T10:49:59","slug":"losonczi-laszlo-ladislaus-de-lodhunk-losonczy-2","status":"publish","type":"product","link":"https:\/\/uj.adatbank.ro\/lexikon\/termek\/losonczi-laszlo-ladislaus-de-lodhunk-losonczy-2\/","title":{"rendered":"LOSONCZI L\u00e1szl\u00f3, Ladislaus de Lodhunk Losonczy"},"content":{"rendered":"<p>1320\u201330 as \u00e9vek \u2020 1392. eleje: f\u0151\u00far, erd\u00e9lyi vajda. \u2013 L. Dezs\u0151 (\u2020 1336 u.) fia.- Sz\u00e9kely isp\u00e1n (1373\u201376), erd\u00e9lyi vajda (1376\u201391). Zsigmond kir\u00e1lyt\u00f3l megkapta Bels\u0151-Szolnok megyei Csics\u00f3v\u00e1r\u00e1t harminc faluval. A Szent \u00c1goston-rendi szerzetesek r\u00e9sz\u00e9re szerzetesh\u00e1z alap\u00edt\u00e1s\u00e1nak j\u00f3v\u00e1hagy\u00e1s\u00e1\u00e9rt folyamodott a p\u00e1p\u00e1hoz (1383). K\u00e9relmezte a p\u00e1p\u00e1n\u00e1l a r\u00e9geni, Gy\u00f6rgy lovagr\u00f3l elnevezett k\u00e1polna pl\u00e9b\u00e1nia templomm\u00e1 emel\u00e9s\u00e9t (1382\u201387). <br \/><strong>Irod.:<\/strong> Entz 1994; L\u00e9sty\u00e1n \u2013 templomok 1., \u00daM\u00c9L<\/br><\/p>\n","protected":false},"excerpt":{"rendered":"<p>1320\u201330 as \u00e9vek \u2020 1392. eleje: f\u0151\u00far, erd\u00e9lyi vajda. \u2013 L. Dezs\u0151 (\u2020 1336 u.) fia.- Sz\u00e9kely isp\u00e1n (1373\u201376), erd\u00e9lyi vajda (1376\u201391). Zsigmond kir\u00e1lyt\u00f3l megkapta Bels\u0151-Szolnok megyei Csics\u00f3v\u00e1r\u00e1t harminc faluval. A Szent \u00c1goston-rendi szerzetesek r\u00e9sz\u00e9re szerzetesh\u00e1z alap\u00edt\u00e1s\u00e1nak j\u00f3v\u00e1hagy\u00e1s\u00e1\u00e9rt folyamodott a p\u00e1p\u00e1hoz (1383). K\u00e9relmezte a p\u00e1p\u00e1n\u00e1l a r\u00e9geni, Gy\u00f6rgy lovagr\u00f3l elnevezett k\u00e1polna pl\u00e9b\u00e1nia templomm\u00e1 emel\u00e9s\u00e9t (1382\u201387). [&hellip;]<\/p>\n","protected":false},"featured_media":0,"comment_status":"open","ping_status":"closed","template":"","meta":[],"product_brand":[],"product_cat":[137],"product_tag":[],"class_list":{"0":"post-14083","1":"product","2":"type-product","3":"status-publish","5":"product_cat-maros-megyei-eletrajzi-lexikon","7":"first","8":"instock","9":"shipping-taxable","10":"product-type-simple"},"_links":{"self":[{"href":"https:\/\/uj.adatbank.ro\/lexikon\/wp-json\/wp\/v2\/product\/14083","targetHints":{"allow":["GET"]}}],"collection":[{"href":"https:\/\/uj.adatbank.ro\/lexikon\/wp-json\/wp\/v2\/product"}],"about":[{"href":"https:\/\/uj.adatbank.ro\/lexikon\/wp-json\/wp\/v2\/types\/product"}],"replies":[{"embeddable":true,"href":"https:\/\/uj.adatbank.ro\/lexikon\/wp-json\/wp\/v2\/comments?post=14083"}],"wp:attachment":[{"href":"https:\/\/uj.adatbank.ro\/lexikon\/wp-json\/wp\/v2\/media?parent=14083"}],"wp:term":[{"taxonomy":"product_brand","embeddable":true,"href":"https:\/\/uj.adatbank.ro\/lexikon\/wp-json\/wp\/v2\/product_brand?post=14083"},{"taxonomy":"product_cat","embeddable":true,"href":"https:\/\/uj.adatbank.ro\/lexikon\/wp-json\/wp\/v2\/product_cat?post=14083"},{"taxonomy":"product_tag","embeddable":true,"href":"https:\/\/uj.adatbank.ro\/lexikon\/wp-json\/wp\/v2\/product_tag?post=14083"}],"curies":[{"name":"wp","href":"https:\/\/api.w.org\/{rel}","templated":true}]}}

LOSONCZI László, Ladislaus de Lodhunk Losonczy

<p>1320–30 as évek † 1392. eleje: főúr, erdélyi vajda. – L. Dezső († 1336 u.) fia.- Székely ispán (1373–76), erdélyi vajda (1376–91). Zsigmond királytól megkapta Belső-Szolnok megyei Csicsóvárát harminc faluval. A Szent Ágoston-rendi szerzetesek részére szerzetesház alapításának jóváhagyásáért folyamodott a pápához (1383). Kérelmezte a pápánál a régeni, György lovagról elnevezett kápolna plébánia templommá emelését (1382–87). <br /><strong>Irod.:</strong> Entz 1994; Léstyán – templomok 1., ÚMÉL</br></p>

<p>1320–30 as évek † 1392. eleje: főúr, erdélyi vajda. – L. Dezső († 1336 u.) fia.- Székely ispán (1373–76), erdélyi vajda (1376–91). Zsigmond királytól megkapta Belső-Szolnok megyei Csicsóvárát harminc faluval. A Szent Ágoston-rendi szerzetesek részére szerzetesház alapításának jóváhagyásáért folyamodott a pápához (1383). Kérelmezte a pápánál a régeni, György lovagról elnevezett kápolna plébánia templommá emelését (1382–87). [&hellip;]</p>
