{"id":14084,"date":"2025-07-15T12:50:02","date_gmt":"2025-07-15T10:50:02","guid":{"rendered":"https:\/\/uj.adatbank.ro\/lexikon\/termek\/losonczi-laszloifj\/"},"modified":"2025-07-15T12:50:02","modified_gmt":"2025-07-15T10:50:02","slug":"losonczi-laszloifj","status":"publish","type":"product","link":"https:\/\/uj.adatbank.ro\/lexikon\/termek\/losonczi-laszloifj\/","title":{"rendered":"LOSONCZI L\u00e1szl\u00f3,ifj."},"content":{"rendered":"<p>1395.: f\u0151\u00far, b\u00e1n. \u2013 A Tomaj nemzets\u00e9ghez tartoz\u00f3 Tam\u00e1sfi Istv\u00e1n fia. Besztercei v\u00e1rnagy (1385\u20131386), temesi f\u0151isp\u00e1n (1386\u201387), sz\u00f6r\u00e9nyi b\u00e1n (1387), dalm\u00e1t- horv\u00e1t, szlav\u00f3n b\u00e1n (1387\u201389). II. K\u00e1roly udvari vit\u00e9ze. D\u00edszes lovagk\u00fcld\u00f6tts\u00e9gben P\u00e1rizsban j\u00e1rt Orleans-i Lajos\u00e9rt M\u00e1ria kir\u00e1lyn\u0151 f\u00e9rj\u00e9\u00fcl k\u00e9rni.(1385). R\u00e9szt vett M\u00e1ria kir\u00e1lyn\u0151 kiszabad\u00edt\u00e1s\u00e1ban (1386), majd csatlakozott N\u00e1polyi L\u00e1szl\u00f3 sereg\u00e9hez (1390). Zar\u00e1nd vm.-i v\u00e1rakat kapott Istv\u00e1n testv\u00e9r\u00e9vel Zsigmond kir\u00e1lyt\u00f3l (1387). Egy fia volt, akinek hal\u00e1l\u00e1val a csal\u00e1d ezen \u00e1ga kihalt. Magyarr\u00e9geni f\u00f6ldbirtokos. V\u00e1s\u00e1rhely alakban is el\u0151fordult a v\u00e1ros neve egyik oklevel\u00e9ben (1388). Birtokk\u00f6zpontja Vajdaszentiv\u00e1ny. A 14. sz. nyolcvanas \u00e9veiben az \u0151 tulajdona Dics\u0151szentm\u00e1rton. <br \/><strong>Irod.:<\/strong> Cs. D\u00e1vid Gyula 2011; Dics\u0151szentm\u00e1rton a k\u00f6z\u00e9pkori oklevelekben, 1278\u20131560. (Dics\u0151szentm\u00e1rton, 2007.); Szendrei L\u00e1szl\u00f3 2009; \u00daM\u00c9L<\/br><\/p>\n","protected":false},"excerpt":{"rendered":"<p>1395.: f\u0151\u00far, b\u00e1n. \u2013 A Tomaj nemzets\u00e9ghez tartoz\u00f3 Tam\u00e1sfi Istv\u00e1n fia. Besztercei v\u00e1rnagy (1385\u20131386), temesi f\u0151isp\u00e1n (1386\u201387), sz\u00f6r\u00e9nyi b\u00e1n (1387), dalm\u00e1t- horv\u00e1t, szlav\u00f3n b\u00e1n (1387\u201389). II. K\u00e1roly udvari vit\u00e9ze. D\u00edszes lovagk\u00fcld\u00f6tts\u00e9gben P\u00e1rizsban j\u00e1rt Orleans-i Lajos\u00e9rt M\u00e1ria kir\u00e1lyn\u0151 f\u00e9rj\u00e9\u00fcl k\u00e9rni.(1385). R\u00e9szt vett M\u00e1ria kir\u00e1lyn\u0151 kiszabad\u00edt\u00e1s\u00e1ban (1386), majd csatlakozott N\u00e1polyi L\u00e1szl\u00f3 sereg\u00e9hez (1390). Zar\u00e1nd vm.-i v\u00e1rakat kapott [&hellip;]<\/p>\n","protected":false},"featured_media":0,"comment_status":"open","ping_status":"closed","template":"","meta":[],"product_brand":[],"product_cat":[137],"product_tag":[],"class_list":{"0":"post-14084","1":"product","2":"type-product","3":"status-publish","5":"product_cat-maros-megyei-eletrajzi-lexikon","7":"first","8":"instock","9":"shipping-taxable","10":"product-type-simple"},"_links":{"self":[{"href":"https:\/\/uj.adatbank.ro\/lexikon\/wp-json\/wp\/v2\/product\/14084","targetHints":{"allow":["GET"]}}],"collection":[{"href":"https:\/\/uj.adatbank.ro\/lexikon\/wp-json\/wp\/v2\/product"}],"about":[{"href":"https:\/\/uj.adatbank.ro\/lexikon\/wp-json\/wp\/v2\/types\/product"}],"replies":[{"embeddable":true,"href":"https:\/\/uj.adatbank.ro\/lexikon\/wp-json\/wp\/v2\/comments?post=14084"}],"wp:attachment":[{"href":"https:\/\/uj.adatbank.ro\/lexikon\/wp-json\/wp\/v2\/media?parent=14084"}],"wp:term":[{"taxonomy":"product_brand","embeddable":true,"href":"https:\/\/uj.adatbank.ro\/lexikon\/wp-json\/wp\/v2\/product_brand?post=14084"},{"taxonomy":"product_cat","embeddable":true,"href":"https:\/\/uj.adatbank.ro\/lexikon\/wp-json\/wp\/v2\/product_cat?post=14084"},{"taxonomy":"product_tag","embeddable":true,"href":"https:\/\/uj.adatbank.ro\/lexikon\/wp-json\/wp\/v2\/product_tag?post=14084"}],"curies":[{"name":"wp","href":"https:\/\/api.w.org\/{rel}","templated":true}]}}

LOSONCZI László,ifj.

<p>1395.: főúr, bán. – A Tomaj nemzetséghez tartozó Tamásfi István fia. Besztercei várnagy (1385–1386), temesi főispán (1386–87), szörényi bán (1387), dalmát- horvát, szlavón bán (1387–89). II. Károly udvari vitéze. Díszes lovagküldöttségben Párizsban járt Orleans-i Lajosért Mária királynő férjéül kérni.(1385). Részt vett Mária királynő kiszabadításában (1386), majd csatlakozott Nápolyi László seregéhez (1390). Zaránd vm.-i várakat kapott István testvérével Zsigmond királytól (1387). Egy fia volt, akinek halálával a család ezen ága kihalt. Magyarrégeni földbirtokos. Vásárhely alakban is előfordult a város neve egyik oklevelében (1388). Birtokközpontja Vajdaszentivány. A 14. sz. nyolcvanas éveiben az ő tulajdona Dicsőszentmárton. <br /><strong>Irod.:</strong> Cs. Dávid Gyula 2011; Dicsőszentmárton a középkori oklevelekben, 1278–1560. (Dicsőszentmárton, 2007.); Szendrei László 2009; ÚMÉL</br></p>

<p>1395.: főúr, bán. – A Tomaj nemzetséghez tartozó Tamásfi István fia. Besztercei várnagy (1385–1386), temesi főispán (1386–87), szörényi bán (1387), dalmát- horvát, szlavón bán (1387–89). II. Károly udvari vitéze. Díszes lovagküldöttségben Párizsban járt Orleans-i Lajosért Mária királynő férjéül kérni.(1385). Részt vett Mária királynő kiszabadításában (1386), majd csatlakozott Nápolyi László seregéhez (1390). Zaránd vm.-i várakat kapott [&hellip;]</p>
