{"id":14094,"date":"2025-07-15T12:50:22","date_gmt":"2025-07-15T10:50:22","guid":{"rendered":"https:\/\/uj.adatbank.ro\/lexikon\/termek\/losteiner-janos\/"},"modified":"2025-07-15T12:50:22","modified_gmt":"2025-07-15T10:50:22","slug":"losteiner-janos","status":"publish","type":"product","link":"https:\/\/uj.adatbank.ro\/lexikon\/termek\/losteiner-janos\/","title":{"rendered":"LOSTEINER J\u00e1nos"},"content":{"rendered":"<p>Kv.,1744., \u2020 Cs\u00edksomly\u00f3, 1826. m\u00e1j. 17.: ferencrendi szerzetes, t\u00f6rt\u00e9n\u00e9sz, r.k. pl\u00e9b\u00e1nos. \u2013 Bel\u00e9pett a ferences rendbe (1761. szept. 1), papp\u00e1 szentelt\u00e9k (1768. m\u00e1rc. 25.). Kapjonban volt lelk\u00e9sz \u00e9s Haller Antal gr. k\u00e1pl\u00e1nja (1770\u201371), Kv.-on lector (1771\u201390), majd Sz\u00e9ken (1792), Medgyesen (1795) m\u0171k\u00f6d\u00f6tt. Mikh\u00e1z\u00e1n h\u00e1zf\u0151n\u00f6k (1796\u20131800), definitor (1801\u201304). A mv.-i r. k. tanoda \u00e9s nevelde igazgat\u00f3ja volt (1806\u201309). Sz\u0151kefalv\u00e1n m\u0171k\u00f6d\u00f6tt (1818\u201320). Cs\u00edksomly\u00f3n \u00e9lt mint t\u00f6rt\u00e9net\u00edr\u00f3 (\u20131826). A cs\u00edksomly\u00f3i kegytemplom \u00e9p\u00edt\u00e9s\u00e9nek legf\u0151bb mozgat\u00f3ja volt. Utols\u00f3 \u00e9veiben megvakult. \u2013 <strong>F. m.:<\/strong> Erd\u00e9ly hist\u00f3ri\u00e1ja, k\u00fcl\u00f6n\u00f6sen Cs\u00edk, Gyergy\u00f3 \u00e9s K\u00e1szon\u00e9. (H.n; \u00e9.n); Historia Chronologico-Topographica Provinciae Serafico Transilvanicae tit. S. Stefani Proteregis Hungariae. F. O. M. Kz. 692 old. (a cs\u00edksomly\u00f3i rendh\u00e1zban); Theatrum Orbis Christiani hungarico -Transilvanicum&#8230; (K\u00e9zirat, 1790; az OSZK-ban); Cronologia Topographico-Corographica, seu sub specie Annual felicitatis et calamitatis Provinciae Trannicae et Siculiae descriptio pervetusti Monasterii Csiksomliovinensis&#8230; (K\u00e9zirat; Cs\u00edksomly\u00f3, 1777). <br \/><strong>Irod.:<\/strong> Mv.-i R.K.okt.; Nagy L\u00e1szl\u00f3; Szinnye; R.k. okt.\u20131; R.k.okt.\u20132<\/br><\/p>\n","protected":false},"excerpt":{"rendered":"<p>Kv.,1744., \u2020 Cs\u00edksomly\u00f3, 1826. m\u00e1j. 17.: ferencrendi szerzetes, t\u00f6rt\u00e9n\u00e9sz, r.k. pl\u00e9b\u00e1nos. \u2013 Bel\u00e9pett a ferences rendbe (1761. szept. 1), papp\u00e1 szentelt\u00e9k (1768. m\u00e1rc. 25.). Kapjonban volt lelk\u00e9sz \u00e9s Haller Antal gr. k\u00e1pl\u00e1nja (1770\u201371), Kv.-on lector (1771\u201390), majd Sz\u00e9ken (1792), Medgyesen (1795) m\u0171k\u00f6d\u00f6tt. Mikh\u00e1z\u00e1n h\u00e1zf\u0151n\u00f6k (1796\u20131800), definitor (1801\u201304). A mv.-i r. k. tanoda \u00e9s nevelde igazgat\u00f3ja [&hellip;]<\/p>\n","protected":false},"featured_media":0,"comment_status":"open","ping_status":"closed","template":"","meta":[],"product_brand":[],"product_cat":[137],"product_tag":[],"class_list":{"0":"post-14094","1":"product","2":"type-product","3":"status-publish","5":"product_cat-maros-megyei-eletrajzi-lexikon","7":"first","8":"instock","9":"shipping-taxable","10":"product-type-simple"},"_links":{"self":[{"href":"https:\/\/uj.adatbank.ro\/lexikon\/wp-json\/wp\/v2\/product\/14094","targetHints":{"allow":["GET"]}}],"collection":[{"href":"https:\/\/uj.adatbank.ro\/lexikon\/wp-json\/wp\/v2\/product"}],"about":[{"href":"https:\/\/uj.adatbank.ro\/lexikon\/wp-json\/wp\/v2\/types\/product"}],"replies":[{"embeddable":true,"href":"https:\/\/uj.adatbank.ro\/lexikon\/wp-json\/wp\/v2\/comments?post=14094"}],"wp:attachment":[{"href":"https:\/\/uj.adatbank.ro\/lexikon\/wp-json\/wp\/v2\/media?parent=14094"}],"wp:term":[{"taxonomy":"product_brand","embeddable":true,"href":"https:\/\/uj.adatbank.ro\/lexikon\/wp-json\/wp\/v2\/product_brand?post=14094"},{"taxonomy":"product_cat","embeddable":true,"href":"https:\/\/uj.adatbank.ro\/lexikon\/wp-json\/wp\/v2\/product_cat?post=14094"},{"taxonomy":"product_tag","embeddable":true,"href":"https:\/\/uj.adatbank.ro\/lexikon\/wp-json\/wp\/v2\/product_tag?post=14094"}],"curies":[{"name":"wp","href":"https:\/\/api.w.org\/{rel}","templated":true}]}}

LOSTEINER János

<p>Kv.,1744., † Csíksomlyó, 1826. máj. 17.: ferencrendi szerzetes, történész, r.k. plébános. – Belépett a ferences rendbe (1761. szept. 1), pappá szentelték (1768. márc. 25.). Kapjonban volt lelkész és Haller Antal gr. káplánja (1770–71), Kv.-on lector (1771–90), majd Széken (1792), Medgyesen (1795) működött. Mikházán házfőnök (1796–1800), definitor (1801–04). A mv.-i r. k. tanoda és nevelde igazgatója volt (1806–09). Szőkefalván működött (1818–20). Csíksomlyón élt mint történetíró (–1826). A csíksomlyói kegytemplom építésének legfőbb mozgatója volt. Utolsó éveiben megvakult. – <strong>F. m.:</strong> Erdély históriája, különösen Csík, Gyergyó és Kászoné. (H.n; é.n); Historia Chronologico-Topographica Provinciae Serafico Transilvanicae tit. S. Stefani Proteregis Hungariae. F. O. M. Kz. 692 old. (a csíksomlyói rendházban); Theatrum Orbis Christiani hungarico -Transilvanicum&#8230; (Kézirat, 1790; az OSZK-ban); Cronologia Topographico-Corographica, seu sub specie Annual felicitatis et calamitatis Provinciae Trannicae et Siculiae descriptio pervetusti Monasterii Csiksomliovinensis&#8230; (Kézirat; Csíksomlyó, 1777). <br /><strong>Irod.:</strong> Mv.-i R.K.okt.; Nagy László; Szinnye; R.k. okt.–1; R.k.okt.–2</br></p>

<p>Kv.,1744., † Csíksomlyó, 1826. máj. 17.: ferencrendi szerzetes, történész, r.k. plébános. – Belépett a ferences rendbe (1761. szept. 1), pappá szentelték (1768. márc. 25.). Kapjonban volt lelkész és Haller Antal gr. káplánja (1770–71), Kv.-on lector (1771–90), majd Széken (1792), Medgyesen (1795) működött. Mikházán házfőnök (1796–1800), definitor (1801–04). A mv.-i r. k. tanoda és nevelde igazgatója [&hellip;]</p>
