{"id":14101,"date":"2025-07-15T12:50:37","date_gmt":"2025-07-15T10:50:37","guid":{"rendered":"https:\/\/uj.adatbank.ro\/lexikon\/termek\/lote-laszlo-lote-vasile\/"},"modified":"2025-07-15T12:50:37","modified_gmt":"2025-07-15T10:50:37","slug":"lote-laszlo-lote-vasile","status":"publish","type":"product","link":"https:\/\/uj.adatbank.ro\/lexikon\/termek\/lote-laszlo-lote-vasile\/","title":{"rendered":"L\u0150TE L\u00e1szl\u00f3, L\u00f6te Vasile"},"content":{"rendered":"<p>Ny\u00e1r\u00e1dszereda, 1919. dec. 2., \u2020 ? : sz\u00e1zados. \u2013 A Maros Megyei Siguran\u0163a szov\u00e1tai irod\u00e1j\u00e1nak a vezet\u00f6je, alrend\u0151rbiztos (1948). A Maros megyei Securitate alhadnagya (1948), Erd\u0151szentgy\u00f6rgy\u00f6n volt a securitate hadnagya, helyettes vezet\u0151je (1952). A MAT securitate f\u0151hadnagya (1953), sz\u00e1zados (1955). A vadadi h\u00e1z\u00e1ban \u0151rizetbe vette Kiss Istv\u00e1nt, akit a kollektiviz\u00e1l\u00e1s elleni agit\u00e1ci\u00f3val v\u00e1dolt, valamint az adminisztrat\u00edv \u00e9s politikai szervek akad\u00e1lyoztat\u00e1s\u00e1val (1950. j\u00fal. 20.), \u00e9jjel gyalogosan kis\u00e9rt\u00e9k a mil\u00edcia-\u00f6rs fel\u00e9 \u00e9s lel\u0151tt\u00e9k. <br \/><strong>Irod.:<\/strong> Bartos Zolt\u00e1n; Bartos 2012; Bottoni 2008; Cs\u00edkfalva<\/br><\/p>\n","protected":false},"excerpt":{"rendered":"<p>Ny\u00e1r\u00e1dszereda, 1919. dec. 2., \u2020 ? : sz\u00e1zados. \u2013 A Maros Megyei Siguran\u0163a szov\u00e1tai irod\u00e1j\u00e1nak a vezet\u00f6je, alrend\u0151rbiztos (1948). A Maros megyei Securitate alhadnagya (1948), Erd\u0151szentgy\u00f6rgy\u00f6n volt a securitate hadnagya, helyettes vezet\u0151je (1952). A MAT securitate f\u0151hadnagya (1953), sz\u00e1zados (1955). A vadadi h\u00e1z\u00e1ban \u0151rizetbe vette Kiss Istv\u00e1nt, akit a kollektiviz\u00e1l\u00e1s elleni agit\u00e1ci\u00f3val v\u00e1dolt, valamint az [&hellip;]<\/p>\n","protected":false},"featured_media":0,"comment_status":"open","ping_status":"closed","template":"","meta":[],"product_brand":[],"product_cat":[137],"product_tag":[],"class_list":{"0":"post-14101","1":"product","2":"type-product","3":"status-publish","5":"product_cat-maros-megyei-eletrajzi-lexikon","7":"first","8":"instock","9":"shipping-taxable","10":"product-type-simple"},"_links":{"self":[{"href":"https:\/\/uj.adatbank.ro\/lexikon\/wp-json\/wp\/v2\/product\/14101","targetHints":{"allow":["GET"]}}],"collection":[{"href":"https:\/\/uj.adatbank.ro\/lexikon\/wp-json\/wp\/v2\/product"}],"about":[{"href":"https:\/\/uj.adatbank.ro\/lexikon\/wp-json\/wp\/v2\/types\/product"}],"replies":[{"embeddable":true,"href":"https:\/\/uj.adatbank.ro\/lexikon\/wp-json\/wp\/v2\/comments?post=14101"}],"wp:attachment":[{"href":"https:\/\/uj.adatbank.ro\/lexikon\/wp-json\/wp\/v2\/media?parent=14101"}],"wp:term":[{"taxonomy":"product_brand","embeddable":true,"href":"https:\/\/uj.adatbank.ro\/lexikon\/wp-json\/wp\/v2\/product_brand?post=14101"},{"taxonomy":"product_cat","embeddable":true,"href":"https:\/\/uj.adatbank.ro\/lexikon\/wp-json\/wp\/v2\/product_cat?post=14101"},{"taxonomy":"product_tag","embeddable":true,"href":"https:\/\/uj.adatbank.ro\/lexikon\/wp-json\/wp\/v2\/product_tag?post=14101"}],"curies":[{"name":"wp","href":"https:\/\/api.w.org\/{rel}","templated":true}]}}

LŐTE László, Löte Vasile

<p>Nyárádszereda, 1919. dec. 2., † ? : százados. – A Maros Megyei Siguranţa szovátai irodájának a vezetöje, alrendőrbiztos (1948). A Maros megyei Securitate alhadnagya (1948), Erdőszentgyörgyön volt a securitate hadnagya, helyettes vezetője (1952). A MAT securitate főhadnagya (1953), százados (1955). A vadadi házában őrizetbe vette Kiss Istvánt, akit a kollektivizálás elleni agitációval vádolt, valamint az adminisztratív és politikai szervek akadályoztatásával (1950. júl. 20.), éjjel gyalogosan kisérték a milícia-örs felé és lelőtték. <br /><strong>Irod.:</strong> Bartos Zoltán; Bartos 2012; Bottoni 2008; Csíkfalva</br></p>

<p>Nyárádszereda, 1919. dec. 2., † ? : százados. – A Maros Megyei Siguranţa szovátai irodájának a vezetöje, alrendőrbiztos (1948). A Maros megyei Securitate alhadnagya (1948), Erdőszentgyörgyön volt a securitate hadnagya, helyettes vezetője (1952). A MAT securitate főhadnagya (1953), százados (1955). A vadadi házában őrizetbe vette Kiss Istvánt, akit a kollektivizálás elleni agitációval vádolt, valamint az [&hellip;]</p>
