{"id":14107,"date":"2025-07-15T12:50:50","date_gmt":"2025-07-15T10:50:50","guid":{"rendered":"https:\/\/uj.adatbank.ro\/lexikon\/termek\/lovass-miklos\/"},"modified":"2025-07-15T12:50:50","modified_gmt":"2025-07-15T10:50:50","slug":"lovass-miklos","status":"publish","type":"product","link":"https:\/\/uj.adatbank.ro\/lexikon\/termek\/lovass-miklos\/","title":{"rendered":"LOVASS Mikl\u00f3s"},"content":{"rendered":"<p>Torda, 1916.,\u00a0\u2020\u00a0?: tan\u00edt\u00f3. \u2013 A tan\u00edt\u00f3k\u00e9pz\u0151t Nagyenyeden v\u00e9gezte (1936). P\u00e1ly\u00e1j\u00e1t Sz\u00e9ken kezdte onnan Sz\u00e1szr\u00e9gen, Erzs\u00e9betv\u00e1ros, Udvarfalva ut\u00e1n Maroskereszt\u00farra ker\u00fclt (1940\u2013), ahol mint a ref. iskola igazgat\u00f3 tan\u00edt\u00f3ja tev\u00e9kenykedett, a k\u00f6zs\u00e9g gazdas\u00e1gi fellend\u00edt\u00e9s\u00e9ben is r\u00e9szt vett, a Fogyaszt\u00e1si Sz\u00f6vetkezet fel\u00fcgyel\u0151bizotts\u00e1gi eln\u00f6ke volt. <br \/><strong>Irod.:<\/strong> Sz\u00e9kelyf\u00f6ld \u00ed.k<\/br><\/p>\n","protected":false},"excerpt":{"rendered":"<p>Torda, 1916.,\u00a0\u2020\u00a0?: tan\u00edt\u00f3. \u2013 A tan\u00edt\u00f3k\u00e9pz\u0151t Nagyenyeden v\u00e9gezte (1936). P\u00e1ly\u00e1j\u00e1t Sz\u00e9ken kezdte onnan Sz\u00e1szr\u00e9gen, Erzs\u00e9betv\u00e1ros, Udvarfalva ut\u00e1n Maroskereszt\u00farra ker\u00fclt (1940\u2013), ahol mint a ref. iskola igazgat\u00f3 tan\u00edt\u00f3ja tev\u00e9kenykedett, a k\u00f6zs\u00e9g gazdas\u00e1gi fellend\u00edt\u00e9s\u00e9ben is r\u00e9szt vett, a Fogyaszt\u00e1si Sz\u00f6vetkezet fel\u00fcgyel\u0151bizotts\u00e1gi eln\u00f6ke volt. Irod.: Sz\u00e9kelyf\u00f6ld \u00ed.k<\/p>\n","protected":false},"featured_media":0,"comment_status":"open","ping_status":"closed","template":"","meta":[],"product_brand":[],"product_cat":[137],"product_tag":[],"class_list":{"0":"post-14107","1":"product","2":"type-product","3":"status-publish","5":"product_cat-maros-megyei-eletrajzi-lexikon","7":"first","8":"instock","9":"shipping-taxable","10":"product-type-simple"},"_links":{"self":[{"href":"https:\/\/uj.adatbank.ro\/lexikon\/wp-json\/wp\/v2\/product\/14107","targetHints":{"allow":["GET"]}}],"collection":[{"href":"https:\/\/uj.adatbank.ro\/lexikon\/wp-json\/wp\/v2\/product"}],"about":[{"href":"https:\/\/uj.adatbank.ro\/lexikon\/wp-json\/wp\/v2\/types\/product"}],"replies":[{"embeddable":true,"href":"https:\/\/uj.adatbank.ro\/lexikon\/wp-json\/wp\/v2\/comments?post=14107"}],"wp:attachment":[{"href":"https:\/\/uj.adatbank.ro\/lexikon\/wp-json\/wp\/v2\/media?parent=14107"}],"wp:term":[{"taxonomy":"product_brand","embeddable":true,"href":"https:\/\/uj.adatbank.ro\/lexikon\/wp-json\/wp\/v2\/product_brand?post=14107"},{"taxonomy":"product_cat","embeddable":true,"href":"https:\/\/uj.adatbank.ro\/lexikon\/wp-json\/wp\/v2\/product_cat?post=14107"},{"taxonomy":"product_tag","embeddable":true,"href":"https:\/\/uj.adatbank.ro\/lexikon\/wp-json\/wp\/v2\/product_tag?post=14107"}],"curies":[{"name":"wp","href":"https:\/\/api.w.org\/{rel}","templated":true}]}}