{"id":14109,"date":"2025-07-15T12:50:53","date_gmt":"2025-07-15T10:50:53","guid":{"rendered":"https:\/\/uj.adatbank.ro\/lexikon\/termek\/lovasz-ferenc\/"},"modified":"2025-07-15T12:50:53","modified_gmt":"2025-07-15T10:50:53","slug":"lovasz-ferenc","status":"publish","type":"product","link":"https:\/\/uj.adatbank.ro\/lexikon\/termek\/lovasz-ferenc\/","title":{"rendered":"LOV\u00c1SZ Ferenc"},"content":{"rendered":"<p>? \u2020 ?: igazgat\u00f3. \u2013 A mv.-i Solomon \u00e9s Sommer Olajpr\u00e9sel\u0151 gy\u00e1r \u00e1llamos\u00edt\u00e1sakor kinevezett igazgat\u00f3ja (1948.j\u00fan.14.), amelynek tulajdonosa Solomon Tibor volt. Az \u00fajonnan kinevezett igazgat\u00f3 el\u0151bb \u00e1ltal\u00e1nos jav\u00edt\u00e1sokat v\u00e9geztetett el, \u00e9s csak okt. 21.-\u00e9n indult \u00fajra a 17 alkalmazottat foglalkoztatat\u00f3 termel\u00e9s. A gy\u00e1r Mv. n\u00e9ptan\u00e1csa tulajdon\u00e1ba ment \u00e1t. Az \u00faj igazgat\u00f3 diszn\u00f3hizlald\u00e1t \u00e9s -szappangy\u00e1rt\u00f3 r\u00e9szleget is l\u00e9tes\u00edtett. A gy\u00e1rat k\u00e9s\u0151bb a L\u00e1z\u00e1r \u00d6d\u00f6n Vegyes V\u00e1llalatba olvasztott\u00e1k be. <br \/><strong>Irod.:<\/strong> Bartos Zolt\u00e1n<\/br><\/p>\n","protected":false},"excerpt":{"rendered":"<p>? \u2020 ?: igazgat\u00f3. \u2013 A mv.-i Solomon \u00e9s Sommer Olajpr\u00e9sel\u0151 gy\u00e1r \u00e1llamos\u00edt\u00e1sakor kinevezett igazgat\u00f3ja (1948.j\u00fan.14.), amelynek tulajdonosa Solomon Tibor volt. Az \u00fajonnan kinevezett igazgat\u00f3 el\u0151bb \u00e1ltal\u00e1nos jav\u00edt\u00e1sokat v\u00e9geztetett el, \u00e9s csak okt. 21.-\u00e9n indult \u00fajra a 17 alkalmazottat foglalkoztatat\u00f3 termel\u00e9s. A gy\u00e1r Mv. n\u00e9ptan\u00e1csa tulajdon\u00e1ba ment \u00e1t. Az \u00faj igazgat\u00f3 diszn\u00f3hizlald\u00e1t \u00e9s -szappangy\u00e1rt\u00f3 r\u00e9szleget [&hellip;]<\/p>\n","protected":false},"featured_media":0,"comment_status":"open","ping_status":"closed","template":"","meta":[],"product_brand":[],"product_cat":[137],"product_tag":[],"class_list":{"0":"post-14109","1":"product","2":"type-product","3":"status-publish","5":"product_cat-maros-megyei-eletrajzi-lexikon","7":"first","8":"instock","9":"shipping-taxable","10":"product-type-simple"},"_links":{"self":[{"href":"https:\/\/uj.adatbank.ro\/lexikon\/wp-json\/wp\/v2\/product\/14109","targetHints":{"allow":["GET"]}}],"collection":[{"href":"https:\/\/uj.adatbank.ro\/lexikon\/wp-json\/wp\/v2\/product"}],"about":[{"href":"https:\/\/uj.adatbank.ro\/lexikon\/wp-json\/wp\/v2\/types\/product"}],"replies":[{"embeddable":true,"href":"https:\/\/uj.adatbank.ro\/lexikon\/wp-json\/wp\/v2\/comments?post=14109"}],"wp:attachment":[{"href":"https:\/\/uj.adatbank.ro\/lexikon\/wp-json\/wp\/v2\/media?parent=14109"}],"wp:term":[{"taxonomy":"product_brand","embeddable":true,"href":"https:\/\/uj.adatbank.ro\/lexikon\/wp-json\/wp\/v2\/product_brand?post=14109"},{"taxonomy":"product_cat","embeddable":true,"href":"https:\/\/uj.adatbank.ro\/lexikon\/wp-json\/wp\/v2\/product_cat?post=14109"},{"taxonomy":"product_tag","embeddable":true,"href":"https:\/\/uj.adatbank.ro\/lexikon\/wp-json\/wp\/v2\/product_tag?post=14109"}],"curies":[{"name":"wp","href":"https:\/\/api.w.org\/{rel}","templated":true}]}}

LOVÁSZ Ferenc

<p>? † ?: igazgató. – A mv.-i Solomon és Sommer Olajpréselő gyár államosításakor kinevezett igazgatója (1948.jún.14.), amelynek tulajdonosa Solomon Tibor volt. Az újonnan kinevezett igazgató előbb általános javításokat végeztetett el, és csak okt. 21.-én indult újra a 17 alkalmazottat foglalkoztatató termelés. A gyár Mv. néptanácsa tulajdonába ment át. Az új igazgató disznóhizlaldát és -szappangyártó részleget is létesített. A gyárat később a Lázár Ödön Vegyes Vállalatba olvasztották be. <br /><strong>Irod.:</strong> Bartos Zoltán</br></p>

<p>? † ?: igazgató. – A mv.-i Solomon és Sommer Olajpréselő gyár államosításakor kinevezett igazgatója (1948.jún.14.), amelynek tulajdonosa Solomon Tibor volt. Az újonnan kinevezett igazgató előbb általános javításokat végeztetett el, és csak okt. 21.-én indult újra a 17 alkalmazottat foglalkoztatató termelés. A gyár Mv. néptanácsa tulajdonába ment át. Az új igazgató disznóhizlaldát és -szappangyártó részleget [&hellip;]</p>
