{"id":14113,"date":"2025-07-15T12:51:01","date_gmt":"2025-07-15T10:51:01","guid":{"rendered":"https:\/\/uj.adatbank.ro\/lexikon\/termek\/lovy-ferenc-%c2%a7-lowy-ferenc\/"},"modified":"2025-07-15T12:51:01","modified_gmt":"2025-07-15T10:51:01","slug":"lovy-ferenc-%c2%a7-lowy-ferenc","status":"publish","type":"product","link":"https:\/\/uj.adatbank.ro\/lexikon\/termek\/lovy-ferenc-%c2%a7-lowy-ferenc\/","title":{"rendered":"L\u00d6VY Ferenc, \u00a7 L\u0151wy Ferenc"},"content":{"rendered":"<p>K\u0151r\u00f6slad\u00e1ny, 1869. jan. 19.,\u2020 1944.a deport\u00e1l\u00e1sban: neol\u00f3g f\u0151rabbi, hittud\u00f3s, tanulm\u00e1ny\u00edr\u00f3, m\u0171ford\u00edt\u00f3. \u2013 Egyetemi tanulm\u00e1nyait Bp.-en \u00e9s Berlinben, teol\u00f3giai tanulm\u00e1nyait a bp.-i \u00e9s berlini rabbik\u00e9pz\u0151ben v\u00e9gezte, a filoz\u00f3fia doktora (1892). Rabbi volt Nagyat\u00e1don (1894\u20131903), majd Mv.-en a status-quo hitk\u00f6zs\u00e9g f\u0151rabbija (1904\u201344), 40 \u00e9ven kereszt\u00fcl ir\u00e1ny\u00edtotta a hitk\u00f6zs\u00e9get, ugyanott a zsid\u00f3 le\u00e1nygimn.-ban tan\u00edtott. A Mv.-i Ref. Koll.-nak adom\u00e1nyozott 11 m\u0171vet (1903). A hitk\u00f6zs\u00e9get 40 \u00e9ven kereszt\u00fcl ir\u00e1ny\u00edtotta. Megalap\u00edtotta a Talmud T\u00f3ra iskol\u00e1t (1907) \u00e9s n\u0151i kult\u00faregyletet szerveztek. H\u00e9ber ov\u00f3da j\u00f6tt l\u00e9tre kezdem\u00e9nyez\u00e9s\u00e9re (1922- 44). Mv.-en \u00faj iskol\u00e1t, valamint a statusz-quoi temet\u0151ben ritu\u00e1lis halott-mos\u00f3t \u00e9p\u00edtettett (1923). \u00e9s d\u00edszes zsid\u00f3 kult\u00farh\u00e1zat l\u00e9tes\u00edtett (1928), A mv.- zsinag\u00f3ga hitsz\u00f3noka. Bibliakutat\u00f3, az erd\u00e9lyi szombatoss\u00e1g t\u00f6rt\u00e9net\u00e9t, P\u00e9chy Simon \u00e9letp\u00e1ly\u00e1j\u00e1t kutatta. A KZST tagja (1909\u2013), az itt elhangzott el\u0151ad\u00e1sai: a keleti tudom\u00e1nyokr\u00f3l, V\u00e1mb\u00e9ry Rusztemr\u0151l, a szombatosokr\u00f3l, Ilosvay Selymes P\u00e9terr\u0151l, J\u00f3kair\u00f3l, Arany J\u00e1nosr\u00f3l, az utols\u00f3 fejedelembeiktat\u00e1sr\u00f3l Mv.-en. Cikkei mo.-i \u00e9s erd\u00e9lyi napilapokban, foly\u00f3iratokban \u00e9s \u00e9vk\u00f6nyvekbe jelentek meg. K\u00f6z\u00f6lt: a M. Zsid\u00f3 Szemle, Egyenl\u0151s\u00e9g, Izr. Tan\u00fcgyi \u00c9rtes\u00edt\u0151, IMIT \u00c9vk\u00f6nyve, A Mv.-i K\u00f6zs\u00e9gi Iparostanonc-otthon \u00c9rtes\u00edt\u0151je, M. zsid\u00f3-almanach, M\u00falt \u00e9s J\u00f6v\u0151, Rem\u00e9ny, Mv.-i KZST \u00c9vk\u00f6nyve, Bloch Eml\u00e9kk\u00f6nyv, Ellen\u0151r, Kelet, Keleti \u00dajs\u00e1g, Mv.-i almanach, T\u00fck\u00f6r, Zsid\u00f3 \u00c1rvagondoz\u00f3 \u00c9vk\u00f6nyve, Zsid\u00f3 Csal\u00e1di Napt\u00e1r-ban. Cikkeit Ir\u00e1sait saj\u00e1t maga ford\u00edtotta h\u00e9berre, rom\u00e1nra \u00e9s n\u00e9metre. K\u00e9pess\u00e9gei, tud\u00e1sa ismertt\u00e9 tett\u00e9k nev\u00e9t nemcsak sz\u0171kebb haz\u00e1j\u00e1ban, hanem a nyugati szertart\u00e1s\u00fa izraelita hitk\u00f6zs\u00e9gek k\u00f6zponti sz\u00f6vets\u00e9g\u00e9ben is. 70. sz\u00fclet\u00e9snapja tisztelet\u00e9re a hitk\u00f6zs\u00e9gi k\u00f6zponti sz\u00f6vets\u00e9g munk\u00e1ss\u00e1ga m\u00e9ltat\u00e1s\u00e1nak szentelt egy kiadv\u00e1nyt. Az erd\u00e9lyi neol\u00f3gia vez\u00e9regy\u00e9nis\u00e9ge volt A rabiegyes\u00fcletek m\u0171k\u00f6d\u00e9s\u00e9ben vezet\u0151 szerepet t\u00f6lt\u00f6tt be, tagja \u00e9s ir\u00e1ny\u00edt\u00f3ja volt sz\u00e1mos kultur\u00e1lis, irodalmi, hitk\u00f6zs\u00e9gi egyes\u00fcletnek. A mv.-i cionista mozgalom szervezete szellemi atyj\u00e1nak tekintette. Tagja volt a Kereszt\u00e9ny Zsid\u00f3 T\u00e1rsas\u00e1g v\u00e1lasztm\u00e1ny\u00e1nak \u00e9s eln\u00f6ke az Erd\u00e9lyi \u00e9s B\u00e1n\u00e1ti Rabbi Egyes\u00fcletnek. A Nemzeti Munkap\u00e1rt alap\u00edt\u00f3 tagja, aleln\u00f6ke (1910). A t\u00e1rsadalmi \u00e9s felekezeti b\u00e9ke h\u00edve \u00e9s el\u0151mozd\u00edt\u00f3ja volt. A mv.-i Ref. Koll.-nak adom\u00e1nyozott 11 m\u0171vet (1903). Mv.-r\u0151l deport\u00e1lt\u00e1k (1944. m\u00e1j. 29.). \u2013 <strong>F. m.:<\/strong> R. Simon ben Jochai \u00e9lete \u00e9s szent\u00edr\u00e1s magyar\u00e1zata : b\u00f6lcs\u00e9szdoktori \u00e9rtekez\u00e9s (Bp., 1892); Bibliai t\u00f6rt\u00e9net a vil\u00e1g teremt\u00e9s\u00e9t\u0151l a birodalom kett\u00e9szakad\u00e1s\u00e1ig: Tank\u00f6nyv k\u00f6z\u00e9piskolai izraeli tanul\u00f3k sz\u00e1m\u00e1ra (Bp., 1904; Mv, 1922; \u00f6sszesen 4 kiad.); \u00c9rdekes tal\u00e1lkoz\u00e1sok (Bp., 1906); II. R\u00e1k\u00f3czi Ferenc (Mv., 1906); Az els\u0151 m. kr\u00f3nik\u00e1r\u00f3l (Mv., 1913); V\u00e1mb\u00e9ry \u00c1rminr\u00f3l (Mv., 1914); Egy m. zsid\u00f3 haditod\u00f3s\u00edt\u00f3 a h\u00e9t\u00e9ves h\u00e1bor\u00faban (Mv., 1917); Bibliai t\u00f6rt\u00e9net a honfoglal\u00e1st\u00f3l a m\u00e1sodik templom kor\u00e1ig (Tg.M.,1922); Bibliai t\u00f6rt\u00e9net a vil\u00e1g teremt\u00e9st\u0151l M\u00f3zes hal\u00e1l\u00e1ig (Kassa, 1929); J\u00f3sika Mikl\u00f3s menek\u00fcl\u00e9se 1849-ben (Mv., 1930); Spinoza (Mv., 1933); A papi hatalom a zsid\u00f3s\u00e1gban (Temesv\u00e1r, 1934); \u00dcnnepi besz\u00e9d (Nagyv\u00e1rad, 1937); Hom\u00e9rt olvasgatva (Nagyv\u00e1rad, 1938); Bibliai t\u00f6rt\u00e9net a honfoglal\u00e1st\u00f3l a m\u00e1sodik templom kor\u00e1ig (4. kiad\u00e1s, Kassa. S.a.); R\u00e1si 800 \u00e9ves sz\u00fclet\u00e9si \u00e9vfordul\u00f3ja alkalm\u00e1b\u00f3l (S.l., s.a.); A Talmud (S.l., s.a.); Vannak-e a zsid\u00f3s\u00e1gnak dogm\u00e1i (S.l., s.a.); V\u00e9lem\u00e9nyszabads\u00e1g a Talmudban (S.l., s.a.); Az Orsz\u00e1gos Izraelita Nyugd\u00edjint\u00e9zet tervezete (Kom\u00e1rom, s.a.); Kiss J\u00f3zsef eml\u00e9kezete (S.l., s.a.). J\u00f3sika Mikl\u00f3s menek\u00fcl\u00e9se 1849-ben (n\u00e9met hiteles jelent\u00e9s alapj\u00e1n \/ \u00dcnnepi k\u00f6nyv; <strong>antol\u00f3g.:<\/strong> Eml\u00e9klapok De\u00e1k Lajos huszon\u00f6t\u00e9ves jubileuma alkalm\u00e1b\u00f3l (Mv., 1908); Mv.-i lexikon (Mv., 1912); V\u00e1mb\u00e9ry \u00c1rminr\u00f3l = A Mv.-i KZST \u00c9vk\u00f6nyve (Mv., 1914); Mv. \u00e9s a h\u00e1bor\u00fa (Mv., 1915); Pet\u0151fi eml\u00e9ksorok (Mv., s.a.); \u00dcnnepi k\u00f6ny: F\u00e9lsz\u00e1zados jubileuma eml\u00e9k\u00e9\u00fcl kiadta a KZST. (Mv., 1930); <strong>ford.:<\/strong> Nordan \/ Nordau Max: Doktor Kohn: dr\u00e1ma (Kv., 1920). <br \/><strong>Irod.:<\/strong> Carmilly-Weinberger; Eml\u00e9kk\u00f6nyv Dr. L\u0151vy Ferenc, Dr. Lenke Man\u00f3 \u00e9s Dr. Singer Jakab f\u0151rabbik tisztelet\u00e9re (Kv., 1939); F\u00fcl\u00f6p M\u00e1ria: Mv. f\u0151rabbija (N\u00fa., 2002. jan. 19); F\u00fcl\u00f6p\u2013Ferencz; Gaal Gy\u00f6rgy: M. nyelv\u0171 zsid\u00f3 irodalom Rom\u00e1ni\u00e1ban. = \u00c9vk\u00f6nyv. Kiadja a MIOK (Bp., 1984); Ga\u00e1l Gy\u00f6rgy: Az izraelit\u00e1k Erd\u00e9lyben  =  Ga\u00e1l: Kv. vonz\u00e1s\u00e1ban; Ga\u00e1l: izraelit\u00e1k (Helikon, 10. sz., 1994); Guly\u00e1s; Gy\u00f6rgy 1926; Id\u0151t\u00e1r 2, 3; Ki kicsoda?; Kolozsv\u00e1ri Borcsa Mih\u00e1ly: A zsid\u00f3k\u00e9rd\u00e9s magyaro.-i irodalma (Bp., s.a.); KZST 1914; KZST1930; Lexiconul vie\u0163ii publice; Mv. zsid\u00f3s\u00e1ga; Mv. Molter; RMIL; Sebesty\u00e9n; Sebesty\u00e9n M.: Antalffy Endre avagy Mv. sz\u00ednev\u00e1ltoz\u00e1sa = Mv. t\u00f6rt\u00e9net\u00e9b\u0151l; Sebesty\u00e9n Mih\u00e1ly 2016; Szab\u00f3 aK. Attila; \u00dcnnepi k\u00f6nyv<\/br><\/p>\n","protected":false},"excerpt":{"rendered":"<p>K\u0151r\u00f6slad\u00e1ny, 1869. jan. 19.,\u2020 1944.a deport\u00e1l\u00e1sban: neol\u00f3g f\u0151rabbi, hittud\u00f3s, tanulm\u00e1ny\u00edr\u00f3, m\u0171ford\u00edt\u00f3. \u2013 Egyetemi tanulm\u00e1nyait Bp.-en \u00e9s Berlinben, teol\u00f3giai tanulm\u00e1nyait a bp.-i \u00e9s berlini rabbik\u00e9pz\u0151ben v\u00e9gezte, a filoz\u00f3fia doktora (1892). Rabbi volt Nagyat\u00e1don (1894\u20131903), majd Mv.-en a status-quo hitk\u00f6zs\u00e9g f\u0151rabbija (1904\u201344), 40 \u00e9ven kereszt\u00fcl ir\u00e1ny\u00edtotta a hitk\u00f6zs\u00e9get, ugyanott a zsid\u00f3 le\u00e1nygimn.-ban tan\u00edtott. A Mv.-i Ref. Koll.-nak [&hellip;]<\/p>\n","protected":false},"featured_media":0,"comment_status":"open","ping_status":"closed","template":"","meta":[],"product_brand":[],"product_cat":[137],"product_tag":[],"class_list":{"0":"post-14113","1":"product","2":"type-product","3":"status-publish","5":"product_cat-maros-megyei-eletrajzi-lexikon","7":"first","8":"instock","9":"shipping-taxable","10":"product-type-simple"},"_links":{"self":[{"href":"https:\/\/uj.adatbank.ro\/lexikon\/wp-json\/wp\/v2\/product\/14113","targetHints":{"allow":["GET"]}}],"collection":[{"href":"https:\/\/uj.adatbank.ro\/lexikon\/wp-json\/wp\/v2\/product"}],"about":[{"href":"https:\/\/uj.adatbank.ro\/lexikon\/wp-json\/wp\/v2\/types\/product"}],"replies":[{"embeddable":true,"href":"https:\/\/uj.adatbank.ro\/lexikon\/wp-json\/wp\/v2\/comments?post=14113"}],"wp:attachment":[{"href":"https:\/\/uj.adatbank.ro\/lexikon\/wp-json\/wp\/v2\/media?parent=14113"}],"wp:term":[{"taxonomy":"product_brand","embeddable":true,"href":"https:\/\/uj.adatbank.ro\/lexikon\/wp-json\/wp\/v2\/product_brand?post=14113"},{"taxonomy":"product_cat","embeddable":true,"href":"https:\/\/uj.adatbank.ro\/lexikon\/wp-json\/wp\/v2\/product_cat?post=14113"},{"taxonomy":"product_tag","embeddable":true,"href":"https:\/\/uj.adatbank.ro\/lexikon\/wp-json\/wp\/v2\/product_tag?post=14113"}],"curies":[{"name":"wp","href":"https:\/\/api.w.org\/{rel}","templated":true}]}}

LÖVY Ferenc, § Lőwy Ferenc

<p>Kőrösladány, 1869. jan. 19.,† 1944.a deportálásban: neológ főrabbi, hittudós, tanulmányíró, műfordító. – Egyetemi tanulmányait Bp.-en és Berlinben, teológiai tanulmányait a bp.-i és berlini rabbiképzőben végezte, a filozófia doktora (1892). Rabbi volt Nagyatádon (1894–1903), majd Mv.-en a status-quo hitközség főrabbija (1904–44), 40 éven keresztül irányította a hitközséget, ugyanott a zsidó leánygimn.-ban tanított. A Mv.-i Ref. Koll.-nak adományozott 11 művet (1903). A hitközséget 40 éven keresztül irányította. Megalapította a Talmud Tóra iskolát (1907) és női kultúregyletet szerveztek. Héber ovóda jött létre kezdeményezésére (1922- 44). Mv.-en új iskolát, valamint a statusz-quoi temetőben rituális halott-mosót építettett (1923). és díszes zsidó kultúrházat létesített (1928), A mv.- zsinagóga hitszónoka. Bibliakutató, az erdélyi szombatosság történetét, Péchy Simon életpályáját kutatta. A KZST tagja (1909–), az itt elhangzott előadásai: a keleti tudományokról, Vámbéry Rusztemről, a szombatosokról, Ilosvay Selymes Péterről, Jókairól, Arany Jánosról, az utolsó fejedelembeiktatásról Mv.-en. Cikkei mo.-i és erdélyi napilapokban, folyóiratokban és évkönyvekbe jelentek meg. Közölt: a M. Zsidó Szemle, Egyenlőség, Izr. Tanügyi Értesítő, IMIT Évkönyve, A Mv.-i Községi Iparostanonc-otthon Értesítője, M. zsidó-almanach, Múlt és Jövő, Remény, Mv.-i KZST Évkönyve, Bloch Emlékkönyv, Ellenőr, Kelet, Keleti Újság, Mv.-i almanach, Tükör, Zsidó Árvagondozó Évkönyve, Zsidó Családi Naptár-ban. Cikkeit Irásait saját maga fordította héberre, románra és németre. Képességei, tudása ismertté tették nevét nemcsak szűkebb hazájában, hanem a nyugati szertartású izraelita hitközségek központi szövetségében is. 70. születésnapja tiszteletére a hitközségi központi szövetség munkássága méltatásának szentelt egy kiadványt. Az erdélyi neológia vezéregyénisége volt A rabiegyesületek működésében vezető szerepet töltött be, tagja és irányítója volt számos kulturális, irodalmi, hitközségi egyesületnek. A mv.-i cionista mozgalom szervezete szellemi atyjának tekintette. Tagja volt a Keresztény Zsidó Társaság választmányának és elnöke az Erdélyi és Bánáti Rabbi Egyesületnek. A Nemzeti Munkapárt alapító tagja, alelnöke (1910). A társadalmi és felekezeti béke híve és előmozdítója volt. A mv.-i Ref. Koll.-nak adományozott 11 művet (1903). Mv.-ről deportálták (1944. máj. 29.). – <strong>F. m.:</strong> R. Simon ben Jochai élete és szentírás magyarázata : bölcsészdoktori értekezés (Bp., 1892); Bibliai történet a világ teremtésétől a birodalom kettészakadásáig: Tankönyv középiskolai izraeli tanulók számára (Bp., 1904; Mv, 1922; összesen 4 kiad.); Érdekes találkozások (Bp., 1906); II. Rákóczi Ferenc (Mv., 1906); Az első m. krónikáról (Mv., 1913); Vámbéry Árminról (Mv., 1914); Egy m. zsidó haditodósító a hétéves háborúban (Mv., 1917); Bibliai történet a honfoglalástól a második templom koráig (Tg.M.,1922); Bibliai történet a világ teremtéstől Mózes haláláig (Kassa, 1929); Jósika Miklós menekülése 1849-ben (Mv., 1930); Spinoza (Mv., 1933); A papi hatalom a zsidóságban (Temesvár, 1934); Ünnepi beszéd (Nagyvárad, 1937); Homért olvasgatva (Nagyvárad, 1938); Bibliai történet a honfoglalástól a második templom koráig (4. kiadás, Kassa. S.a.); Rási 800 éves születési évfordulója alkalmából (S.l., s.a.); A Talmud (S.l., s.a.); Vannak-e a zsidóságnak dogmái (S.l., s.a.); Véleményszabadság a Talmudban (S.l., s.a.); Az Országos Izraelita Nyugdíjintézet tervezete (Komárom, s.a.); Kiss József emlékezete (S.l., s.a.). Jósika Miklós menekülése 1849-ben (német hiteles jelentés alapján / Ünnepi könyv; <strong>antológ.:</strong> Emléklapok Deák Lajos huszonötéves jubileuma alkalmából (Mv., 1908); Mv.-i lexikon (Mv., 1912); Vámbéry Árminról = A Mv.-i KZST Évkönyve (Mv., 1914); Mv. és a háború (Mv., 1915); Petőfi emléksorok (Mv., s.a.); Ünnepi köny: Félszázados jubileuma emlékéül kiadta a KZST. (Mv., 1930); <strong>ford.:</strong> Nordan / Nordau Max: Doktor Kohn: dráma (Kv., 1920). <br /><strong>Irod.:</strong> Carmilly-Weinberger; Emlékkönyv Dr. Lővy Ferenc, Dr. Lenke Manó és Dr. Singer Jakab főrabbik tiszteletére (Kv., 1939); Fülöp Mária: Mv. főrabbija (Nú., 2002. jan. 19); Fülöp–Ferencz; Gaal György: M. nyelvű zsidó irodalom Romániában. = Évkönyv. Kiadja a MIOK (Bp., 1984); Gaál György: Az izraeliták Erdélyben  =  Gaál: Kv. vonzásában; Gaál: izraeliták (Helikon, 10. sz., 1994); Gulyás; György 1926; Időtár 2, 3; Ki kicsoda?; Kolozsvári Borcsa Mihály: A zsidókérdés magyaro.-i irodalma (Bp., s.a.); KZST 1914; KZST1930; Lexiconul vieţii publice; Mv. zsidósága; Mv. Molter; RMIL; Sebestyén; Sebestyén M.: Antalffy Endre avagy Mv. színeváltozása = Mv. történetéből; Sebestyén Mihály 2016; Szabó aK. Attila; Ünnepi könyv</br></p>

<p>Kőrösladány, 1869. jan. 19.,† 1944.a deportálásban: neológ főrabbi, hittudós, tanulmányíró, műfordító. – Egyetemi tanulmányait Bp.-en és Berlinben, teológiai tanulmányait a bp.-i és berlini rabbiképzőben végezte, a filozófia doktora (1892). Rabbi volt Nagyatádon (1894–1903), majd Mv.-en a status-quo hitközség főrabbija (1904–44), 40 éven keresztül irányította a hitközséget, ugyanott a zsidó leánygimn.-ban tanított. A Mv.-i Ref. Koll.-nak [&hellip;]</p>
