{"id":14115,"date":"2025-07-15T12:51:04","date_gmt":"2025-07-15T10:51:04","guid":{"rendered":"https:\/\/uj.adatbank.ro\/lexikon\/termek\/low-wilhelm-low-vilmos\/"},"modified":"2025-07-15T12:51:04","modified_gmt":"2025-07-15T10:51:04","slug":"low-wilhelm-low-vilmos","status":"publish","type":"product","link":"https:\/\/uj.adatbank.ro\/lexikon\/termek\/low-wilhelm-low-vilmos\/","title":{"rendered":"L\u00d6W Wilhelm, L\u00f6w Vilmos"},"content":{"rendered":"<p>? \u2020\u00a0?: gy\u00e1riparos. \u2013 Apj\u00e1val L. Andreas-al (1820\u20131888) l\u00e9trehozta Erd\u00e9ly els\u0151 gyapott sz\u00f6v\u00f6d\u00e9j\u00e9t (1843), g\u0151zfest\u0151d\u00e9j\u00e9t. K\u00f6t\u00e9l\u00e1r\u00fakat export\u00e1lt Rom\u00e1ni\u00e1ba (1848). Szerdahelysz\u00e9ki v\u00e1lasztott k\u00f6vet az erd\u00e9lyi 1848. \u00e9vi utols\u00f3 rendi ogy.-en (Kv., 1848. m\u00e1j. 29.-j\u00fal. 18.). <br \/><strong>Irod.:<\/strong> D\u00f6rn, Alexander: Die Protokollirten Firmen \u00d6sterreich-Ungarn&#8230; (Wien, 1892); Egyed. \u00c1.: Erd\u00e9ly 1848. ogy.; Gross Julius: Kronstadter Dr\u00fccke 1535\u20131886 (Krondtadt, 1886); LSS; A M. Korona orsz\u00e1gainak kivitelk\u00e9pes ipartelepei (Bp., 1897); Pan\u0103; Popa Valeriu: Transilvanis, Banatul Crisana, Maramure (Buc, 1915); R\u00e9thy Dezs\u0151; Szter\u00e9nyi J\u00f3zsef: A M. Korona orsz\u00e1gainak gy\u00e1ripara (Bp., 1901)<\/br><\/p>\n","protected":false},"excerpt":{"rendered":"<p>? \u2020\u00a0?: gy\u00e1riparos. \u2013 Apj\u00e1val L. Andreas-al (1820\u20131888) l\u00e9trehozta Erd\u00e9ly els\u0151 gyapott sz\u00f6v\u00f6d\u00e9j\u00e9t (1843), g\u0151zfest\u0151d\u00e9j\u00e9t. K\u00f6t\u00e9l\u00e1r\u00fakat export\u00e1lt Rom\u00e1ni\u00e1ba (1848). Szerdahelysz\u00e9ki v\u00e1lasztott k\u00f6vet az erd\u00e9lyi 1848. \u00e9vi utols\u00f3 rendi ogy.-en (Kv., 1848. m\u00e1j. 29.-j\u00fal. 18.). Irod.: D\u00f6rn, Alexander: Die Protokollirten Firmen \u00d6sterreich-Ungarn&#8230; (Wien, 1892); Egyed. \u00c1.: Erd\u00e9ly 1848. ogy.; Gross Julius: Kronstadter Dr\u00fccke 1535\u20131886 (Krondtadt, 1886); [&hellip;]<\/p>\n","protected":false},"featured_media":0,"comment_status":"open","ping_status":"closed","template":"","meta":[],"product_brand":[],"product_cat":[137],"product_tag":[],"class_list":{"0":"post-14115","1":"product","2":"type-product","3":"status-publish","5":"product_cat-maros-megyei-eletrajzi-lexikon","7":"first","8":"instock","9":"shipping-taxable","10":"product-type-simple"},"_links":{"self":[{"href":"https:\/\/uj.adatbank.ro\/lexikon\/wp-json\/wp\/v2\/product\/14115","targetHints":{"allow":["GET"]}}],"collection":[{"href":"https:\/\/uj.adatbank.ro\/lexikon\/wp-json\/wp\/v2\/product"}],"about":[{"href":"https:\/\/uj.adatbank.ro\/lexikon\/wp-json\/wp\/v2\/types\/product"}],"replies":[{"embeddable":true,"href":"https:\/\/uj.adatbank.ro\/lexikon\/wp-json\/wp\/v2\/comments?post=14115"}],"wp:attachment":[{"href":"https:\/\/uj.adatbank.ro\/lexikon\/wp-json\/wp\/v2\/media?parent=14115"}],"wp:term":[{"taxonomy":"product_brand","embeddable":true,"href":"https:\/\/uj.adatbank.ro\/lexikon\/wp-json\/wp\/v2\/product_brand?post=14115"},{"taxonomy":"product_cat","embeddable":true,"href":"https:\/\/uj.adatbank.ro\/lexikon\/wp-json\/wp\/v2\/product_cat?post=14115"},{"taxonomy":"product_tag","embeddable":true,"href":"https:\/\/uj.adatbank.ro\/lexikon\/wp-json\/wp\/v2\/product_tag?post=14115"}],"curies":[{"name":"wp","href":"https:\/\/api.w.org\/{rel}","templated":true}]}}