{"id":14116,"date":"2025-07-15T12:51:06","date_gmt":"2025-07-15T10:51:06","guid":{"rendered":"https:\/\/uj.adatbank.ro\/lexikon\/termek\/lowenstein-lajos-%c2%a7-lovenstein-lajos\/"},"modified":"2025-07-15T12:51:06","modified_gmt":"2025-07-15T10:51:06","slug":"lowenstein-lajos-%c2%a7-lovenstein-lajos","status":"publish","type":"product","link":"https:\/\/uj.adatbank.ro\/lexikon\/termek\/lowenstein-lajos-%c2%a7-lovenstein-lajos\/","title":{"rendered":"L\u00d6WENSTEIN Lajos, \u00a7 L\u00f6venstein Lajos"},"content":{"rendered":"<p>D\u00e9va, 1884., \u2020 1944: orvos. \u2013 F\u0151orvos, dr. Mv.-en. Katona volt (1908). R\u00e9szt vett az I. vh.-ban, 12. h. o. p. parancsnoks\u00e1ghoz ker\u00fclt (1914. aug.\u201318. nov.), az orosz \u00e9s az olasz harct\u00e9ren k\u00fczd\u00f6tt, majd az isonzoi \u00e9s piavei csat\u00e1kban, t\u00e1bori k\u00f3rh\u00e1zban teljes\u00edtett szolg\u00e1latot, f\u0151hadnagy. <strong>Kit\u00fcntet\u00e9sei:<\/strong> Br. Sign. L. kardokkal, koron\u00e1s \u00e9rdemkereszt a v. \u00e9. sz., II. oszt.v\u00f6r\u00f6s kereszt d\u00edszjelv\u00e9ny hadi\u00e9k\u00edtm\u00e1nnyel. A mv.-i Bn\u00e9-Brith p\u00e1holy eln\u00f6ke (1928\u201330, 1935\u201340). Az Orsz\u00e1gos Zsid\u00f3 P\u00e1rt mv.-i tagozat\u00e1nak aleln\u00f6ke, k\u00e9pvisel\u0151jel\u00f6ltje (1931), az Avoda klub eln\u00f6ke (1939). Mv.-r\u0151l deport\u00e1lt\u00e1k (1944. m\u00e1j. 29.). <br \/><strong>Irod.:<\/strong> Erd\u00e9lyi ezredek; Id\u0151t\u00e1r 3; M. hadviselt zsid\u00f3k; Mv. zsid\u00f3s\u00e1ga; Pan\u0103<\/br><\/p>\n","protected":false},"excerpt":{"rendered":"<p>D\u00e9va, 1884., \u2020 1944: orvos. \u2013 F\u0151orvos, dr. Mv.-en. Katona volt (1908). R\u00e9szt vett az I. vh.-ban, 12. h. o. p. parancsnoks\u00e1ghoz ker\u00fclt (1914. aug.\u201318. nov.), az orosz \u00e9s az olasz harct\u00e9ren k\u00fczd\u00f6tt, majd az isonzoi \u00e9s piavei csat\u00e1kban, t\u00e1bori k\u00f3rh\u00e1zban teljes\u00edtett szolg\u00e1latot, f\u0151hadnagy. Kit\u00fcntet\u00e9sei: Br. Sign. L. kardokkal, koron\u00e1s \u00e9rdemkereszt a v. \u00e9. sz., [&hellip;]<\/p>\n","protected":false},"featured_media":0,"comment_status":"open","ping_status":"closed","template":"","meta":[],"product_brand":[],"product_cat":[137],"product_tag":[],"class_list":{"0":"post-14116","1":"product","2":"type-product","3":"status-publish","5":"product_cat-maros-megyei-eletrajzi-lexikon","7":"first","8":"instock","9":"shipping-taxable","10":"product-type-simple"},"_links":{"self":[{"href":"https:\/\/uj.adatbank.ro\/lexikon\/wp-json\/wp\/v2\/product\/14116","targetHints":{"allow":["GET"]}}],"collection":[{"href":"https:\/\/uj.adatbank.ro\/lexikon\/wp-json\/wp\/v2\/product"}],"about":[{"href":"https:\/\/uj.adatbank.ro\/lexikon\/wp-json\/wp\/v2\/types\/product"}],"replies":[{"embeddable":true,"href":"https:\/\/uj.adatbank.ro\/lexikon\/wp-json\/wp\/v2\/comments?post=14116"}],"wp:attachment":[{"href":"https:\/\/uj.adatbank.ro\/lexikon\/wp-json\/wp\/v2\/media?parent=14116"}],"wp:term":[{"taxonomy":"product_brand","embeddable":true,"href":"https:\/\/uj.adatbank.ro\/lexikon\/wp-json\/wp\/v2\/product_brand?post=14116"},{"taxonomy":"product_cat","embeddable":true,"href":"https:\/\/uj.adatbank.ro\/lexikon\/wp-json\/wp\/v2\/product_cat?post=14116"},{"taxonomy":"product_tag","embeddable":true,"href":"https:\/\/uj.adatbank.ro\/lexikon\/wp-json\/wp\/v2\/product_tag?post=14116"}],"curies":[{"name":"wp","href":"https:\/\/api.w.org\/{rel}","templated":true}]}}

LÖWENSTEIN Lajos, § Lövenstein Lajos

<p>Déva, 1884., † 1944: orvos. – Főorvos, dr. Mv.-en. Katona volt (1908). Részt vett az I. vh.-ban, 12. h. o. p. parancsnoksághoz került (1914. aug.–18. nov.), az orosz és az olasz harctéren küzdött, majd az isonzoi és piavei csatákban, tábori kórházban teljesített szolgálatot, főhadnagy. <strong>Kitüntetései:</strong> Br. Sign. L. kardokkal, koronás érdemkereszt a v. é. sz., II. oszt.vörös kereszt díszjelvény hadiékítmánnyel. A mv.-i Bné-Brith páholy elnöke (1928–30, 1935–40). Az Országos Zsidó Párt mv.-i tagozatának alelnöke, képviselőjelöltje (1931), az Avoda klub elnöke (1939). Mv.-ről deportálták (1944. máj. 29.). <br /><strong>Irod.:</strong> Erdélyi ezredek; Időtár 3; M. hadviselt zsidók; Mv. zsidósága; Pană</br></p>

<p>Déva, 1884., † 1944: orvos. – Főorvos, dr. Mv.-en. Katona volt (1908). Részt vett az I. vh.-ban, 12. h. o. p. parancsnoksághoz került (1914. aug.–18. nov.), az orosz és az olasz harctéren küzdött, majd az isonzoi és piavei csatákban, tábori kórházban teljesített szolgálatot, főhadnagy. Kitüntetései: Br. Sign. L. kardokkal, koronás érdemkereszt a v. é. sz., [&hellip;]</p>
