{"id":14118,"date":"2025-07-15T12:51:12","date_gmt":"2025-07-15T10:51:12","guid":{"rendered":"https:\/\/uj.adatbank.ro\/lexikon\/termek\/loy-sari\/"},"modified":"2025-07-15T12:51:12","modified_gmt":"2025-07-15T10:51:12","slug":"loy-sari","status":"publish","type":"product","link":"https:\/\/uj.adatbank.ro\/lexikon\/termek\/loy-sari\/","title":{"rendered":"LOY S\u00e1ri"},"content":{"rendered":"<p>? \u2020 ?: sz\u00edn\u00e9szn\u0151. \u2013 F\u00e9rje: Pattanty\u00fas K\u00e1roly (1906\u20131987) fest\u0151, m\u0171v\u00e9szett\u00f6rt\u00e9n\u00e9sz. \u2013 Het\u00e9nyi D Elem\u00e9r nagyv\u00e1radi szin\u00e9sztanod\u00e1j\u00e1ban tanult. El\u0151bb Aradon, majd Kv,.on volt szerz\u0151dtetve. A mv.-i sz\u00ednh\u00e1z alap\u00edt\u00f3 tagja lett (1946\u20131947) Tompa Mikl\u00f3s megh\u00edv\u00e1s\u00e1ra.\u2013 F.sz : S\u00e1rk\u00e1nyn\u00e9 (Moln\u00e1r Ferenc: A doktor \u00far); Lili (B\u00e9keffy Istv\u00e1n: Es\u0151 ut\u00e1n k\u00f6p\u00f6nyeg); Philis (J. Deval: Francia szobal\u00e1ny); Alice Filimon (V. Eftimiu: Rokonunk a csavarg\u00f3 ). <br \/><strong>Irod.:<\/strong> A H\u00e9t \u00c9vk\u00f6nyve (1982); Horv\u00e1th Bea; Kov\u00e1cs Levente<\/br><\/p>\n","protected":false},"excerpt":{"rendered":"<p>? \u2020 ?: sz\u00edn\u00e9szn\u0151. \u2013 F\u00e9rje: Pattanty\u00fas K\u00e1roly (1906\u20131987) fest\u0151, m\u0171v\u00e9szett\u00f6rt\u00e9n\u00e9sz. \u2013 Het\u00e9nyi D Elem\u00e9r nagyv\u00e1radi szin\u00e9sztanod\u00e1j\u00e1ban tanult. El\u0151bb Aradon, majd Kv,.on volt szerz\u0151dtetve. A mv.-i sz\u00ednh\u00e1z alap\u00edt\u00f3 tagja lett (1946\u20131947) Tompa Mikl\u00f3s megh\u00edv\u00e1s\u00e1ra.\u2013 F.sz : S\u00e1rk\u00e1nyn\u00e9 (Moln\u00e1r Ferenc: A doktor \u00far); Lili (B\u00e9keffy Istv\u00e1n: Es\u0151 ut\u00e1n k\u00f6p\u00f6nyeg); Philis (J. Deval: Francia szobal\u00e1ny); Alice Filimon [&hellip;]<\/p>\n","protected":false},"featured_media":0,"comment_status":"open","ping_status":"closed","template":"","meta":[],"product_brand":[],"product_cat":[137],"product_tag":[],"class_list":{"0":"post-14118","1":"product","2":"type-product","3":"status-publish","5":"product_cat-maros-megyei-eletrajzi-lexikon","7":"first","8":"instock","9":"shipping-taxable","10":"product-type-simple"},"_links":{"self":[{"href":"https:\/\/uj.adatbank.ro\/lexikon\/wp-json\/wp\/v2\/product\/14118","targetHints":{"allow":["GET"]}}],"collection":[{"href":"https:\/\/uj.adatbank.ro\/lexikon\/wp-json\/wp\/v2\/product"}],"about":[{"href":"https:\/\/uj.adatbank.ro\/lexikon\/wp-json\/wp\/v2\/types\/product"}],"replies":[{"embeddable":true,"href":"https:\/\/uj.adatbank.ro\/lexikon\/wp-json\/wp\/v2\/comments?post=14118"}],"wp:attachment":[{"href":"https:\/\/uj.adatbank.ro\/lexikon\/wp-json\/wp\/v2\/media?parent=14118"}],"wp:term":[{"taxonomy":"product_brand","embeddable":true,"href":"https:\/\/uj.adatbank.ro\/lexikon\/wp-json\/wp\/v2\/product_brand?post=14118"},{"taxonomy":"product_cat","embeddable":true,"href":"https:\/\/uj.adatbank.ro\/lexikon\/wp-json\/wp\/v2\/product_cat?post=14118"},{"taxonomy":"product_tag","embeddable":true,"href":"https:\/\/uj.adatbank.ro\/lexikon\/wp-json\/wp\/v2\/product_tag?post=14118"}],"curies":[{"name":"wp","href":"https:\/\/api.w.org\/{rel}","templated":true}]}}