{"id":14125,"date":"2025-07-15T12:51:23","date_gmt":"2025-07-15T10:51:23","guid":{"rendered":"https:\/\/uj.adatbank.ro\/lexikon\/termek\/lucay-bela\/"},"modified":"2025-07-15T12:51:23","modified_gmt":"2025-07-15T10:51:23","slug":"lucay-bela","status":"publish","type":"product","link":"https:\/\/uj.adatbank.ro\/lexikon\/termek\/lucay-bela\/","title":{"rendered":"LUCAY B\u00e9la"},"content":{"rendered":"<p>Kov\u00e1szna, 1898., \u2020 ? : \u00fcgyv\u00e9d. \u2013 A sepsiszentgy\u00f6rgyi ref. koll.-ban \u00e9retts\u00e9gizett, egyetemet Kv.-on v\u00e9gzett. Mint egyetemi hallgat\u00f3 az Erd\u00e9lyi Hadi\u00e1rv\u00e1k \u00e9s Hadirokkantak Egyes\u00fclet\u00e9nek titk\u00e1ra volt. \u00dcgyv\u00e9d Temesv\u00e1ron (1928), ut\u00f3bb Szelisty\u00e9n gyakorl\u00f3 \u00fcgyv\u00e9d (1929\u201330). Dics\u0151szentm\u00e1rtonban gyakorolta hivat\u00e1s\u00e1t (1930\u2013), ahol a jog\u00e1sz t\u00e1rsadalom \u00e9rt\u00e9kes tagja, a t\u00e1rsadalmi \u00e9let egyik k\u00f6zismert szerepl\u0151je volr. <br \/><strong>Irod.:<\/strong> Ki kicsoda?<\/br><\/p>\n","protected":false},"excerpt":{"rendered":"<p>Kov\u00e1szna, 1898., \u2020 ? : \u00fcgyv\u00e9d. \u2013 A sepsiszentgy\u00f6rgyi ref. koll.-ban \u00e9retts\u00e9gizett, egyetemet Kv.-on v\u00e9gzett. Mint egyetemi hallgat\u00f3 az Erd\u00e9lyi Hadi\u00e1rv\u00e1k \u00e9s Hadirokkantak Egyes\u00fclet\u00e9nek titk\u00e1ra volt. \u00dcgyv\u00e9d Temesv\u00e1ron (1928), ut\u00f3bb Szelisty\u00e9n gyakorl\u00f3 \u00fcgyv\u00e9d (1929\u201330). Dics\u0151szentm\u00e1rtonban gyakorolta hivat\u00e1s\u00e1t (1930\u2013), ahol a jog\u00e1sz t\u00e1rsadalom \u00e9rt\u00e9kes tagja, a t\u00e1rsadalmi \u00e9let egyik k\u00f6zismert szerepl\u0151je volr. Irod.: Ki kicsoda?<\/p>\n","protected":false},"featured_media":0,"comment_status":"open","ping_status":"closed","template":"","meta":[],"product_brand":[],"product_cat":[137],"product_tag":[],"class_list":{"0":"post-14125","1":"product","2":"type-product","3":"status-publish","5":"product_cat-maros-megyei-eletrajzi-lexikon","7":"first","8":"instock","9":"shipping-taxable","10":"product-type-simple"},"_links":{"self":[{"href":"https:\/\/uj.adatbank.ro\/lexikon\/wp-json\/wp\/v2\/product\/14125","targetHints":{"allow":["GET"]}}],"collection":[{"href":"https:\/\/uj.adatbank.ro\/lexikon\/wp-json\/wp\/v2\/product"}],"about":[{"href":"https:\/\/uj.adatbank.ro\/lexikon\/wp-json\/wp\/v2\/types\/product"}],"replies":[{"embeddable":true,"href":"https:\/\/uj.adatbank.ro\/lexikon\/wp-json\/wp\/v2\/comments?post=14125"}],"wp:attachment":[{"href":"https:\/\/uj.adatbank.ro\/lexikon\/wp-json\/wp\/v2\/media?parent=14125"}],"wp:term":[{"taxonomy":"product_brand","embeddable":true,"href":"https:\/\/uj.adatbank.ro\/lexikon\/wp-json\/wp\/v2\/product_brand?post=14125"},{"taxonomy":"product_cat","embeddable":true,"href":"https:\/\/uj.adatbank.ro\/lexikon\/wp-json\/wp\/v2\/product_cat?post=14125"},{"taxonomy":"product_tag","embeddable":true,"href":"https:\/\/uj.adatbank.ro\/lexikon\/wp-json\/wp\/v2\/product_tag?post=14125"}],"curies":[{"name":"wp","href":"https:\/\/api.w.org\/{rel}","templated":true}]}}

LUCAY Béla

<p>Kovászna, 1898., † ? : ügyvéd. – A sepsiszentgyörgyi ref. koll.-ban érettségizett, egyetemet Kv.-on végzett. Mint egyetemi hallgató az Erdélyi Hadiárvák és Hadirokkantak Egyesületének titkára volt. Ügyvéd Temesváron (1928), utóbb Szelistyén gyakorló ügyvéd (1929–30). Dicsőszentmártonban gyakorolta hivatását (1930–), ahol a jogász társadalom értékes tagja, a társadalmi élet egyik közismert szereplője volr. <br /><strong>Irod.:</strong> Ki kicsoda?</br></p>

<p>Kovászna, 1898., † ? : ügyvéd. – A sepsiszentgyörgyi ref. koll.-ban érettségizett, egyetemet Kv.-on végzett. Mint egyetemi hallgató az Erdélyi Hadiárvák és Hadirokkantak Egyesületének titkára volt. Ügyvéd Temesváron (1928), utóbb Szelistyén gyakorló ügyvéd (1929–30). Dicsőszentmártonban gyakorolta hivatását (1930–), ahol a jogász társadalom értékes tagja, a társadalmi élet egyik közismert szereplője volr. Irod.: Ki kicsoda?</p>
