{"id":14134,"date":"2025-07-15T12:51:44","date_gmt":"2025-07-15T10:51:44","guid":{"rendered":"https:\/\/uj.adatbank.ro\/lexikon\/termek\/luka-bela\/"},"modified":"2025-07-15T12:51:44","modified_gmt":"2025-07-15T10:51:44","slug":"luka-bela","status":"publish","type":"product","link":"https:\/\/uj.adatbank.ro\/lexikon\/termek\/luka-bela\/","title":{"rendered":"LUKA B\u00e9la"},"content":{"rendered":"<p>Mv., 1885.,\u00a0\u2020\u00a0?: f\u00e9nyk\u00e9p\u00e9sz. \u2013 Iskol\u00e1i elv\u00e9gz\u00e9se ut\u00e1n a f\u00e9nyk\u00e9p\u00e9szetet tanulta \u00e9s t\u00f6bb nagyobb v\u00e1rosban fejlesztette szaktud\u00e1s\u00e1t: Debrecen, Miskolc, Kv., Bp., Nagyv\u00e1rad, Szeged. Az els\u0151 vh.-ban a 22. gy. ezredben az orosz fronton harcolt, mint \u0151rvezet\u0151 szerelt le. \u00d6n\u00e1ll\u00f3 Mv.-en (1924\u2013). L. B. \u00e9s Both M\u00e1ria st\u00fadi\u00f3ja n\u00e9ven f\u00e9nyk\u00e9p\u00e9sz m\u0171helye volt a F\u0151t\u00e9r 59. sz. alatt, majd uo. t\u0171zeset ut\u00e1n egyed\u00fcl alap\u00edtott m\u0171termet (1929). A MP int\u00e9z\u0151bizotts\u00e1g\u00e1nak tagja volt. K\u00e9peslapokon is jelentek meg felv\u00e9telei (1943\u201344 k.). <br \/><strong>Irod.:<\/strong> Csepreghy 2010; Sz\u00e9kelyf\u00f6ld \u00ed.k.; T\u00f6r\u00f6k G\u00e1sp\u00e1r: Visszapillant\u00e1s a fot\u00f3m\u0171v\u00e9szet v\u00e1s\u00e1rhelyi el\u0151zm\u00e9nyeire (N\u00fa., M\u00fazsa, 302. sz., 1997. j\u00fal. 11.); [H\u00edr](Sz\u00e9kely Napl\u00f3, 1929. j\u00fan. 14.)<\/br><\/p>\n","protected":false},"excerpt":{"rendered":"<p>Mv., 1885.,\u00a0\u2020\u00a0?: f\u00e9nyk\u00e9p\u00e9sz. \u2013 Iskol\u00e1i elv\u00e9gz\u00e9se ut\u00e1n a f\u00e9nyk\u00e9p\u00e9szetet tanulta \u00e9s t\u00f6bb nagyobb v\u00e1rosban fejlesztette szaktud\u00e1s\u00e1t: Debrecen, Miskolc, Kv., Bp., Nagyv\u00e1rad, Szeged. Az els\u0151 vh.-ban a 22. gy. ezredben az orosz fronton harcolt, mint \u0151rvezet\u0151 szerelt le. \u00d6n\u00e1ll\u00f3 Mv.-en (1924\u2013). L. B. \u00e9s Both M\u00e1ria st\u00fadi\u00f3ja n\u00e9ven f\u00e9nyk\u00e9p\u00e9sz m\u0171helye volt a F\u0151t\u00e9r 59. sz. alatt, [&hellip;]<\/p>\n","protected":false},"featured_media":0,"comment_status":"open","ping_status":"closed","template":"","meta":[],"product_brand":[],"product_cat":[137],"product_tag":[],"class_list":{"0":"post-14134","1":"product","2":"type-product","3":"status-publish","5":"product_cat-maros-megyei-eletrajzi-lexikon","7":"first","8":"instock","9":"shipping-taxable","10":"product-type-simple"},"_links":{"self":[{"href":"https:\/\/uj.adatbank.ro\/lexikon\/wp-json\/wp\/v2\/product\/14134","targetHints":{"allow":["GET"]}}],"collection":[{"href":"https:\/\/uj.adatbank.ro\/lexikon\/wp-json\/wp\/v2\/product"}],"about":[{"href":"https:\/\/uj.adatbank.ro\/lexikon\/wp-json\/wp\/v2\/types\/product"}],"replies":[{"embeddable":true,"href":"https:\/\/uj.adatbank.ro\/lexikon\/wp-json\/wp\/v2\/comments?post=14134"}],"wp:attachment":[{"href":"https:\/\/uj.adatbank.ro\/lexikon\/wp-json\/wp\/v2\/media?parent=14134"}],"wp:term":[{"taxonomy":"product_brand","embeddable":true,"href":"https:\/\/uj.adatbank.ro\/lexikon\/wp-json\/wp\/v2\/product_brand?post=14134"},{"taxonomy":"product_cat","embeddable":true,"href":"https:\/\/uj.adatbank.ro\/lexikon\/wp-json\/wp\/v2\/product_cat?post=14134"},{"taxonomy":"product_tag","embeddable":true,"href":"https:\/\/uj.adatbank.ro\/lexikon\/wp-json\/wp\/v2\/product_tag?post=14134"}],"curies":[{"name":"wp","href":"https:\/\/api.w.org\/{rel}","templated":true}]}}