{"id":14135,"date":"2025-07-15T12:51:45","date_gmt":"2025-07-15T10:51:45","guid":{"rendered":"https:\/\/uj.adatbank.ro\/lexikon\/termek\/luka-laszlo\/"},"modified":"2025-07-15T12:51:45","modified_gmt":"2025-07-15T10:51:45","slug":"luka-laszlo","status":"publish","type":"product","link":"https:\/\/uj.adatbank.ro\/lexikon\/termek\/luka-laszlo\/","title":{"rendered":"LUKA L\u00e1szl\u00f3"},"content":{"rendered":"<p>1898 \u2020Nagyenyed, 1963\u00a0: politikus.\u2013 A k\u00e9t vil\u00e1gh\u00e1bor\u00fa k\u00f6z\u00f6tt az illegalista kommunista mozgalom tagja. Moszkv\u00e1ban dolgozott 1940\u20131944. mint a magyar \u00fcgyek referense. Visszat\u00e9rt \u00e9s p\u00e9nz\u00fcgyminiszter (1948\u201352). A RKP Kozponti Bizotts\u00e1g\u00e1nak tagja. Koholt v\u00e9dak alapj\u00e1n letart\u00f3ztatt\u00e1k (1952), \u00e9letlefogytiglani bort\u0151nb\u0171ntet\u00e9sre it\u00e9lt\u00e9k. A nagyenyedi b\u00f6rt\u00f6nben halt meg (1963)&#8230; <br \/><strong>Irod.:<\/strong> Sz\u00e9kelys\u00e9g t\u00f6rt.<\/br><\/p>\n","protected":false},"excerpt":{"rendered":"<p>1898 \u2020Nagyenyed, 1963\u00a0: politikus.\u2013 A k\u00e9t vil\u00e1gh\u00e1bor\u00fa k\u00f6z\u00f6tt az illegalista kommunista mozgalom tagja. Moszkv\u00e1ban dolgozott 1940\u20131944. mint a magyar \u00fcgyek referense. Visszat\u00e9rt \u00e9s p\u00e9nz\u00fcgyminiszter (1948\u201352). A RKP Kozponti Bizotts\u00e1g\u00e1nak tagja. Koholt v\u00e9dak alapj\u00e1n letart\u00f3ztatt\u00e1k (1952), \u00e9letlefogytiglani bort\u0151nb\u0171ntet\u00e9sre it\u00e9lt\u00e9k. A nagyenyedi b\u00f6rt\u00f6nben halt meg (1963)&#8230; Irod.: Sz\u00e9kelys\u00e9g t\u00f6rt.<\/p>\n","protected":false},"featured_media":0,"comment_status":"open","ping_status":"closed","template":"","meta":[],"product_brand":[],"product_cat":[137],"product_tag":[],"class_list":{"0":"post-14135","1":"product","2":"type-product","3":"status-publish","5":"product_cat-maros-megyei-eletrajzi-lexikon","7":"first","8":"instock","9":"shipping-taxable","10":"product-type-simple"},"_links":{"self":[{"href":"https:\/\/uj.adatbank.ro\/lexikon\/wp-json\/wp\/v2\/product\/14135","targetHints":{"allow":["GET"]}}],"collection":[{"href":"https:\/\/uj.adatbank.ro\/lexikon\/wp-json\/wp\/v2\/product"}],"about":[{"href":"https:\/\/uj.adatbank.ro\/lexikon\/wp-json\/wp\/v2\/types\/product"}],"replies":[{"embeddable":true,"href":"https:\/\/uj.adatbank.ro\/lexikon\/wp-json\/wp\/v2\/comments?post=14135"}],"wp:attachment":[{"href":"https:\/\/uj.adatbank.ro\/lexikon\/wp-json\/wp\/v2\/media?parent=14135"}],"wp:term":[{"taxonomy":"product_brand","embeddable":true,"href":"https:\/\/uj.adatbank.ro\/lexikon\/wp-json\/wp\/v2\/product_brand?post=14135"},{"taxonomy":"product_cat","embeddable":true,"href":"https:\/\/uj.adatbank.ro\/lexikon\/wp-json\/wp\/v2\/product_cat?post=14135"},{"taxonomy":"product_tag","embeddable":true,"href":"https:\/\/uj.adatbank.ro\/lexikon\/wp-json\/wp\/v2\/product_tag?post=14135"}],"curies":[{"name":"wp","href":"https:\/\/api.w.org\/{rel}","templated":true}]}}