{"id":14138,"date":"2025-07-15T12:51:51","date_gmt":"2025-07-15T10:51:51","guid":{"rendered":"https:\/\/uj.adatbank.ro\/lexikon\/termek\/lukacs-abraham\/"},"modified":"2025-07-15T12:51:51","modified_gmt":"2025-07-15T10:51:51","slug":"lukacs-abraham","status":"publish","type":"product","link":"https:\/\/uj.adatbank.ro\/lexikon\/termek\/lukacs-abraham\/","title":{"rendered":"LUK\u00c1CS \u00c1brah\u00e1m"},"content":{"rendered":"<p>? \u2020\u00a0? : Feles\u00e9ge:\u00d6tves Anna (1788.\u2020 Mv.,1848.nov.20.). Gyerekeik: Antal (1807.j\u00fan.30.- ?), Istv\u00e1n (1809.nov.2.\u20131830.dec.28.), M\u00e1ria Katalin (1811.okt.30.- ?), Ferdin\u00e1nd (1820.jan.7.- ?). <br \/><strong>Irod.:<\/strong> Pusk\u00e1s-Sz\u00e1sz \u00c1.R<\/br><\/p>\n","protected":false},"excerpt":{"rendered":"<p>? \u2020\u00a0? : Feles\u00e9ge:\u00d6tves Anna (1788.\u2020 Mv.,1848.nov.20.). Gyerekeik: Antal (1807.j\u00fan.30.- ?), Istv\u00e1n (1809.nov.2.\u20131830.dec.28.), M\u00e1ria Katalin (1811.okt.30.- ?), Ferdin\u00e1nd (1820.jan.7.- ?). Irod.: Pusk\u00e1s-Sz\u00e1sz \u00c1.R<\/p>\n","protected":false},"featured_media":0,"comment_status":"open","ping_status":"closed","template":"","meta":[],"product_brand":[],"product_cat":[137],"product_tag":[],"class_list":{"0":"post-14138","1":"product","2":"type-product","3":"status-publish","5":"product_cat-maros-megyei-eletrajzi-lexikon","7":"first","8":"instock","9":"shipping-taxable","10":"product-type-simple"},"_links":{"self":[{"href":"https:\/\/uj.adatbank.ro\/lexikon\/wp-json\/wp\/v2\/product\/14138","targetHints":{"allow":["GET"]}}],"collection":[{"href":"https:\/\/uj.adatbank.ro\/lexikon\/wp-json\/wp\/v2\/product"}],"about":[{"href":"https:\/\/uj.adatbank.ro\/lexikon\/wp-json\/wp\/v2\/types\/product"}],"replies":[{"embeddable":true,"href":"https:\/\/uj.adatbank.ro\/lexikon\/wp-json\/wp\/v2\/comments?post=14138"}],"wp:attachment":[{"href":"https:\/\/uj.adatbank.ro\/lexikon\/wp-json\/wp\/v2\/media?parent=14138"}],"wp:term":[{"taxonomy":"product_brand","embeddable":true,"href":"https:\/\/uj.adatbank.ro\/lexikon\/wp-json\/wp\/v2\/product_brand?post=14138"},{"taxonomy":"product_cat","embeddable":true,"href":"https:\/\/uj.adatbank.ro\/lexikon\/wp-json\/wp\/v2\/product_cat?post=14138"},{"taxonomy":"product_tag","embeddable":true,"href":"https:\/\/uj.adatbank.ro\/lexikon\/wp-json\/wp\/v2\/product_tag?post=14138"}],"curies":[{"name":"wp","href":"https:\/\/api.w.org\/{rel}","templated":true}]}}