{"id":14149,"date":"2025-07-15T12:52:13","date_gmt":"2025-07-15T10:52:13","guid":{"rendered":"https:\/\/uj.adatbank.ro\/lexikon\/termek\/lukacs-janos\/"},"modified":"2025-07-15T12:52:13","modified_gmt":"2025-07-15T10:52:13","slug":"lukacs-janos","status":"publish","type":"product","link":"https:\/\/uj.adatbank.ro\/lexikon\/termek\/lukacs-janos\/","title":{"rendered":"LUK\u00c1CS J\u00e1nos"},"content":{"rendered":"<p>Ditr\u00f3, ?, \u2020\u00a01800. m\u00e1rc. 2.: r. k. pap. \u2013 Sz\u00e9kelyudvarhelyen, Kv.-on, Nagyszombaton tanult. Pl\u00e9b\u00e1nos Szenth\u00e1roms\u00e1gon (1753), tan\u00e1r \u00e9s kanonok Gyulafeh\u00e9rv\u00e1ron (1754). pl\u00e9b\u00e1nos Kv.-on (1764\u2013), Cs\u00edknagyboldogasszony (1770), Szov\u00e1t\u00e1n (1773\u201378), Gyulafeh\u00e9rv\u00e1ron a teol\u00f3giai int\u00e9zet rektora (1778\u201380). <br \/><strong>Irod.:<\/strong> Ferenczi S\u00e1ndor 2009<\/br><\/p>\n","protected":false},"excerpt":{"rendered":"<p>Ditr\u00f3, ?, \u2020\u00a01800. m\u00e1rc. 2.: r. k. pap. \u2013 Sz\u00e9kelyudvarhelyen, Kv.-on, Nagyszombaton tanult. Pl\u00e9b\u00e1nos Szenth\u00e1roms\u00e1gon (1753), tan\u00e1r \u00e9s kanonok Gyulafeh\u00e9rv\u00e1ron (1754). pl\u00e9b\u00e1nos Kv.-on (1764\u2013), Cs\u00edknagyboldogasszony (1770), Szov\u00e1t\u00e1n (1773\u201378), Gyulafeh\u00e9rv\u00e1ron a teol\u00f3giai int\u00e9zet rektora (1778\u201380). Irod.: Ferenczi S\u00e1ndor 2009<\/p>\n","protected":false},"featured_media":0,"comment_status":"open","ping_status":"closed","template":"","meta":[],"product_brand":[],"product_cat":[137],"product_tag":[],"class_list":{"0":"post-14149","1":"product","2":"type-product","3":"status-publish","5":"product_cat-maros-megyei-eletrajzi-lexikon","7":"first","8":"instock","9":"shipping-taxable","10":"product-type-simple"},"_links":{"self":[{"href":"https:\/\/uj.adatbank.ro\/lexikon\/wp-json\/wp\/v2\/product\/14149","targetHints":{"allow":["GET"]}}],"collection":[{"href":"https:\/\/uj.adatbank.ro\/lexikon\/wp-json\/wp\/v2\/product"}],"about":[{"href":"https:\/\/uj.adatbank.ro\/lexikon\/wp-json\/wp\/v2\/types\/product"}],"replies":[{"embeddable":true,"href":"https:\/\/uj.adatbank.ro\/lexikon\/wp-json\/wp\/v2\/comments?post=14149"}],"wp:attachment":[{"href":"https:\/\/uj.adatbank.ro\/lexikon\/wp-json\/wp\/v2\/media?parent=14149"}],"wp:term":[{"taxonomy":"product_brand","embeddable":true,"href":"https:\/\/uj.adatbank.ro\/lexikon\/wp-json\/wp\/v2\/product_brand?post=14149"},{"taxonomy":"product_cat","embeddable":true,"href":"https:\/\/uj.adatbank.ro\/lexikon\/wp-json\/wp\/v2\/product_cat?post=14149"},{"taxonomy":"product_tag","embeddable":true,"href":"https:\/\/uj.adatbank.ro\/lexikon\/wp-json\/wp\/v2\/product_tag?post=14149"}],"curies":[{"name":"wp","href":"https:\/\/api.w.org\/{rel}","templated":true}]}}