{"id":14150,"date":"2025-07-15T12:52:15","date_gmt":"2025-07-15T10:52:15","guid":{"rendered":"https:\/\/uj.adatbank.ro\/lexikon\/termek\/lukacs-janos-%c2%a7\/"},"modified":"2025-07-15T12:52:15","modified_gmt":"2025-07-15T10:52:15","slug":"lukacs-janos-%c2%a7","status":"publish","type":"product","link":"https:\/\/uj.adatbank.ro\/lexikon\/termek\/lukacs-janos-%c2%a7\/","title":{"rendered":"LUK\u00c1CS J\u00e1nos, \u00a7"},"content":{"rendered":"<p>Petrilla, 1931. febr. 5., \u2020 Mv., 2000. jan. 2. : \u00fajs\u00e1g\u00edr\u00f3, r\u00e1di\u00f3szerkeszt\u0151. \u2013 Az egyetemet Kv.-on a BTE M. Nyelv \u00e9s Irodalom szak\u00e1n v\u00e9gezte (1956). A buk.-i r\u00e1di\u00f3 m. ad\u00e1s\u00e1nak szerk.-je (1956\u201357); a kv.-i Ter\u00fcleti R\u00e1di\u00f3 munkat\u00e1rsa (1957\u201358); a mv.-i R\u00e1di\u00f3st\u00fadi\u00f3 alap\u00edt\u00f3 tagja, f\u0151munkat\u00e1rsa: az irodalmi \u00e9s m\u0171v\u00e9szeti valamint a k\u00f6zm\u0171vel\u0151d\u00e9si oszt\u00e1ly vezet\u0151je, majd a t\u00e1rsad.-nevel\u00e9si-ifj\u00fas\u00e1gi- \u00e9s gyermek- valamint a sz\u00f3rakoztat\u00f3 m\u0171sorok oszt\u00e1lyvezet\u0151je (1958\u201385).Rovatai: Falur\u00f3l falura, Folkl\u00f3ralbum, T\u00e1jak \u00e9s emberek (Vajna J\u00e1nossal). <br \/><strong>Irod.:<\/strong> Csif\u00f3; Negyven\u00e9ves a Mv.-i R\u00e1di\u00f3: Arcok a mikrofon m\u00f6g\u00fcl (N\u00fa., 1998. febr. 25.); RMKK,; Sz\u00f3l a r\u00e1di\u00f3<\/br><\/p>\n","protected":false},"excerpt":{"rendered":"<p>Petrilla, 1931. febr. 5., \u2020 Mv., 2000. jan. 2. : \u00fajs\u00e1g\u00edr\u00f3, r\u00e1di\u00f3szerkeszt\u0151. \u2013 Az egyetemet Kv.-on a BTE M. Nyelv \u00e9s Irodalom szak\u00e1n v\u00e9gezte (1956). A buk.-i r\u00e1di\u00f3 m. ad\u00e1s\u00e1nak szerk.-je (1956\u201357); a kv.-i Ter\u00fcleti R\u00e1di\u00f3 munkat\u00e1rsa (1957\u201358); a mv.-i R\u00e1di\u00f3st\u00fadi\u00f3 alap\u00edt\u00f3 tagja, f\u0151munkat\u00e1rsa: az irodalmi \u00e9s m\u0171v\u00e9szeti valamint a k\u00f6zm\u0171vel\u0151d\u00e9si oszt\u00e1ly vezet\u0151je, majd a [&hellip;]<\/p>\n","protected":false},"featured_media":0,"comment_status":"open","ping_status":"closed","template":"","meta":[],"product_brand":[],"product_cat":[137],"product_tag":[],"class_list":{"0":"post-14150","1":"product","2":"type-product","3":"status-publish","5":"product_cat-maros-megyei-eletrajzi-lexikon","7":"first","8":"instock","9":"shipping-taxable","10":"product-type-simple"},"_links":{"self":[{"href":"https:\/\/uj.adatbank.ro\/lexikon\/wp-json\/wp\/v2\/product\/14150","targetHints":{"allow":["GET"]}}],"collection":[{"href":"https:\/\/uj.adatbank.ro\/lexikon\/wp-json\/wp\/v2\/product"}],"about":[{"href":"https:\/\/uj.adatbank.ro\/lexikon\/wp-json\/wp\/v2\/types\/product"}],"replies":[{"embeddable":true,"href":"https:\/\/uj.adatbank.ro\/lexikon\/wp-json\/wp\/v2\/comments?post=14150"}],"wp:attachment":[{"href":"https:\/\/uj.adatbank.ro\/lexikon\/wp-json\/wp\/v2\/media?parent=14150"}],"wp:term":[{"taxonomy":"product_brand","embeddable":true,"href":"https:\/\/uj.adatbank.ro\/lexikon\/wp-json\/wp\/v2\/product_brand?post=14150"},{"taxonomy":"product_cat","embeddable":true,"href":"https:\/\/uj.adatbank.ro\/lexikon\/wp-json\/wp\/v2\/product_cat?post=14150"},{"taxonomy":"product_tag","embeddable":true,"href":"https:\/\/uj.adatbank.ro\/lexikon\/wp-json\/wp\/v2\/product_tag?post=14150"}],"curies":[{"name":"wp","href":"https:\/\/api.w.org\/{rel}","templated":true}]}}

LUKÁCS János, §

<p>Petrilla, 1931. febr. 5., † Mv., 2000. jan. 2. : újságíró, rádiószerkesztő. – Az egyetemet Kv.-on a BTE M. Nyelv és Irodalom szakán végezte (1956). A buk.-i rádió m. adásának szerk.-je (1956–57); a kv.-i Területi Rádió munkatársa (1957–58); a mv.-i Rádióstúdió alapító tagja, főmunkatársa: az irodalmi és művészeti valamint a közművelődési osztály vezetője, majd a társad.-nevelési-ifjúsági- és gyermek- valamint a szórakoztató műsorok osztályvezetője (1958–85).Rovatai: Faluról falura, Folklóralbum, Tájak és emberek (Vajna Jánossal). <br /><strong>Irod.:</strong> Csifó; Negyvenéves a Mv.-i Rádió: Arcok a mikrofon mögül (Nú., 1998. febr. 25.); RMKK,; Szól a rádió</br></p>

<p>Petrilla, 1931. febr. 5., † Mv., 2000. jan. 2. : újságíró, rádiószerkesztő. – Az egyetemet Kv.-on a BTE M. Nyelv és Irodalom szakán végezte (1956). A buk.-i rádió m. adásának szerk.-je (1956–57); a kv.-i Területi Rádió munkatársa (1957–58); a mv.-i Rádióstúdió alapító tagja, főmunkatársa: az irodalmi és művészeti valamint a közművelődési osztály vezetője, majd a [&hellip;]</p>
